178.230.28.32 - - [24/Mar/2026:02:14:10 +0530] "GET /assets/js/jquery.magnific-popup.min.js HTTP/2.0" 200 7346 "https://www.pathoworld.in/" "Mozilla/5.0 (iPhone; CPU iPhone OS 18_4_1 like Mac OS X) AppleWebKit/605.1.15 (KHTML, like Gecko) Version/18.4 Mobile/15E148 Safari/604.1"
178.230.28.32 - - [24/Mar/2026:02:14:10 +0530] "GET /assets/js/progressbar.min.js HTTP/2.0" 200 504 "https://www.pathoworld.in/" "Mozilla/5.0 (iPhone; CPU iPhone OS 18_4_1 like Mac OS X) AppleWebKit/605.1.15 (KHTML, like Gecko) Version/18.4 Mobile/15E148 Safari/604.1"
178.230.28.32 - - [24/Mar/2026:02:14:10 +0530] "GET /assets/css/style.css HTTP/2.0" 200 18238 "https://www.pathoworld.in/" "Mozilla/5.0 (iPhone; CPU iPhone OS 18_4_1 like Mac OS X) AppleWebKit/605.1.15 (KHTML, like Gecko) Version/18.4 Mobile/15E148 Safari/604.1"
178.230.28.32 - - [24/Mar/2026:02:14:10 +0530] "GET /assets/js/jquery.min.js HTTP/2.0" 200 30900 "https://www.pathoworld.in/" "Mozilla/5.0 (iPhone; CPU iPhone OS 18_4_1 like Mac OS X) AppleWebKit/605.1.15 (KHTML, like Gecko) Version/18.4 Mobile/15E148 Safari/604.1"
178.230.28.32 - - [24/Mar/2026:02:14:10 +0530] "GET /assets/js/odometer.min.js HTTP/2.0" 200 3631 "https://www.pathoworld.in/" "Mozilla/5.0 (iPhone; CPU iPhone OS 18_4_1 like Mac OS X) AppleWebKit/605.1.15 (KHTML, like Gecko) Version/18.4 Mobile/15E148 Safari/604.1"
178.230.28.32 - - [24/Mar/2026:02:14:10 +0530] "GET /assets/js/parallax.min.js HTTP/2.0" 200 4001 "https://www.pathoworld.in/" "Mozilla/5.0 (iPhone; CPU iPhone OS 18_4_1 like Mac OS X) AppleWebKit/605.1.15 (KHTML, like Gecko) Version/18.4 Mobile/15E148 Safari/604.1"
178.230.28.32 - - [24/Mar/2026:02:14:10 +0530] "GET /assets/js/owl.carousel.min.js HTTP/2.0" 200 11412 "https://www.pathoworld.in/" "Mozilla/5.0 (iPhone; CPU iPhone OS 18_4_1 like Mac OS X) AppleWebKit/605.1.15 (KHTML, like Gecko) Version/18.4 Mobile/15E148 Safari/604.1"
178.230.28.32 - - [24/Mar/2026:02:14:10 +0530] "GET /assets/js/wow.min.js HTTP/2.0" 200 2702 "https://www.pathoworld.in/" "Mozilla/5.0 (iPhone; CPU iPhone OS 18_4_1 like Mac OS X) AppleWebKit/605.1.15 (KHTML, like Gecko) Version/18.4 Mobile/15E148 Safari/604.1"
152.58.3.141 - - [24/Mar/2026:02:14:10 +0530] "GET /assets/css/style.css HTTP/2.0" 200 18238 "https://www.pathoworld.in/" "Mozilla/5.0 (Linux; Android 10; K) AppleWebKit/537.36 (KHTML, like Gecko) Chrome/144.0.0.0 Mobile Safari/537.36"
178.230.28.32 - - [24/Mar/2026:02:14:10 +0530] "GET /assets/js/jquery.ajaxchimp.min.js HTTP/2.0" 200 939 "https://www.pathoworld.in/" "Mozilla/5.0 (iPhone; CPU iPhone OS 18_4_1 like Mac OS X) AppleWebKit/605.1.15 (KHTML, like Gecko) Version/18.4 Mobile/15E148 Safari/604.1"
178.230.28.32 - - [24/Mar/2026:02:14:10 +0530] "GET /assets/js/form-validator.min.js HTTP/2.0" 200 2096 "https://www.pathoworld.in/" "Mozilla/5.0 (iPhone; CPU iPhone OS 18_4_1 like Mac OS X) AppleWebKit/605.1.15 (KHTML, like Gecko) Version/18.4 Mobile/15E148 Safari/604.1"
178.230.28.32 - - [24/Mar/2026:02:14:10 +0530] "GET /assets/js/contact-form-script.js HTTP/2.0" 200 740 "https://www.pathoworld.in/" "Mozilla/5.0 (iPhone; CPU iPhone OS 18_4_1 like Mac OS X) AppleWebKit/605.1.15 (KHTML, like Gecko) Version/18.4 Mobile/15E148 Safari/604.1"
178.230.28.32 - - [24/Mar/2026:02:14:10 +0530] "GET /assets/js/main.js HTTP/2.0" 200 2464 "https://www.pathoworld.in/" "Mozilla/5.0 (iPhone; CPU iPhone OS 18_4_1 like Mac OS X) AppleWebKit/605.1.15 (KHTML, like Gecko) Version/18.4 Mobile/15E148 Safari/604.1"
49.43.42.193 - - [24/Mar/2026:02:14:10 +0530] "GET /assets/css/flaticon.css HTTP/2.0" 200 665 "https://www.pathoworld.in/" "Mozilla/5.0 (Linux; Android 10; K) AppleWebKit/537.36 (KHTML, like Gecko) Chrome/146.0.0.0 Mobile Safari/537.36"
106.215.142.18 - - [24/Mar/2026:02:14:10 +0530] "GET /assets/css/responsive.css HTTP/2.0" 200 5713 "https://www.pathoworld.in/" "Mozilla/5.0 (Linux; Android 10; K) AppleWebKit/537.36 (KHTML, like Gecko) Chrome/146.0.0.0 Mobile Safari/537.36"
103.100.7.140 - - [24/Mar/2026:02:14:10 +0530] "GET /assets/img/shape-image/8.png HTTP/2.0" 200 8181 "https://www.pathoworld.in/" "Mozilla/5.0 (Linux; Android 10; K) AppleWebKit/537.36 (KHTML, like Gecko) Chrome/146.0.0.0 Mobile Safari/537.36"
47.31.93.150 - - [24/Mar/2026:02:14:10 +0530] "GET /assets/js/jquery.magnific-popup.min.js HTTP/2.0" 200 7346 "https://www.pathoworld.in/" "Mozilla/5.0 (Linux; Android 10; K) AppleWebKit/537.36 (KHTML, like Gecko) Chrome/145.0.0.0 Mobile Safari/537.36"
47.31.93.150 - - [24/Mar/2026:02:14:10 +0530] "GET /assets/js/parallax.min.js HTTP/2.0" 200 4001 "https://www.pathoworld.in/" "Mozilla/5.0 (Linux; Android 10; K) AppleWebKit/537.36 (KHTML, like Gecko) Chrome/145.0.0.0 Mobile Safari/537.36"
47.31.93.150 - - [24/Mar/2026:02:14:10 +0530] "GET /assets/js/owl.carousel.min.js HTTP/2.0" 200 11412 "https://www.pathoworld.in/" "Mozilla/5.0 (Linux; Android 10; K) AppleWebKit/537.36 (KHTML, like Gecko) Chrome/145.0.0.0 Mobile Safari/537.36"
106.205.164.27 - - [24/Mar/2026:02:14:00 +0530] "GET / HTTP/2.0" 200 - "https://luluvdo.com/" "Mozilla/5.0 (Linux; Android 10; K) AppleWebKit/537.36 (KHTML, like Gecko) SamsungBrowser/28.0 Chrome/130.0.0.0 Mobile Safari/537.36"
152.58.3.141 - - [24/Mar/2026:02:14:10 +0530] "GET /assets/css/responsive.css HTTP/2.0" 200 5713 "https://www.pathoworld.in/" "Mozilla/5.0 (Linux; Android 10; K) AppleWebKit/537.36 (KHTML, like Gecko) Chrome/144.0.0.0 Mobile Safari/537.36"
49.43.42.193 - - [24/Mar/2026:02:14:10 +0530] "GET /assets/css/magnific-popup.min.css HTTP/2.0" 200 1566 "https://www.pathoworld.in/" "Mozilla/5.0 (Linux; Android 10; K) AppleWebKit/537.36 (KHTML, like Gecko) Chrome/146.0.0.0 Mobile Safari/537.36"
223.184.201.126 - - [24/Mar/2026:02:14:10 +0530] "GET /assets/img/shape-image/2.png HTTP/2.0" 200 8055 "https://www.pathoworld.in/" "Mozilla/5.0 (Linux; Android 10; K) AppleWebKit/537.36 (KHTML, like Gecko) Chrome/145.0.0.0 Mobile Safari/537.36"
103.100.7.140 - - [24/Mar/2026:02:14:10 +0530] "GET /admin/icon/elderwomanhealthcheckup.png HTTP/2.0" 200 43513 "https://www.pathoworld.in/" "Mozilla/5.0 (Linux; Android 10; K) AppleWebKit/537.36 (KHTML, like Gecko) Chrome/146.0.0.0 Mobile Safari/537.36"
103.100.7.140 - - [24/Mar/2026:02:14:10 +0530] "GET /assets/img/worldhealth.png HTTP/2.0" 200 6557 "https://www.pathoworld.in/" "Mozilla/5.0 (Linux; Android 10; K) AppleWebKit/537.36 (KHTML, like Gecko) Chrome/146.0.0.0 Mobile Safari/537.36"
89.167.78.70 - - [24/Mar/2026:02:14:10 +0530] "GET / HTTP/1.1" 508 288 "https://29571644-36729-36574.squitoiages.com/" "Mozilla/5.0 (Linux; Android 14; Redmi 12C Build/UP1A.231005.007) AppleWebKit/537.36 (KHTML, like Gecko) Chrome/135.0.7049.79 Mobile Safari/537.36 XiaoMi/MiuiBrowser/14.50.1-gn"
223.184.201.126 - - [24/Mar/2026:02:14:10 +0530] "GET /assets/img/shape-image/3.png HTTP/2.0" 200 4473 "https://www.pathoworld.in/" "Mozilla/5.0 (Linux; Android 10; K) AppleWebKit/537.36 (KHTML, like Gecko) Chrome/145.0.0.0 Mobile Safari/537.36"
185.177.229.174 - - [24/Mar/2026:02:14:10 +0530] "GET /assets/css/bootstrap.min.css HTTP/2.0" 200 22910 "https://www.pathoworld.in/" "Mozilla/5.0 (Linux; Android 10; K) AppleWebKit/537.36 (KHTML, like Gecko) Chrome/131.0.0.0 Mobile Safari/537.36"
223.184.201.126 - - [24/Mar/2026:02:14:10 +0530] "GET /assets/img/shape-image/4.png HTTP/2.0" 200 4607 "https://www.pathoworld.in/" "Mozilla/5.0 (Linux; Android 10; K) AppleWebKit/537.36 (KHTML, like Gecko) Chrome/145.0.0.0 Mobile Safari/537.36"
103.58.155.81 - - [24/Mar/2026:02:14:10 +0530] "GET /assets/img/imaging-pathoworld.png HTTP/2.0" 200 97252 "https://www.pathoworld.in/" "Mozilla/5.0 (Linux; Android 10; K) AppleWebKit/537.36 (KHTML, like Gecko) Chrome/146.0.0.0 Mobile Safari/537.36"
85.106.203.246 - - [24/Mar/2026:02:14:10 +0530] "GET /assets/js/owl.carousel.min.js HTTP/2.0" 200 11412 "https://www.pathoworld.in/" "Mozilla/5.0 (Linux; Android 10; K) AppleWebKit/537.36 (KHTML, like Gecko) Chrome/146.0.0.0 Mobile Safari/537.36"
49.43.42.193 - - [24/Mar/2026:02:14:10 +0530] "GET /assets/css/odometer.min.css HTTP/2.0" 200 515 "https://www.pathoworld.in/" "Mozilla/5.0 (Linux; Android 10; K) AppleWebKit/537.36 (KHTML, like Gecko) Chrome/146.0.0.0 Mobile Safari/537.36"
103.100.7.140 - - [24/Mar/2026:02:14:10 +0530] "GET /assets/img/icons/discount.png HTTP/2.0" 200 62356 "https://www.pathoworld.in/" "Mozilla/5.0 (Linux; Android 10; K) AppleWebKit/537.36 (KHTML, like Gecko) Chrome/146.0.0.0 Mobile Safari/537.36"
85.106.203.246 - - [24/Mar/2026:02:14:10 +0530] "GET /assets/js/progressbar.min.js HTTP/2.0" 200 504 "https://www.pathoworld.in/" "Mozilla/5.0 (Linux; Android 10; K) AppleWebKit/537.36 (KHTML, like Gecko) Chrome/146.0.0.0 Mobile Safari/537.36"
103.100.7.140 - - [24/Mar/2026:02:14:10 +0530] "GET /assets/img/icons/blood.png HTTP/2.0" 200 10471 "https://www.pathoworld.in/" "Mozilla/5.0 (Linux; Android 10; K) AppleWebKit/537.36 (KHTML, like Gecko) Chrome/146.0.0.0 Mobile Safari/537.36"
176.115.53.124 - - [24/Mar/2026:02:14:10 +0530] "GET /favicon.ico HTTP/2.0" 508 288 "https://www.pathoworld.in/" "Mozilla/5.0 (Windows NT 10.0; Win64; x64) AppleWebKit/537.36 (KHTML, like Gecko) Chrome/146.0.0.0 Safari/537.36"
81.214.83.26 - - [24/Mar/2026:02:14:10 +0530] "GET /assets/js/owl.carousel.min.js HTTP/2.0" 200 11412 "https://www.pathoworld.in/" "Mozilla/5.0 (iPhone; CPU iPhone OS 15_8_7 like Mac OS X) AppleWebKit/605.1.15 (KHTML, like Gecko) Version/15.6.8 Mobile/15E148 Safari/604.1"
81.214.83.26 - - [24/Mar/2026:02:14:10 +0530] "GET /assets/js/main.js HTTP/2.0" 200 2464 "https://www.pathoworld.in/" "Mozilla/5.0 (iPhone; CPU iPhone OS 15_8_7 like Mac OS X) AppleWebKit/605.1.15 (KHTML, like Gecko) Version/15.6.8 Mobile/15E148 Safari/604.1"
81.214.83.26 - - [24/Mar/2026:02:14:10 +0530] "GET /assets/js/jquery.meanmenu.js HTTP/2.0" 200 1607 "https://www.pathoworld.in/" "Mozilla/5.0 (iPhone; CPU iPhone OS 15_8_7 like Mac OS X) AppleWebKit/605.1.15 (KHTML, like Gecko) Version/15.6.8 Mobile/15E148 Safari/604.1"
47.31.93.150 - - [24/Mar/2026:02:14:10 +0530] "GET /assets/js/progressbar.min.js HTTP/2.0" 200 504 "https://www.pathoworld.in/" "Mozilla/5.0 (Linux; Android 10; K) AppleWebKit/537.36 (KHTML, like Gecko) Chrome/145.0.0.0 Mobile Safari/537.36"
47.31.93.150 - - [24/Mar/2026:02:14:10 +0530] "GET /assets/js/wow.min.js HTTP/2.0" 200 2702 "https://www.pathoworld.in/" "Mozilla/5.0 (Linux; Android 10; K) AppleWebKit/537.36 (KHTML, like Gecko) Chrome/145.0.0.0 Mobile Safari/537.36"
81.214.83.26 - - [24/Mar/2026:02:14:10 +0530] "GET /assets/css/style.css HTTP/2.0" 200 18238 "https://www.pathoworld.in/" "Mozilla/5.0 (iPhone; CPU iPhone OS 15_8_7 like Mac OS X) AppleWebKit/605.1.15 (KHTML, like Gecko) Version/15.6.8 Mobile/15E148 Safari/604.1"
81.214.83.26 - - [24/Mar/2026:02:14:10 +0530] "GET /assets/js/bootstrap.min.js HTTP/2.0" 200 15918 "https://www.pathoworld.in/" "Mozilla/5.0 (iPhone; CPU iPhone OS 15_8_7 like Mac OS X) AppleWebKit/605.1.15 (KHTML, like Gecko) Version/15.6.8 Mobile/15E148 Safari/604.1"
81.214.83.26 - - [24/Mar/2026:02:14:10 +0530] "GET /assets/js/progressbar.min.js HTTP/2.0" 200 504 "https://www.pathoworld.in/" "Mozilla/5.0 (iPhone; CPU iPhone OS 15_8_7 like Mac OS X) AppleWebKit/605.1.15 (KHTML, like Gecko) Version/15.6.8 Mobile/15E148 Safari/604.1"
106.215.142.18 - - [24/Mar/2026:02:14:10 +0530] "GET /assets/img/logo.png HTTP/2.0" 200 204319 "https://www.pathoworld.in/" "Mozilla/5.0 (Linux; Android 10; K) AppleWebKit/537.36 (KHTML, like Gecko) Chrome/146.0.0.0 Mobile Safari/537.36"
106.215.142.18 - - [24/Mar/2026:02:14:10 +0530] "GET /assets/cart-icon.png HTTP/2.0" 200 2855 "https://www.pathoworld.in/" "Mozilla/5.0 (Linux; Android 10; K) AppleWebKit/537.36 (KHTML, like Gecko) Chrome/146.0.0.0 Mobile Safari/537.36"
223.184.201.126 - - [24/Mar/2026:02:14:10 +0530] "GET /assets/img/shape-image/5.png HTTP/2.0" 200 3980 "https://www.pathoworld.in/" "Mozilla/5.0 (Linux; Android 10; K) AppleWebKit/537.36 (KHTML, like Gecko) Chrome/145.0.0.0 Mobile Safari/537.36"
85.106.203.246 - - [24/Mar/2026:02:14:10 +0530] "GET /assets/js/wow.min.js HTTP/2.0" 200 2702 "https://www.pathoworld.in/" "Mozilla/5.0 (Linux; Android 10; K) AppleWebKit/537.36 (KHTML, like Gecko) Chrome/146.0.0.0 Mobile Safari/537.36"
49.43.42.193 - - [24/Mar/2026:02:14:10 +0530] "GET /assets/css/meanmenu.css HTTP/2.0" 200 986 "https://www.pathoworld.in/" "Mozilla/5.0 (Linux; Android 10; K) AppleWebKit/537.36 (KHTML, like Gecko) Chrome/146.0.0.0 Mobile Safari/537.36"
103.100.7.140 - - [24/Mar/2026:02:14:10 +0530] "GET /assets/img/icons/mobile.png HTTP/2.0" 200 43677 "https://www.pathoworld.in/" "Mozilla/5.0 (Linux; Android 10; K) AppleWebKit/537.36 (KHTML, like Gecko) Chrome/146.0.0.0 Mobile Safari/537.36"
103.100.7.140 - - [24/Mar/2026:02:14:10 +0530] "GET /assets/img/icons/graph.png HTTP/2.0" 200 29886 "https://www.pathoworld.in/" "Mozilla/5.0 (Linux; Android 10; K) AppleWebKit/537.36 (KHTML, like Gecko) Chrome/146.0.0.0 Mobile Safari/537.36"
95.5.117.119 - - [24/Mar/2026:02:14:10 +0530] "GET /favicon.ico HTTP/2.0" 508 288 "https://www.pathoworld.in/" "Mozilla/5.0 (Linux; Android 10; K) AppleWebKit/537.36 (KHTML, like Gecko) Chrome/146.0.0.0 Mobile Safari/537.36"
223.184.201.126 - - [24/Mar/2026:02:14:10 +0530] "GET /assets/img/shape-image/7.png HTTP/2.0" 200 4036 "https://www.pathoworld.in/" "Mozilla/5.0 (Linux; Android 10; K) AppleWebKit/537.36 (KHTML, like Gecko) Chrome/145.0.0.0 Mobile Safari/537.36"
223.184.201.126 - - [24/Mar/2026:02:14:10 +0530] "GET /assets/img/shape-image/6.png HTTP/2.0" 200 8105 "https://www.pathoworld.in/" "Mozilla/5.0 (Linux; Android 10; K) AppleWebKit/537.36 (KHTML, like Gecko) Chrome/145.0.0.0 Mobile Safari/537.36"
187.189.242.11 - - [24/Mar/2026:02:14:10 +0530] "GET / HTTP/2.0" 508 288 "https://29571643-33181-36574.squitoiages.com/iSVHDIwzOgrpZtczvQOYbhxKk9RS5tiGZvtUX8icEJ4WPJmdyRW3mYUIPOEFLSjqOq0x0Hw?_=04e1e845-26f9-11f1-9c99-8582958b2e1e&d=BQ5qQHPe65XOrjlJVgkR9TWsElT1E4QM-xA1dnEC6iFUXqYmiur6bNPvbrAmejpLlDhVB3Ffkyz7gjWVt4phTezl7TN059SENK2yrNXYTmRS3YLM9T6HCnUi59Cq3pBV1Fe13drimefkOFaTWyxxjKQ-J9J3kmtifL-yxOlGx_41r6oVU2uh1g3CgK8N5pfjmfXHV3HaBHcSnmZQnsPS1llDwrusHxggnS-FMN0ZmNpYe-Ie3NbO6u-PFw66Pksi6OcJChOY8zaXu1IIIr_V9aB0TXszXDkFvhO11qskyEnk13fynIsyd7w_D7EOj-3jrhSQ6slsDl6pM6CEbF3Df60KGPXwtHyPANBZZGq7JtJMVb47UP8QkxhXLkWik1UkhJE6U2rS0BG7N6xIJJPjRw2iVwCAKLP0-FcPCIJJvpzxOp8y_F8Zzn7mdZvoCHYIS4cSbrBwgutcr9sIexqmMU75faFkxxFV4hxasK0CEgQpvYOvfZIoXdE84F1w6JaACrOBmtkLowVwpZRuzvFFB7fQz6U4MMo6VZSpKUCp10g11iDGCJPaUtu19RK7TiNIKctvl8FSyiWvdNYMGjTnGLygVQhOXKCDZwVKE6sa0dMqMby0lr778EZ3W9Z8JCeszJZDWNmA8QY87f3_1ygcF3Wdf7BKJYSVqcXf-PaLZmNSSRDj6wNAEe9JN-u057xSOLkYbkGFGvf6jmJs90WMprPwoiM3TLcxELNmFj48Pl5AsgC563d8e937JDIg3g9WdBtR5hz6uqH-AcIkYXfmO5DzGWwsR-pVewJIVIybIj9Q0I3CbC1J0dNflT1Z7ytfjPOx4TfU7hEjUDHT56hbqgRdMIaJ2f6uLh1DzAAoQIF2bpSPqYN31adZBxP2rXg3pgp2unQqDvtN28KHukfBBj16DIhT-8lKQKXwm0Rykq42qQbSq0HsKJ-6rzGgeNIxPA7gnmLMK01nwBCJJ2Kgt6MJxYr6XjLgaEukW-kpyOWIJClfyfFjIa7xTPraMPkzdnpN6xSRDOooN0awcj4ZrEuaXv4V_55LKM1yBEMFVHwG-yOi-m9CYY6vp-shGLOGj27eGz78tCuwrrD9uOuFOKmY8BqJ21H1atbuTt42cnDaLorkqjwLYwy3fWB88eJ89QNqbg-QBwxofuMbzpklar03RyJL0H6TI1q33JfmB9AlgYaXX2VBubcTdgiB1A&_bbr=1" "Mozilla/5.0 (iPhone; CPU iPhone OS 18_7 like Mac OS X) AppleWebKit/605.1.15 (KHTML, like Gecko) Version/26.2 Mobile/15E148 Safari/604.1"
103.58.155.81 - - [24/Mar/2026:02:14:10 +0530] "GET /assets/js/jquery.min.js HTTP/2.0" 200 30900 "https://www.pathoworld.in/" "Mozilla/5.0 (Linux; Android 10; K) AppleWebKit/537.36 (KHTML, like Gecko) Chrome/146.0.0.0 Mobile Safari/537.36"
103.100.7.140 - - [24/Mar/2026:02:14:10 +0530] "GET /assets/img/icons/sugar.png HTTP/2.0" 200 14022 "https://www.pathoworld.in/" "Mozilla/5.0 (Linux; Android 10; K) AppleWebKit/537.36 (KHTML, like Gecko) Chrome/146.0.0.0 Mobile Safari/537.36"
49.43.42.193 - - [24/Mar/2026:02:14:10 +0530] "GET /assets/css/owl.carousel.min.css HTTP/2.0" 200 1284 "https://www.pathoworld.in/" "Mozilla/5.0 (Linux; Android 10; K) AppleWebKit/537.36 (KHTML, like Gecko) Chrome/146.0.0.0 Mobile Safari/537.36"
103.100.7.140 - - [24/Mar/2026:02:14:10 +0530] "GET /assets/img/icons/family.png HTTP/2.0" 200 45194 "https://www.pathoworld.in/" "Mozilla/5.0 (Linux; Android 10; K) AppleWebKit/537.36 (KHTML, like Gecko) Chrome/146.0.0.0 Mobile Safari/537.36"
223.184.201.126 - - [24/Mar/2026:02:14:10 +0530] "GET /assets/img/shape-image/8.png HTTP/2.0" 200 8181 "https://www.pathoworld.in/" "Mozilla/5.0 (Linux; Android 10; K) AppleWebKit/537.36 (KHTML, like Gecko) Chrome/145.0.0.0 Mobile Safari/537.36"
103.58.155.81 - - [24/Mar/2026:02:14:10 +0530] "GET /assets/js/popper.min.js HTTP/2.0" 200 6623 "https://www.pathoworld.in/" "Mozilla/5.0 (Linux; Android 10; K) AppleWebKit/537.36 (KHTML, like Gecko) Chrome/146.0.0.0 Mobile Safari/537.36"
103.100.7.140 - - [24/Mar/2026:02:14:10 +0530] "GET /assets/img/shape-image/9.png HTTP/2.0" 200 3623 "https://www.pathoworld.in/" "Mozilla/5.0 (Linux; Android 10; K) AppleWebKit/537.36 (KHTML, like Gecko) Chrome/146.0.0.0 Mobile Safari/537.36"
2.211.245.240 - - [24/Mar/2026:02:14:10 +0530] "GET /favicon.ico HTTP/2.0" 508 288 "https://www.pathoworld.in/" "Mozilla/5.0 (Windows NT 10.0; Win64; x64) AppleWebKit/537.36 (KHTML, like Gecko) Chrome/146.0.0.0 Safari/537.36"
49.43.42.193 - - [24/Mar/2026:02:14:10 +0530] "GET /assets/css/progressbar.min.css HTTP/2.0" 200 350 "https://www.pathoworld.in/" "Mozilla/5.0 (Linux; Android 10; K) AppleWebKit/537.36 (KHTML, like Gecko) Chrome/146.0.0.0 Mobile Safari/537.36"
178.233.210.78 - - [24/Mar/2026:02:14:10 +0530] "GET /assets/img/imaging-pathoworld.png HTTP/2.0" 200 97252 "https://www.pathoworld.in/" "Mozilla/5.0 (iPhone; CPU iPhone OS 18_5_0 like Mac OS X) AppleWebKit/605.1.15 (KHTML, like Gecko) GSA/378.0.783859256 Mobile/15E148 Safari/604.1"
178.233.210.78 - - [24/Mar/2026:02:14:10 +0530] "GET /assets/cart-icon.png HTTP/2.0" 200 2855 "https://www.pathoworld.in/" "Mozilla/5.0 (iPhone; CPU iPhone OS 18_5_0 like Mac OS X) AppleWebKit/605.1.15 (KHTML, like Gecko) GSA/378.0.783859256 Mobile/15E148 Safari/604.1"
103.100.7.140 - - [24/Mar/2026:02:14:10 +0530] "GET /assets/img/shape-image/10.png HTTP/2.0" 200 1515 "https://www.pathoworld.in/" "Mozilla/5.0 (Linux; Android 10; K) AppleWebKit/537.36 (KHTML, like Gecko) Chrome/146.0.0.0 Mobile Safari/537.36"
223.184.201.126 - - [24/Mar/2026:02:14:10 +0530] "GET /admin/icon/elderwomanhealthcheckup.png HTTP/2.0" 200 43513 "https://www.pathoworld.in/" "Mozilla/5.0 (Linux; Android 10; K) AppleWebKit/537.36 (KHTML, like Gecko) Chrome/145.0.0.0 Mobile Safari/537.36"
223.184.201.126 - - [24/Mar/2026:02:14:10 +0530] "GET /assets/img/worldhealth.png HTTP/2.0" 200 6557 "https://www.pathoworld.in/" "Mozilla/5.0 (Linux; Android 10; K) AppleWebKit/537.36 (KHTML, like Gecko) Chrome/145.0.0.0 Mobile Safari/537.36"
103.100.7.140 - - [24/Mar/2026:02:14:10 +0530] "GET /assets/img/map1.png HTTP/2.0" 200 71706 "https://www.pathoworld.in/" "Mozilla/5.0 (Linux; Android 10; K) AppleWebKit/537.36 (KHTML, like Gecko) Chrome/146.0.0.0 Mobile Safari/537.36"
197.45.105.223 - - [24/Mar/2026:02:14:10 +0530] "GET / HTTP/2.0" 508 288 "https://wowkawai.pages.dev/" "Mozilla/5.0 (Linux; Android 8.0.0; SAMSUNG SM-G930F) AppleWebKit/537.36 (KHTML, like Gecko) SamsungBrowser/22.0 Chrome/111.0.5563.116 Mobile Safari/537.36"
91.130.50.129 - - [24/Mar/2026:02:14:10 +0530] "GET / HTTP/2.0" 508 288 "https://29571644-31586-36574.tentedienat.com/jSNCD4E0PgrkZtczvQOYbhxKk9RS5tiGZvtUX8icEJ4RPJyUyUC-jB9huyKs4H1zGhY9tto?_=053c5923-26f9-11f1-99a2-d104d453cb8e&d=BQ5qQHPeopXOrzlpUQ0R9dfYEswYx2NaS4MVFD2E80KeuNoxe1QKLOYH06GTISF3XrenxL3nwL1ZyqNHK0DDutlT08QgC-8XHCltY24H6TxHeTmEfB_aAo58R5KKG19HLKd2IIQYhH18kI7w7pSxCUU-woiOcEhG4ofE602a4NAj3fJhEnz7lM2pisYd5XmhEXSN6XqR-v97F0vhSe3TtjuocNGAiitqHPA1RQ4hYMJHVgoimXpyT7I2Vu2A_IzbqrBQAej7QEc1w6Sxs9lCru427zdr1RzSn8nmmwuFq_VFWzdRZ5HDkwWI2eszQnmJ6cpSWOscIcWeEmUI8d_u_3Cp3xha8lnCQ71_RyoP-8ga_xXHJNMwbldv6NwrXWz9_YGsYjXQnNCF3R47oIYYDmvg99cRC93ZqgbJlyJe4kjEO7w0lenVr1YeIzkpPDcKSOfzybaYfZAtmmUXzzq2R3hG6qwHZgT5JE3v-EGlrPd8zna3AdfsfOmivcW_Nahqf5LIz8OG9aggQLr9gNl9jpzaRVFZcqCQy2geyKdYSRtAaDje2QqqG4uAAaCw_JW5lr1XITt-1SwbFxs5yrVX-qjj2C36wNTBJ2Q9gFmkSspyn7d3gBn6q88YhFeeB9fp3d7sN6Ggd7Y-oyDZnw4W3qtV7KvvSIPWkD7aFh7p4AYEjHUYrJuB-H1uoGYIc6iukPx4BGACR5cyfWaZ7Qx6G1NgAnlqfnQbrsKlB1NKjq5CQpgxIFk2yrw3ItZSSw-pEFKHZ84fVlobPlWWu6BNP0HwgAPNPXqRueouDNgAq-58FR94F5sjT460mSt5CdJdx4Kbjdg1_ZDlf47GFplFViE4Memyt59sHTmCw_EgRHB3EGZba2MdKhf5OGsX2cHPvoEkEpkMYy-J8toXn4tQ8-oOEp41_EZpFIAquq9SJECjRd3rdKokTN7Nfbh7uXz0GN2sE5FjQAfYPS9gkf3mf7cvjoLwl7HJ_fcXwtV_b-RNCYOcC4t4ofKvz05r2gcLa9p5FPhRhui_fQDMYR4dRbtGMk0_38zyeX6BYkaih8Nj59nwTPoIlK5HkObE4Is3n7mU_RazQt6WBN1lUFm-L7F_dnRexzNt3yyOHgrvnCY6ZppGIcbGN_QxV1UNYgL4o_E52wgewg0faarxjC4&_bbr=1" "Mozilla/5.0 (Windows NT 10.0; Win64; x64) AppleWebKit/537.36 (KHTML, like Gecko) Chrome/146.0.0.0 Safari/537.36"
223.184.201.126 - - [24/Mar/2026:02:14:10 +0530] "GET /assets/img/icons/discount.png HTTP/2.0" 200 62356 "https://www.pathoworld.in/" "Mozilla/5.0 (Linux; Android 10; K) AppleWebKit/537.36 (KHTML, like Gecko) Chrome/145.0.0.0 Mobile Safari/537.36"
49.43.42.193 - - [24/Mar/2026:02:14:10 +0530] "GET /assets/css/style.css HTTP/2.0" 200 18238 "https://www.pathoworld.in/" "Mozilla/5.0 (Linux; Android 10; K) AppleWebKit/537.36 (KHTML, like Gecko) Chrome/146.0.0.0 Mobile Safari/537.36"
103.100.7.140 - - [24/Mar/2026:02:14:10 +0530] "GET /assets/img/user.png HTTP/2.0" 200 26361 "https://www.pathoworld.in/" "Mozilla/5.0 (Linux; Android 10; K) AppleWebKit/537.36 (KHTML, like Gecko) Chrome/146.0.0.0 Mobile Safari/537.36"
49.43.42.193 - - [24/Mar/2026:02:14:10 +0530] "GET /assets/css/responsive.css HTTP/2.0" 200 5713 "https://www.pathoworld.in/" "Mozilla/5.0 (Linux; Android 10; K) AppleWebKit/537.36 (KHTML, like Gecko) Chrome/146.0.0.0 Mobile Safari/537.36"
103.58.155.81 - - [24/Mar/2026:02:14:10 +0530] "GET /assets/js/bootstrap.min.js HTTP/2.0" 200 15918 "https://www.pathoworld.in/" "Mozilla/5.0 (Linux; Android 10; K) AppleWebKit/537.36 (KHTML, like Gecko) Chrome/146.0.0.0 Mobile Safari/537.36"
89.167.76.26 - - [24/Mar/2026:02:14:10 +0530] "GET / HTTP/1.1" 508 288 "https://29571643-27747-36574.squitoiages.com/" "Mozilla/5.0 (Linux; Android 12; 220333QAG) AppleWebKit/537.36 (KHTML, like Gecko) Chrome/103.0.0.0 Mobile Safari/537.36"
178.230.28.32 - - [24/Mar/2026:02:14:10 +0530] "GET /assets/cart-icon.png HTTP/2.0" 200 2855 "https://www.pathoworld.in/" "Mozilla/5.0 (iPhone; CPU iPhone OS 18_4_1 like Mac OS X) AppleWebKit/605.1.15 (KHTML, like Gecko) Version/18.4 Mobile/15E148 Safari/604.1"
178.230.28.32 - - [24/Mar/2026:02:14:10 +0530] "GET /assets/img/logo.png HTTP/2.0" 200 204319 "https://www.pathoworld.in/" "Mozilla/5.0 (iPhone; CPU iPhone OS 18_4_1 like Mac OS X) AppleWebKit/605.1.15 (KHTML, like Gecko) Version/18.4 Mobile/15E148 Safari/604.1"
85.106.203.246 - - [24/Mar/2026:02:14:10 +0530] "GET /assets/fonts/Flaticon.woff2 HTTP/2.0" 200 7532 "https://www.pathoworld.in/assets/css/flaticon.css" "Mozilla/5.0 (Linux; Android 10; K) AppleWebKit/537.36 (KHTML, like Gecko) Chrome/146.0.0.0 Mobile Safari/537.36"
49.43.42.193 - - [24/Mar/2026:02:14:10 +0530] "GET /assets/cart-icon.png HTTP/2.0" 200 2855 "https://www.pathoworld.in/" "Mozilla/5.0 (Linux; Android 10; K) AppleWebKit/537.36 (KHTML, like Gecko) Chrome/146.0.0.0 Mobile Safari/537.36"
49.43.42.193 - - [24/Mar/2026:02:14:10 +0530] "GET /assets/img/logo.png HTTP/2.0" 200 204319 "https://www.pathoworld.in/" "Mozilla/5.0 (Linux; Android 10; K) AppleWebKit/537.36 (KHTML, like Gecko) Chrome/146.0.0.0 Mobile Safari/537.36"
103.58.155.81 - - [24/Mar/2026:02:14:10 +0530] "GET /assets/js/jquery.meanmenu.js HTTP/2.0" 200 1607 "https://www.pathoworld.in/" "Mozilla/5.0 (Linux; Android 10; K) AppleWebKit/537.36 (KHTML, like Gecko) Chrome/146.0.0.0 Mobile Safari/537.36"
190.2.152.192 - - [24/Mar/2026:02:14:05 +0530] "GET /favicon.ico HTTP/2.0" 404 29421 "https://www.pathoworld.in/" "Mozilla/5.0 (Linux; Android 10; K) AppleWebKit/537.36 (KHTML, like Gecko) Chrome/144.0.0.0 Mobile Safari/537.36"
77.161.244.89 - - [24/Mar/2026:02:14:06 +0530] "GET / HTTP/2.0" 200 9055 "https://29571643-36729-36574.tentedienat.com/hyBHCoQ2PQ3oZtczvQOYbhxKk9RS5tiGZvtUX8icEJ4WPJmdyfBcfYSeXJ7Ja4q1wi6eXjg?_=04fd3e1d-26f9-11f1-bb56-e74904311c19&d=BQ5qQHPe3JW2rjnpVgoR9ckqEvDstUPenyWzXROvLuZoPO5Dl-H-_MYsk76QzO9CKDr6V5Tp0L1ZyoMzq4DDpthwm4PBaNZYarfgtNeEzrkd88y1bQshBYA9CVphfnLdrlNzTNR2KwS8lEheto77-lndE8mfVTguoIQU7exVEWCwCkF5FqGydB3ptus36GgmFMtMMPBz1As0vfB3RpPA9bM7zZwEOIp_gtzKA1ojBWb-NgpSn43bHqg265vWhMIAHQV1ZhkdHQJQH85mWvheCG5pZlVnVMc6cjtxzGeryczoa0gNYzUf3uzE5MgV392TbDsNCoszQWgYnS_QjJe9iq3afAZogErMjs-0jedECP4RA_m5QW2NhD7_2yDd-VVOtwDq4W_P1BcBc-ZcJIqpQ-tpBe4trj8X7CjeeTT-jNUYtU9aj9f_LynFX5ieaxW0Pea1TW_yyLpaQE6au_bwhMFAAoCq_9f62-U5XWbFpRY_l5M5W9w_hrf0a5t-mkq9z10tMnrWdtJNzG3snXiWy5DKrxe3Rhi1UY9LS-_ryKqRxNwXS1j8cpsO8P9FmtqQNte7RGmkK5zOAHWvSjBO6BWMdK4PwVya1P1uKFEPJO296vA8YstYBDBlT0rib4vVjCmALVq-HQyVsNWrEA20rGSIJPFeAoGTz-4Lz7N4ydqlDozD7u2fArBjSk9Ng7aRBHZDAaOOEqbg1LEqxb6xjDHFP2wI-HbZha2tgwSiCVdfYLXcL0jZANnEZHyVkRDjF3KPtQwuaXxFZNNwm8NeOoFKUfkQ9Bsu28JUCxRoQMWSQ_zBvScJ0nhxLtBmQQWJazf7TUVDJ1qTdOJcHVnJuxrwM6IMsHdFz18b5CDxc3rJ4xYj_OL4ak4q2Ra1cRIpKEFtSACDS1EnEnuw2GnInl6oYlcEqrJ4YSXmQC0l2VE0tat_KAdLEDPiFNZ5jdvhL6zPg_363mAcpOwFsUJU3s02970ewjP1xBMZveOGVT0LrDiyakeUnQNaY2jTjnhJEgV4NV9_2zD3jDSz0z7WBS-lM8_7W1CN8yvuXJ0ZXuAG-ZBw_s-XCkFMRhQC1flCyIRtKUCsHeso3F0LzodwYBtv0HNOkSdx8yl6_bPIMiWTpim3MkLd-fVmxv0nTLp9SCL5LPzYRKi-mtdOYEpC9EqWKL45IIySGAgJnSusmg&_bbr=1" "Mozilla/5.0 (Linux; Android 10; K) AppleWebKit/537.36 (KHTML, like Gecko) Chrome/146.0.0.0 Safari/537.36"
223.184.201.126 - - [24/Mar/2026:02:14:10 +0530] "GET /assets/img/icons/blood.png HTTP/2.0" 200 10471 "https://www.pathoworld.in/" "Mozilla/5.0 (Linux; Android 10; K) AppleWebKit/537.36 (KHTML, like Gecko) Chrome/145.0.0.0 Mobile Safari/537.36"
223.181.53.183 - - [24/Mar/2026:02:14:00 +0530] "GET / HTTP/2.0" 200 9055 "https://luluvid.com/" "Mozilla/5.0 (Linux; Android 10; K) AppleWebKit/537.36 (KHTML, like Gecko) Chrome/146.0.0.0 Mobile Safari/537.36"
223.184.201.126 - - [24/Mar/2026:02:14:10 +0530] "GET /assets/img/icons/mobile.png HTTP/2.0" 200 43677 "https://www.pathoworld.in/" "Mozilla/5.0 (Linux; Android 10; K) AppleWebKit/537.36 (KHTML, like Gecko) Chrome/145.0.0.0 Mobile Safari/537.36"
223.184.201.126 - - [24/Mar/2026:02:14:10 +0530] "GET /assets/img/icons/graph.png HTTP/2.0" 200 29886 "https://www.pathoworld.in/" "Mozilla/5.0 (Linux; Android 10; K) AppleWebKit/537.36 (KHTML, like Gecko) Chrome/145.0.0.0 Mobile Safari/537.36"
178.233.210.78 - - [24/Mar/2026:02:14:10 +0530] "GET /assets/fonts/fa-solid-900.woff2 HTTP/2.0" 200 74256 "https://www.pathoworld.in/" "Mozilla/5.0 (iPhone; CPU iPhone OS 18_5_0 like Mac OS X) AppleWebKit/605.1.15 (KHTML, like Gecko) GSA/378.0.783859256 Mobile/15E148 Safari/604.1"
103.58.155.81 - - [24/Mar/2026:02:14:10 +0530] "GET /assets/js/jquery.appear.js HTTP/2.0" 200 1360 "https://www.pathoworld.in/" "Mozilla/5.0 (Linux; Android 10; K) AppleWebKit/537.36 (KHTML, like Gecko) Chrome/146.0.0.0 Mobile Safari/537.36"
152.58.3.141 - - [24/Mar/2026:02:14:10 +0530] "GET /assets/cart-icon.png HTTP/2.0" 200 2855 "https://www.pathoworld.in/" "Mozilla/5.0 (Linux; Android 10; K) AppleWebKit/537.36 (KHTML, like Gecko) Chrome/144.0.0.0 Mobile Safari/537.36"
47.31.93.150 - - [24/Mar/2026:02:14:10 +0530] "GET /assets/fonts/fa-solid-900.woff2 HTTP/2.0" 200 74256 "https://www.pathoworld.in/assets/css/fontawesome.min.css" "Mozilla/5.0 (Linux; Android 10; K) AppleWebKit/537.36 (KHTML, like Gecko) Chrome/145.0.0.0 Mobile Safari/537.36"
178.233.210.78 - - [24/Mar/2026:02:14:10 +0530] "GET /assets/fonts/Flaticon.svg HTTP/2.0" 200 27948 "https://www.pathoworld.in/" "Mozilla/5.0 (iPhone; CPU iPhone OS 18_5_0 like Mac OS X) AppleWebKit/605.1.15 (KHTML, like Gecko) GSA/378.0.783859256 Mobile/15E148 Safari/604.1"
103.58.155.81 - - [24/Mar/2026:02:14:11 +0530] "GET /assets/js/odometer.min.js HTTP/2.0" 200 3631 "https://www.pathoworld.in/" "Mozilla/5.0 (Linux; Android 10; K) AppleWebKit/537.36 (KHTML, like Gecko) Chrome/146.0.0.0 Mobile Safari/537.36"
47.31.93.150 - - [24/Mar/2026:02:14:11 +0530] "GET /assets/fonts/Flaticon.woff2 HTTP/2.0" 200 7532 "https://www.pathoworld.in/assets/css/flaticon.css" "Mozilla/5.0 (Linux; Android 10; K) AppleWebKit/537.36 (KHTML, like Gecko) Chrome/145.0.0.0 Mobile Safari/537.36"
103.58.155.81 - - [24/Mar/2026:02:14:11 +0530] "GET /assets/js/jquery.magnific-popup.min.js HTTP/2.0" 200 7346 "https://www.pathoworld.in/" "Mozilla/5.0 (Linux; Android 10; K) AppleWebKit/537.36 (KHTML, like Gecko) Chrome/146.0.0.0 Mobile Safari/537.36"
152.58.3.141 - - [24/Mar/2026:02:14:10 +0530] "GET /assets/img/logo.png HTTP/2.0" 200 204319 "https://www.pathoworld.in/" "Mozilla/5.0 (Linux; Android 10; K) AppleWebKit/537.36 (KHTML, like Gecko) Chrome/144.0.0.0 Mobile Safari/537.36"
152.58.3.141 - - [24/Mar/2026:02:14:11 +0530] "GET /assets/img/imaging-pathoworld.png HTTP/2.0" 200 97252 "https://www.pathoworld.in/" "Mozilla/5.0 (Linux; Android 10; K) AppleWebKit/537.36 (KHTML, like Gecko) Chrome/144.0.0.0 Mobile Safari/537.36"
223.184.254.34 - - [24/Mar/2026:02:14:11 +0530] "GET / HTTP/2.0" 508 288 "https://38870.chauffermotter.com/4/274380?eclkid=d70qc3tl71rc73d8ngkg&subid=19478&_bbr=1" "Mozilla/5.0 (iPhone; CPU iPhone OS 26_3_1 like Mac OS X) AppleWebKit/605.1.15 (KHTML, like Gecko) GSA/411.0.879111500 Mobile/15E148 Safari/604.1"
103.58.155.81 - - [24/Mar/2026:02:14:11 +0530] "GET /assets/js/parallax.min.js HTTP/2.0" 200 4001 "https://www.pathoworld.in/" "Mozilla/5.0 (Linux; Android 10; K) AppleWebKit/537.36 (KHTML, like Gecko) Chrome/146.0.0.0 Mobile Safari/537.36"
103.58.155.81 - - [24/Mar/2026:02:14:11 +0530] "GET /assets/js/progressbar.min.js HTTP/2.0" 200 504 "https://www.pathoworld.in/" "Mozilla/5.0 (Linux; Android 10; K) AppleWebKit/537.36 (KHTML, like Gecko) Chrome/146.0.0.0 Mobile Safari/537.36"
103.58.155.81 - - [24/Mar/2026:02:14:11 +0530] "GET /assets/js/owl.carousel.min.js HTTP/2.0" 200 11412 "https://www.pathoworld.in/" "Mozilla/5.0 (Linux; Android 10; K) AppleWebKit/537.36 (KHTML, like Gecko) Chrome/146.0.0.0 Mobile Safari/537.36"
178.230.28.32 - - [24/Mar/2026:02:14:11 +0530] "GET /assets/img/imaging-pathoworld.png HTTP/2.0" 200 97252 "https://www.pathoworld.in/" "Mozilla/5.0 (iPhone; CPU iPhone OS 18_4_1 like Mac OS X) AppleWebKit/605.1.15 (KHTML, like Gecko) Version/18.4 Mobile/15E148 Safari/604.1"
81.214.83.26 - - [24/Mar/2026:02:14:11 +0530] "GET /assets/img/logo.png HTTP/2.0" 200 204319 "https://www.pathoworld.in/" "Mozilla/5.0 (iPhone; CPU iPhone OS 15_8_7 like Mac OS X) AppleWebKit/605.1.15 (KHTML, like Gecko) Version/15.6.8 Mobile/15E148 Safari/604.1"
85.106.203.246 - - [24/Mar/2026:02:14:11 +0530] "GET /assets/img/slider/web-benner-12.png HTTP/2.0" 200 444437 "https://www.pathoworld.in/" "Mozilla/5.0 (Linux; Android 10; K) AppleWebKit/537.36 (KHTML, like Gecko) Chrome/146.0.0.0 Mobile Safari/537.36"
85.106.203.246 - - [24/Mar/2026:02:14:11 +0530] "GET /admin/icon/healthcheckup.png HTTP/2.0" 200 42881 "https://www.pathoworld.in/" "Mozilla/5.0 (Linux; Android 10; K) AppleWebKit/537.36 (KHTML, like Gecko) Chrome/146.0.0.0 Mobile Safari/537.36"
102.206.254.145 - - [24/Mar/2026:02:14:11 +0530] "GET / HTTP/2.0" 508 288 "https://29571644-36655-36574.squitoiages.com/jSNGCIcyOw3iZtczvQOYbhxKk9RS5tiGZvtUX8icEJ4RPJyWyRFVvBGvct2MSlEXayqeKAY?_=0675ef4c-26f9-11f1-8f0c-9a0d8bb17e01&d=BQ5qQHPeDZTGqTnJFBIR9RXVErSKDM6-HXlWzeasfs-9bWnfPbyczOhvPMJd800DBCrxhYNfsyz7gnWVt6thde6jXIIcR6-JJMgOut7WmXxczDxjHu8JR6eNL6FTmPf3_mTAG0Ub_v84SSAhCS_C0wsuwrYbUsXKEEtzgDbUbZgFtTgTc-PHIOHBXLowBMvulTjOymdOqRh_f70BMuVGEC3eRyBr2gEjm0r8VK2cu2CKcxFWxC7MgaUDBbCzpZrSejd0n6u-Kex4GdLtdT1U1tVFtajDsBKBV9dshg1T6eNBuAJolSDY2hwStBOp-KIPHTegJkScsMRQ1Kg4uv9wqni14BRlar70FlgR3ZjdpsWJsFHLFIw4spSeDfctgFnEHQ3fUPsJmNm901BGq_NA45ecxIWtB3HKCwaEWqgOkXdjiiIZSf-zDnp-5V8EqvhYHOv4EulYjlEsHVYrlyrjkne4qMdHrd5O80ZO-h5lsyaPUJTTjZ3lrtS60LjF8Ag0SYagiI2iWciys_586cewzvpxMZrCPDZoIq6H2uYZNAFXl9BLhZ5NP_e1PqmqiYTR5kBuei7u2FUIkivJN9mxw916qS-kRaydTYgfFnin9nZ74f8KoB6h7-QU6ezQc6ndZLB070FCXdc8OrZarzCnmEQbE_BlJ6coMTSoPobfVvyWmLeaD4CLb9Gu5E4l6c1I-c7rZ9Z18Mur4Sqs2e0JgIVjYNGPQsJK2CMpNiz5DDsNxBDh0FQ6Hjb6irrCSMVlZJfPQ5Re4sxHRYezDT1c5BKVUZMayiHOMhsBnGDb59uelUdfqkhPsgYqLMZQkdLbRo0MyXXPYRlbpll-xX1Nq9z7kfu9q5DtXX5Y20xG5KVL8LI4NjmNvR2botecHc9mvuYuze7r9SNli7JhnwS5TUw1RV9jq2ET1dWrgY2I8RhwjfphuczEQqanGYyb65fk71hzUzfOFvC8z7xQSjEuxp4Fi9Nku7N_2S3nvv7fb0cDWmstzEyLkDfmJR--HvbtgbWEP3cC6DUJcFXA3PXW4Eo5-jrP5qmnHBF6Frl5oLKjIbRHWymyzDhnm8Vvqwq4m5rFSOckJRFwL5imxNv522uh0sRbY1o0xjlq2tdn4Vh4RUnWstWn0vqRLjoA1JL46omqZp0hNo2lub8FqJmMpednLw711kIdX_9q_BtyNXAuIET3x7ovpMcoeC2s-237_dQ8Uba0t1qbuyezJ9K6e9_YGYU2AVjxVWg2NxI&_bbr=1" "Mozilla/5.0 (iPhone; CPU iPhone OS 26_2_0 like Mac OS X) AppleWebKit/605.1.15 (KHTML, like Gecko) GSA/410.0.875971614 Mobile/15E148 Safari/604.1"
85.106.203.246 - - [24/Mar/2026:02:14:11 +0530] "GET /admin/icon/eldermanhealthcheckup.png HTTP/2.0" 200 47535 "https://www.pathoworld.in/" "Mozilla/5.0 (Linux; Android 10; K) AppleWebKit/537.36 (KHTML, like Gecko) Chrome/146.0.0.0 Mobile Safari/537.36"
103.58.155.81 - - [24/Mar/2026:02:14:11 +0530] "GET /assets/js/wow.min.js HTTP/2.0" 200 2702 "https://www.pathoworld.in/" "Mozilla/5.0 (Linux; Android 10; K) AppleWebKit/537.36 (KHTML, like Gecko) Chrome/146.0.0.0 Mobile Safari/537.36"
178.233.210.78 - - [24/Mar/2026:02:14:11 +0530] "GET /assets/img/slider/web-benner-12.png HTTP/2.0" 200 444437 "https://www.pathoworld.in/" "Mozilla/5.0 (iPhone; CPU iPhone OS 18_5_0 like Mac OS X) AppleWebKit/605.1.15 (KHTML, like Gecko) GSA/378.0.783859256 Mobile/15E148 Safari/604.1"
178.233.210.78 - - [24/Mar/2026:02:14:11 +0530] "GET /assets/fonts/fa-regular-400.woff2 HTTP/2.0" 200 13552 "https://www.pathoworld.in/" "Mozilla/5.0 (iPhone; CPU iPhone OS 18_5_0 like Mac OS X) AppleWebKit/605.1.15 (KHTML, like Gecko) GSA/378.0.783859256 Mobile/15E148 Safari/604.1"
179.87.227.158 - - [24/Mar/2026:02:14:11 +0530] "GET / HTTP/2.0" 508 288 "https://29571644-32063-36574.tentedienat.com/iyFBBoM2OA7lZtczvQOYbhxKk9RS5tiGZvtUX8icEJ4RPJyUycRXW5mLxfjQ-ccwp1Ed0Gc?_=0557422e-26f9-11f1-874f-4d961652a552&d=BQ5qQHPeSJTOqznxKSc7NgeLyfyDNukaI2dI01R98el8mAMJdYpwdtulqKBMRJnMrH--MgCY3CtVqYrfUBucLxBgCEF_kvoRcah36IWJaYaQG1ioGQMn5tas0jIofyEYYjsrcdqKzSjs8ltNzR5OthNV4Q7rIuzgFeg6QLtvHgdVohg6lXZjtH34UYwOfQD5UhmcE9yV6GEXyRNsdFOUiwl02y9A4h9YEdpcuxyzQIMkl9IAY7OxQgX6mHaVMEqqbGLDh1iYD1lZeOQZCUpy29tlxMTQ4Mr8EdiTa6ZtjE5FUlK-JMsGUQkWst6Ukc0p-kRuYahALgjjslpbkXHLMOS_yKf3bA3nN5WStTP8uK4uoLCkrjcRqge9930L_nCxTDChxUfNRFbwqNdWOBq86weMUELy2LzIg_AJs3ferIaNff42YFFCxm-hyftMwlLXa136b9Prul3ilOGEx-uyNvouBgRfxtqfbT6z1Nvq6uRyce8XL0B7v_Dkp9cjmNH0Vgp7DSkDeifHDwd7lSF99kiyJiv8n4aOsV8uEEHpDL2dQxpu_pXYQP_vy5byOjnSu9-aBNh2f1v7P7NbHYcBGFvR8WBjReuxcXo1dN-kz2uDuuVJudbZGhYO7aBVv1AGiP7JWRffqeLlykd5fetHRNlhmimw-YDMEYwkaPytbvCHxkM2dMU5rPZaPl1wqKlk6Vw3q3VY41VyvNQAsCoEmcDtWKdw7gj5mRui4svghoT26A4rnKrIqPYXbO33gvrSV6GTBroTvIp6ddHi6zcyt9wRZhbp2bBCMhT1haR5gwEoSUDg-Y7q0JanvjLf9TjlO69cxfJ10uHcofdx9gVcd-sm8BtWvOwznv5OEdk043T_DB8IUktpwwcwocFa831QdCILnSdkx4pcmFCjWxs7vMW17HSJbgvg7Q4TCpBRpinaW8Q1uS5La3tj010fBnPIfREX_yxA7fs0ved1qYUnRnuLyY3f6vIZBZ-6C1OTDm5ZNw73envjR6DiG7NYgUFOsgXOON4muBYR5Yox-8c3uVHoWclucbM1KqVkxsnRfURMTCIypqBoIKYA2TCrMOm2m4mXWUL2encOnzMk1ylx3X04Amy-0JKkxsdh1zSI1pgGYyg8YEx9JT4oOdZvw-51RCzC-b9pMb0g9gR9jfoSnMjctofidWSNTwIzpcQqkXY32awvRMdmEOqnVs1vZK6xHDzDSZ9s8vZjfRsVdGlKWvvfHzEFrjNGyCk773IPYRNgLf1PTp32-ghnj29_bDLI2xOL40uyLGkR8VTY9DuMRBwErk8lkpxAFrLPiZc48Cbsr-EiOZXps84DVahbqA&_bbr=1" "Mozilla/5.0 (Windows NT 10.0; Win64; x64) AppleWebKit/537.36 (KHTML, like Gecko) Chrome/146.0.0.0 Safari/537.36"
89.167.58.250 - - [24/Mar/2026:02:14:11 +0530] "GET / HTTP/1.1" 508 288 "https://29571643-31586-36574.squitoiages.com/" "Mozilla/5.0 (Linux; Android 10; B703) AppleWebKit/537.36 (KHTML, like Gecko) Chrome/88.0.4324.181 Mobile Safari/537.36"
197.42.220.51 - - [24/Mar/2026:02:14:11 +0530] "GET / HTTP/2.0" 508 288 "https://dlhotwow.pages.dev/" "Mozilla/5.0 (Linux; Android 10; SAMSUNG SM-G965F) AppleWebKit/537.36 (KHTML, like Gecko) SamsungBrowser/22.0 Chrome/111.0.5563.116 Mobile Safari/537.36"
185.177.229.174 - - [24/Mar/2026:02:14:11 +0530] "GET /assets/css/animate.min.css HTTP/2.0" 200 4324 "https://www.pathoworld.in/" "Mozilla/5.0 (Linux; Android 10; K) AppleWebKit/537.36 (KHTML, like Gecko) Chrome/131.0.0.0 Mobile Safari/537.36"
47.31.93.150 - - [24/Mar/2026:02:14:11 +0530] "GET /assets/img/slider/web-benner-12.png HTTP/2.0" 200 444437 "https://www.pathoworld.in/" "Mozilla/5.0 (Linux; Android 10; K) AppleWebKit/537.36 (KHTML, like Gecko) Chrome/145.0.0.0 Mobile Safari/537.36"
47.31.93.150 - - [24/Mar/2026:02:14:11 +0530] "GET /admin/icon/healthcheckup.png HTTP/2.0" 200 42881 "https://www.pathoworld.in/" "Mozilla/5.0 (Linux; Android 10; K) AppleWebKit/537.36 (KHTML, like Gecko) Chrome/145.0.0.0 Mobile Safari/537.36"
178.230.28.32 - - [24/Mar/2026:02:14:11 +0530] "GET /assets/fonts/fa-solid-900.woff2 HTTP/2.0" 200 74256 "https://www.pathoworld.in/" "Mozilla/5.0 (iPhone; CPU iPhone OS 18_4_1 like Mac OS X) AppleWebKit/605.1.15 (KHTML, like Gecko) Version/18.4 Mobile/15E148 Safari/604.1"
47.31.93.150 - - [24/Mar/2026:02:14:11 +0530] "GET /admin/icon/eldermanhealthcheckup.png HTTP/2.0" 200 47535 "https://www.pathoworld.in/" "Mozilla/5.0 (Linux; Android 10; K) AppleWebKit/537.36 (KHTML, like Gecko) Chrome/145.0.0.0 Mobile Safari/537.36"
152.58.3.141 - - [24/Mar/2026:02:14:11 +0530] "GET /assets/js/jquery.min.js HTTP/2.0" 200 30900 "https://www.pathoworld.in/" "Mozilla/5.0 (Linux; Android 10; K) AppleWebKit/537.36 (KHTML, like Gecko) Chrome/144.0.0.0 Mobile Safari/537.36"
178.230.28.32 - - [24/Mar/2026:02:14:11 +0530] "GET /assets/fonts/Flaticon.svg HTTP/2.0" 200 27948 "https://www.pathoworld.in/" "Mozilla/5.0 (iPhone; CPU iPhone OS 18_4_1 like Mac OS X) AppleWebKit/605.1.15 (KHTML, like Gecko) Version/18.4 Mobile/15E148 Safari/604.1"
169.224.28.139 - - [24/Mar/2026:02:14:00 +0530] "GET / HTTP/2.0" 200 9055 "https://xlxx2.com/" "Mozilla/5.0 (iPhone; CPU iPhone OS 18_7 like Mac OS X) AppleWebKit/605.1.15 (KHTML, like Gecko) Version/26.3 Mobile/15E148 Safari/604.1"
94.54.180.57 - - [24/Mar/2026:02:14:00 +0530] "GET / HTTP/2.0" 200 - "https://cdnx445.com/eee/1119680?vhash=eGhhbXN0ZXIvdmlkZW9zL3RoZS1zaW5mdWwtZHdhcmYtMTk3My14aEF3dk9B&vid=1119680&qt=&subs=2" "Mozilla/5.0 (Linux; Android 10; K) AppleWebKit/537.36 (KHTML, like Gecko) Chrome/146.0.0.0 Mobile Safari/537.36"
223.191.51.92 - - [24/Mar/2026:02:14:00 +0530] "GET / HTTP/2.0" 200 9055 "https://3645.clamindforaline.com/4/259836?subId=3-25-87&tbminbid=0.05&tburl=https%3A%2F%2Ftsyndicate.com%2Fapi%2Fv1%2Fdirect%2F73c0748c67484051901089a03d72c416%3Fsubid%3D3-25-87&_bbr=1" "Mozilla/5.0 (Linux; Android 11; 220233L2I) AppleWebKit/537.36 (KHTML, like Gecko) Chrome/97.0.4692.98 Mobile Safari/537.36"
78.168.168.38 - - [24/Mar/2026:02:14:00 +0530] "GET / HTTP/2.0" 200 - "https://cdnx445.com/eee/1153871?vhash=cGh1Yi02NmI0ZDExOTM5ZWU3&vid=1153871&qt=[1080,720,480]&subs=1" "Mozilla/5.0 (Linux; Android 10; K) AppleWebKit/537.36 (KHTML, like Gecko) Chrome/146.0.0.0 Mobile Safari/537.36"
223.184.201.126 - - [24/Mar/2026:02:14:11 +0530] "GET /assets/img/icons/sugar.png HTTP/2.0" 200 14022 "https://www.pathoworld.in/" "Mozilla/5.0 (Linux; Android 10; K) AppleWebKit/537.36 (KHTML, like Gecko) Chrome/145.0.0.0 Mobile Safari/537.36"
223.184.201.126 - - [24/Mar/2026:02:14:11 +0530] "GET /assets/img/icons/family.png HTTP/2.0" 200 45194 "https://www.pathoworld.in/" "Mozilla/5.0 (Linux; Android 10; K) AppleWebKit/537.36 (KHTML, like Gecko) Chrome/145.0.0.0 Mobile Safari/537.36"
223.184.201.126 - - [24/Mar/2026:02:14:11 +0530] "GET /assets/img/shape-image/9.png HTTP/2.0" 200 3623 "https://www.pathoworld.in/" "Mozilla/5.0 (Linux; Android 10; K) AppleWebKit/537.36 (KHTML, like Gecko) Chrome/145.0.0.0 Mobile Safari/537.36"
106.222.200.83 - - [24/Mar/2026:02:14:00 +0530] "GET / HTTP/2.0" 200 - "https://5732.gomatinequisheoi.com/4/242546?_bbr=1" "Mozilla/5.0 (Linux; Android 10; K) AppleWebKit/537.36 (KHTML, like Gecko) Chrome/146.0.0.0 Mobile Safari/537.36"
106.221.130.167 - - [24/Mar/2026:02:14:00 +0530] "GET / HTTP/2.0" 200 - "https://3645.clamindforaline.com/4/259836?subId=3-6-87&tbminbid=0.05&tburl=https%3A%2F%2Ftsyndicate.com%2Fapi%2Fv1%2Fdirect%2F73c0748c67484051901089a03d72c416%3Fsubid%3D3-6-87&_bbr=1" "Mozilla/5.0 (Linux; Android 10; K) AppleWebKit/537.36 (KHTML, like Gecko) Chrome/148.0.0.0 Mobile Safari/537.36"
176.219.218.87 - - [24/Mar/2026:02:14:00 +0530] "GET / HTTP/2.0" 200 - "https://29374.2475april2024.com/4/206400?_bbr=1" "Mozilla/5.0 (iPhone; CPU iPhone OS 26_3_1 like Mac OS X) AppleWebKit/605.1.15 (KHTML, like Gecko) CriOS/146.0.7680.151 Mobile/15E148 Safari/604.1"
152.58.3.141 - - [24/Mar/2026:02:14:11 +0530] "GET /assets/js/popper.min.js HTTP/2.0" 200 6623 "https://www.pathoworld.in/" "Mozilla/5.0 (Linux; Android 10; K) AppleWebKit/537.36 (KHTML, like Gecko) Chrome/144.0.0.0 Mobile Safari/537.36"
152.58.3.141 - - [24/Mar/2026:02:14:11 +0530] "GET /assets/js/bootstrap.min.js HTTP/2.0" 200 15918 "https://www.pathoworld.in/" "Mozilla/5.0 (Linux; Android 10; K) AppleWebKit/537.36 (KHTML, like Gecko) Chrome/144.0.0.0 Mobile Safari/537.36"
49.43.42.193 - - [24/Mar/2026:02:14:11 +0530] "GET /assets/img/imaging-pathoworld.png HTTP/2.0" 200 97252 "https://www.pathoworld.in/" "Mozilla/5.0 (Linux; Android 10; K) AppleWebKit/537.36 (KHTML, like Gecko) Chrome/146.0.0.0 Mobile Safari/537.36"
81.214.83.26 - - [24/Mar/2026:02:14:11 +0530] "GET /assets/cart-icon.png HTTP/2.0" 200 2855 "https://www.pathoworld.in/" "Mozilla/5.0 (iPhone; CPU iPhone OS 15_8_7 like Mac OS X) AppleWebKit/605.1.15 (KHTML, like Gecko) Version/15.6.8 Mobile/15E148 Safari/604.1"
81.214.83.26 - - [24/Mar/2026:02:14:11 +0530] "GET /assets/fonts/fa-solid-900.woff2 HTTP/2.0" 200 74256 "https://www.pathoworld.in/" "Mozilla/5.0 (iPhone; CPU iPhone OS 15_8_7 like Mac OS X) AppleWebKit/605.1.15 (KHTML, like Gecko) Version/15.6.8 Mobile/15E148 Safari/604.1"
103.58.155.81 - - [24/Mar/2026:02:14:11 +0530] "GET /assets/fonts/Flaticon.woff2 HTTP/2.0" 200 7532 "https://www.pathoworld.in/assets/css/flaticon.css" "Mozilla/5.0 (Linux; Android 10; K) AppleWebKit/537.36 (KHTML, like Gecko) Chrome/146.0.0.0 Mobile Safari/537.36"
81.214.83.26 - - [24/Mar/2026:02:14:11 +0530] "GET /assets/fonts/Flaticon.svg HTTP/2.0" 200 27948 "https://www.pathoworld.in/" "Mozilla/5.0 (iPhone; CPU iPhone OS 15_8_7 like Mac OS X) AppleWebKit/605.1.15 (KHTML, like Gecko) Version/15.6.8 Mobile/15E148 Safari/604.1"
223.184.201.126 - - [24/Mar/2026:02:14:11 +0530] "GET /assets/img/map1.png HTTP/2.0" 200 71706 "https://www.pathoworld.in/" "Mozilla/5.0 (Linux; Android 10; K) AppleWebKit/537.36 (KHTML, like Gecko) Chrome/145.0.0.0 Mobile Safari/537.36"
223.184.201.126 - - [24/Mar/2026:02:14:11 +0530] "GET /assets/img/shape-image/10.png HTTP/2.0" 200 1515 "https://www.pathoworld.in/" "Mozilla/5.0 (Linux; Android 10; K) AppleWebKit/537.36 (KHTML, like Gecko) Chrome/145.0.0.0 Mobile Safari/537.36"
47.31.93.150 - - [24/Mar/2026:02:14:11 +0530] "GET /assets/js/jquery.ajaxchimp.min.js HTTP/2.0" 200 939 "https://www.pathoworld.in/" "Mozilla/5.0 (Linux; Android 10; K) AppleWebKit/537.36 (KHTML, like Gecko) Chrome/145.0.0.0 Mobile Safari/537.36"
223.184.201.126 - - [24/Mar/2026:02:14:11 +0530] "GET /assets/img/user.png HTTP/2.0" 200 26361 "https://www.pathoworld.in/" "Mozilla/5.0 (Linux; Android 10; K) AppleWebKit/537.36 (KHTML, like Gecko) Chrome/145.0.0.0 Mobile Safari/537.36"
223.191.51.92 - - [24/Mar/2026:02:14:11 +0530] "GET /assets/css/bootstrap.min.css HTTP/2.0" 200 22910 "https://www.pathoworld.in/" "Mozilla/5.0 (Linux; Android 11; 220233L2I) AppleWebKit/537.36 (KHTML, like Gecko) Chrome/97.0.4692.98 Mobile Safari/537.36"
47.31.93.150 - - [24/Mar/2026:02:14:11 +0530] "GET /assets/js/contact-form-script.js HTTP/2.0" 200 740 "https://www.pathoworld.in/" "Mozilla/5.0 (Linux; Android 10; K) AppleWebKit/537.36 (KHTML, like Gecko) Chrome/145.0.0.0 Mobile Safari/537.36"
47.31.93.150 - - [24/Mar/2026:02:14:11 +0530] "GET /assets/js/form-validator.min.js HTTP/2.0" 200 2096 "https://www.pathoworld.in/" "Mozilla/5.0 (Linux; Android 10; K) AppleWebKit/537.36 (KHTML, like Gecko) Chrome/145.0.0.0 Mobile Safari/537.36"
152.58.3.141 - - [24/Mar/2026:02:14:11 +0530] "GET /assets/js/jquery.meanmenu.js HTTP/2.0" 200 1607 "https://www.pathoworld.in/" "Mozilla/5.0 (Linux; Android 10; K) AppleWebKit/537.36 (KHTML, like Gecko) Chrome/144.0.0.0 Mobile Safari/537.36"
152.58.3.141 - - [24/Mar/2026:02:14:11 +0530] "GET /assets/js/jquery.appear.js HTTP/2.0" 200 1360 "https://www.pathoworld.in/" "Mozilla/5.0 (Linux; Android 10; K) AppleWebKit/537.36 (KHTML, like Gecko) Chrome/144.0.0.0 Mobile Safari/537.36"
178.230.28.32 - - [24/Mar/2026:02:14:11 +0530] "GET /assets/img/slider/s1.png HTTP/2.0" 200 104353 "https://www.pathoworld.in/" "Mozilla/5.0 (iPhone; CPU iPhone OS 18_4_1 like Mac OS X) AppleWebKit/605.1.15 (KHTML, like Gecko) Version/18.4 Mobile/15E148 Safari/604.1"
178.230.28.32 - - [24/Mar/2026:02:14:11 +0530] "GET /assets/img/slider/s3.png HTTP/2.0" 200 124455 "https://www.pathoworld.in/" "Mozilla/5.0 (iPhone; CPU iPhone OS 18_4_1 like Mac OS X) AppleWebKit/605.1.15 (KHTML, like Gecko) Version/18.4 Mobile/15E148 Safari/604.1"
178.230.28.32 - - [24/Mar/2026:02:14:11 +0530] "GET /assets/img/slider/s4.png HTTP/2.0" 200 141080 "https://www.pathoworld.in/" "Mozilla/5.0 (iPhone; CPU iPhone OS 18_4_1 like Mac OS X) AppleWebKit/605.1.15 (KHTML, like Gecko) Version/18.4 Mobile/15E148 Safari/604.1"
178.230.28.32 - - [24/Mar/2026:02:14:11 +0530] "GET /assets/img/slider/s2.png HTTP/2.0" 200 164012 "https://www.pathoworld.in/" "Mozilla/5.0 (iPhone; CPU iPhone OS 18_4_1 like Mac OS X) AppleWebKit/605.1.15 (KHTML, like Gecko) Version/18.4 Mobile/15E148 Safari/604.1"
178.230.28.32 - - [24/Mar/2026:02:14:11 +0530] "GET /assets/img/slider/web-benner-12.png HTTP/2.0" 200 444437 "https://www.pathoworld.in/" "Mozilla/5.0 (iPhone; CPU iPhone OS 18_4_1 like Mac OS X) AppleWebKit/605.1.15 (KHTML, like Gecko) Version/18.4 Mobile/15E148 Safari/604.1"
152.58.3.141 - - [24/Mar/2026:02:14:11 +0530] "GET /assets/js/odometer.min.js HTTP/2.0" 200 3631 "https://www.pathoworld.in/" "Mozilla/5.0 (Linux; Android 10; K) AppleWebKit/537.36 (KHTML, like Gecko) Chrome/144.0.0.0 Mobile Safari/537.36"
178.230.28.32 - - [24/Mar/2026:02:14:11 +0530] "GET /assets/img/shape-image/1.png HTTP/2.0" 200 4694 "https://www.pathoworld.in/" "Mozilla/5.0 (iPhone; CPU iPhone OS 18_4_1 like Mac OS X) AppleWebKit/605.1.15 (KHTML, like Gecko) Version/18.4 Mobile/15E148 Safari/604.1"
178.230.28.32 - - [24/Mar/2026:02:14:11 +0530] "GET /assets/img/shape-image/2.png HTTP/2.0" 200 8055 "https://www.pathoworld.in/" "Mozilla/5.0 (iPhone; CPU iPhone OS 18_4_1 like Mac OS X) AppleWebKit/605.1.15 (KHTML, like Gecko) Version/18.4 Mobile/15E148 Safari/604.1"
178.230.28.32 - - [24/Mar/2026:02:14:11 +0530] "GET /assets/img/shape-image/3.png HTTP/2.0" 200 4473 "https://www.pathoworld.in/" "Mozilla/5.0 (iPhone; CPU iPhone OS 18_4_1 like Mac OS X) AppleWebKit/605.1.15 (KHTML, like Gecko) Version/18.4 Mobile/15E148 Safari/604.1"
178.230.28.32 - - [24/Mar/2026:02:14:11 +0530] "GET /assets/img/shape-image/4.png HTTP/2.0" 200 4607 "https://www.pathoworld.in/" "Mozilla/5.0 (iPhone; CPU iPhone OS 18_4_1 like Mac OS X) AppleWebKit/605.1.15 (KHTML, like Gecko) Version/18.4 Mobile/15E148 Safari/604.1"
178.230.28.32 - - [24/Mar/2026:02:14:11 +0530] "GET /assets/img/shape-image/5.png HTTP/2.0" 200 3980 "https://www.pathoworld.in/" "Mozilla/5.0 (iPhone; CPU iPhone OS 18_4_1 like Mac OS X) AppleWebKit/605.1.15 (KHTML, like Gecko) Version/18.4 Mobile/15E148 Safari/604.1"
178.230.28.32 - - [24/Mar/2026:02:14:11 +0530] "GET /assets/img/shape-image/6.png HTTP/2.0" 200 8105 "https://www.pathoworld.in/" "Mozilla/5.0 (iPhone; CPU iPhone OS 18_4_1 like Mac OS X) AppleWebKit/605.1.15 (KHTML, like Gecko) Version/18.4 Mobile/15E148 Safari/604.1"
178.230.28.32 - - [24/Mar/2026:02:14:11 +0530] "GET /assets/img/shape-image/7.png HTTP/2.0" 200 4036 "https://www.pathoworld.in/" "Mozilla/5.0 (iPhone; CPU iPhone OS 18_4_1 like Mac OS X) AppleWebKit/605.1.15 (KHTML, like Gecko) Version/18.4 Mobile/15E148 Safari/604.1"
178.230.28.32 - - [24/Mar/2026:02:14:11 +0530] "GET /admin/icon/healthcheckup.png HTTP/2.0" 200 42881 "https://www.pathoworld.in/" "Mozilla/5.0 (iPhone; CPU iPhone OS 18_4_1 like Mac OS X) AppleWebKit/605.1.15 (KHTML, like Gecko) Version/18.4 Mobile/15E148 Safari/604.1"
178.230.28.32 - - [24/Mar/2026:02:14:11 +0530] "GET /admin/icon/eldermanhealthcheckup.png HTTP/2.0" 200 47535 "https://www.pathoworld.in/" "Mozilla/5.0 (iPhone; CPU iPhone OS 18_4_1 like Mac OS X) AppleWebKit/605.1.15 (KHTML, like Gecko) Version/18.4 Mobile/15E148 Safari/604.1"
178.230.28.32 - - [24/Mar/2026:02:14:11 +0530] "GET /admin/icon/elderwomanhealthcheckup.png HTTP/2.0" 200 43513 "https://www.pathoworld.in/" "Mozilla/5.0 (iPhone; CPU iPhone OS 18_4_1 like Mac OS X) AppleWebKit/605.1.15 (KHTML, like Gecko) Version/18.4 Mobile/15E148 Safari/604.1"
178.230.28.32 - - [24/Mar/2026:02:14:11 +0530] "GET /assets/img/shape-image/8.png HTTP/2.0" 200 8181 "https://www.pathoworld.in/" "Mozilla/5.0 (iPhone; CPU iPhone OS 18_4_1 like Mac OS X) AppleWebKit/605.1.15 (KHTML, like Gecko) Version/18.4 Mobile/15E148 Safari/604.1"
178.230.28.32 - - [24/Mar/2026:02:14:11 +0530] "GET /assets/img/icons/sugar.png HTTP/2.0" 200 14022 "https://www.pathoworld.in/" "Mozilla/5.0 (iPhone; CPU iPhone OS 18_4_1 like Mac OS X) AppleWebKit/605.1.15 (KHTML, like Gecko) Version/18.4 Mobile/15E148 Safari/604.1"
178.230.28.32 - - [24/Mar/2026:02:14:11 +0530] "GET /assets/img/worldhealth.png HTTP/2.0" 200 6557 "https://www.pathoworld.in/" "Mozilla/5.0 (iPhone; CPU iPhone OS 18_4_1 like Mac OS X) AppleWebKit/605.1.15 (KHTML, like Gecko) Version/18.4 Mobile/15E148 Safari/604.1"
178.230.28.32 - - [24/Mar/2026:02:14:11 +0530] "GET /assets/img/icons/blood.png HTTP/2.0" 200 10471 "https://www.pathoworld.in/" "Mozilla/5.0 (iPhone; CPU iPhone OS 18_4_1 like Mac OS X) AppleWebKit/605.1.15 (KHTML, like Gecko) Version/18.4 Mobile/15E148 Safari/604.1"
