223.185.35.104 - - [24/Mar/2026:02:14:24 +0530] "GET / HTTP/2.0" 508 288 "https://29571643-33181-36574.squitoiages.com/ii1DB403OAjjZtczvQOYbhxKk9RS5tiGZvtUX8icEJ4WPJmdyekhG4t9KFP1PXRIm03L0yk?_=04e221a7-26f9-11f1-a129-ed49be34a9ca&d=BQ5qQHPex5XmrzlJkAER5dfYEgC4plMSltGcQaLLI_txVfIMgeuA7bYk86n-Y8tO4KlaWadlcxD7cjVNq7PzvN5ym-YFf9BYr3JT8ykEqRsWPGYAjhFeZKh4HyrHY5hSJ7THZxkIvqVxp_oboh1Jc29aRZVUARe4lJQ16n1re1RNDYj5CIED-PELQDbRTuPq50yzCsTWHLpO5rtpLAw_CAc1n5ApmkbHHw69aGVHfoKx1PK00ZEpuousChnZlF7DVoT2Qhq3TJpRnTirkJZUxYNT5AjbiL558A1V0ixzHltxpqABs4AkV5yMxnEGQs69gdY7VwZIHNaUgyO54vPgFhA62HaJKIPKs2cyBCeo7dbTDxW1txDRmaFouJbK6K7L9VxtcT7tHwp-fHiA_YDzFhEDNLSRF3pgz-gRN05aEnTSDJQtAJwPfX8a8Oi2RT5yhiASQOVcu5lZ0t67-892ik2oin6m8b5Skk2cwWyqm_zUbbzZSNK2TPQ72QCno08vq6U7dK44mk94AyJGzn3EyANh9TC8yAJIQBM-S6_G_v3FMMmrYw4Zj2iD5NWteGomibETZH1te7KfMoCkC1YoY_0tvkmVvUPwHs0LPUY7B6IYHZSs30burLXpEhK7V9p3GHPhBCUxszxQS0DDNtR-1X6IVcFqUagjbcKbCHXWmRUSwviwQBRARfYaFduzjQRl1PRwE5IeMTT-uZPiwQMNwIau0Y-WbVmxG5diqtAp7pbxQIT95cyrWMQFQjtTH9J5I7uwdfpyHTZjmjd7cAj_Z1Uc4jVtw1v44qOsFk0flktfNgzpxmnZgvmMcR0ktGDHx-HKWQWEnAzHbp4GqVfuTUvrpicTy54fR03t8B88qNTSVoZKuzPCw3Z5Mp-LH3hpkDYIi8Oiz_QbbGMhe7VWphtGSp2Vs9bbP8mPGw4N3YrF1mTx34U2wRoEgJbZyWjh2aagWTA8Mb8o-Cm_IcKz1WF2zbRCm-RhM4190bZNYG-5HYJnAb9nP5Q8YxMCgPLRvSsRlJg4Wdi-fStwT8RNuYByLeOfGKTcUY2CX_ywIGo4Tqk_A-64KkzXcTEFn_19mGv398O0g1h1HAEiv1xvBVAb8zAGAETu1vZ8G6RiaZrR34br6O5spxZolI6C53A4yqARc66chzb_&_bbr=1" "Mozilla/5.0 (Macintosh; Intel Mac OS X 10_15_7) AppleWebKit/537.36 (KHTML, like Gecko) Chrome/144.0.0.0 Safari/537.36"
103.134.192.147 - - [24/Mar/2026:02:14:24 +0530] "GET /assets/img/worldhealth.png HTTP/2.0" 200 6557 "https://www.pathoworld.in/" "Mozilla/5.0 (Linux; Android 10; K) AppleWebKit/537.36 (KHTML, like Gecko) Chrome/146.0.0.0 Mobile Safari/537.36"
176.216.77.109 - - [24/Mar/2026:02:14:24 +0530] "GET /assets/css/owl.carousel.min.css HTTP/2.0" 200 1284 "https://www.pathoworld.in/" "Mozilla/5.0 (Linux; Android 10; K) AppleWebKit/537.36 (KHTML, like Gecko) Chrome/145.0.0.0 Mobile Safari/537.36"
176.216.77.109 - - [24/Mar/2026:02:14:24 +0530] "GET /assets/css/meanmenu.css HTTP/2.0" 200 986 "https://www.pathoworld.in/" "Mozilla/5.0 (Linux; Android 10; K) AppleWebKit/537.36 (KHTML, like Gecko) Chrome/145.0.0.0 Mobile Safari/537.36"
154.134.215.122 - - [24/Mar/2026:02:14:24 +0530] "GET / HTTP/2.0" 508 288 "https://dlhotwow.pages.dev/" "Mozilla/5.0 (Linux; Android 12; SAMSUNG SM-G991B) AppleWebKit/537.36 (KHTML, like Gecko) SamsungBrowser/22.0 Chrome/111.0.5563.116 Mobile Safari/537.36"
103.148.23.227 - - [24/Mar/2026:02:14:24 +0530] "GET / HTTP/2.0" 508 288 "https://29571643-33181-36574.squitoiages.com/iCBHCo04PAjmZtczvQOYbhxKk9RS5tiGZvtUX8icEJ4WPJmdyU_fo6X8fyjUWjHh9kjNk4Q?_=04fab82a-26f9-11f1-b35a-d6a2005eb2f8&d=BQ5qQHPebJWurDmZ3QYRBSgqEnh2bhRQNh0kAb0nK2dm3onEVgMh4f49W-A3QOdvc-RsNoNrByy7eBqKMdYuTY3Pn6PJgNIcBkle5C3i9olfDELKmfweCVNOedsMjuaTrItnmb_NVACcLy3jPTeRPkT_XrzzlfUIO5nyLzE_h22lgaLvt4VZXhWbevEG7qRcFzt-yvYXbcfm97-wOG9mmo0h2_sBaiW1Kb8_oMq7h_ym4GcazOfOnrAxQloA-hvakq2F_coUYfp5SUQzzNxm-_A9fCjgyjWXV3UTZhrSkBsgDRzLjdXJgNntIX8qGKNb79HmEcTi7wA2x8o5QQWwj-8sO4uYBXpDRw6f8vzgbt1KmGNNHtzcsxPyEoEq4eUYNuCod2vrvdCDpXiiQRrUSpBB5FcPn7_jcL2fSm4TZd17-EEcgoD-NV_3iV1RHHLDEhRRufKdALxGtz2wEqkwNNaIn4FWNBEoFPtWhJpUk7ezrcfbeXl59zDx5oz4SJ1fJmT9M_ydiZdY4obfKwCfXRBXDg5OWevPOI47x9dsGSXd0OMejgpviKssOP8itRrb8HM6VFmH9T4BhcJOiqwlr4Xm2orvTp8LbbyhJOVCuhPu9syhvNpiHX5jc7DdDheXd-nxvn3cYR2Pi7QOMloZpwT-9nKXZW-yr0JbW54M6x9kQFeoIorwqEug5PNUnGzThengb8O7Q-ow4cLL04BoQHn25BtQwZuei5VMk2d3ys0rIhRISULMyE9vfhN_NzizgrteR0f8bsuQlJ_D1wVU4I2ZIuMmqZXMTI8sEycGd0L5DH_1fhUf09SEuMdoZdlHPYbhTjH-o5P0-V_hTzkROKNE8y8nLRZVU3RRAUFMuWe0cF1BXg0s6ptTEqJFPKMB1jJDdz1PcRKzE3hxLbecWl3yPwR_R-tSyncE_Nc9CU0DySnwO_h1yNui4MYMyWZ78ICbf26mNM0oqG2Nq5T4ypgExwQdhD-9-2GxkZpfuemRZl9jGC4IQMrbNQI9wYvBj-XcB912MaD1fny6EiRLoo6Ghpbk9z6QxqP2gr-EZmDYAAJKVFGNkkvp_zeErVWXfLKgvvkAaOmoCMEJRotxGOX-&_bbr=1" "Mozilla/5.0 (Windows NT 10.0; Win64; x64) AppleWebKit/537.36 (KHTML, like Gecko) Chrome/144.0.0.0 Safari/537.36"
103.101.212.225 - - [24/Mar/2026:02:14:00 +0530] "GET / HTTP/2.0" 200 - "https://29571642-32451-ex.uncocleypercha.com/" "Mozilla/5.0 (iPhone; CPU iPhone OS 18_4_0 like Mac OS X) AppleWebKit/605.1.15 (KHTML, like Gecko) CriOS/146.0.7680.151 Mobile/15E148 Safari/604.1"
176.54.89.180 - - [24/Mar/2026:02:14:23 +0530] "GET /assets/img/logo.png HTTP/2.0" 200 204319 "https://www.pathoworld.in/" "Mozilla/5.0 (Linux; Android 10; K) AppleWebKit/537.36 (KHTML, like Gecko) Chrome/146.0.0.0 Mobile Safari/537.36"
176.54.89.180 - - [24/Mar/2026:02:14:23 +0530] "GET /assets/cart-icon.png HTTP/2.0" 200 2855 "https://www.pathoworld.in/" "Mozilla/5.0 (Linux; Android 10; K) AppleWebKit/537.36 (KHTML, like Gecko) Chrome/146.0.0.0 Mobile Safari/537.36"
213.114.83.57 - - [24/Mar/2026:02:14:24 +0530] "GET /assets/css/bootstrap.min.css HTTP/2.0" 200 22910 "https://www.pathoworld.in/" "Mozilla/5.0 (Linux; Android 10; K) AppleWebKit/537.36 (KHTML, like Gecko) Chrome/146.0.0.0 Safari/537.36"
85.104.121.187 - - [24/Mar/2026:02:14:24 +0530] "GET / HTTP/2.0" 508 288 "https://29571644-36729-36574.tentedienat.com/ji1PDYE1OQzlZtczvQOYbhxKk9RS5tiGZvtUX8icEJ4RPJyXya9ZaKf3tmYAmwF4aSlrwZk?_=06eca0dc-26f9-11f1-a2c6-ebbd1424a578&d=BQ5qQHPe4pXerjk5VggGVU5bEkhB-ShluPLWZE5LR8viENbgK4a5iLqKU7FzIt7L914bsrdJK-hKGap7VwUaHKDQaWW4Z886W158e9MoGjzAArHIAb44Y_s2rdHqA_Q4rq-yvVrgJ5Wm6UTu3OawKISKTw3zayPgl7H_OzD1nVhbjWKUayw9G2-Ww0SctBIL1dPQ8Cw8PSYDOBlQe1PqoiChba6Lx8j2lFVGXS9jGhBa6HfFiNwy-XBsuwMlwVwOc769ow3SBSOlh8mIsHhOX80Zh5-khTrsUvSr127bGNwyE5_lTljJlpbAYm7fNoTry3o5EXHfU8Gba0Oei-ob9r9OJqp34BoJZR1Gr4QtqtGRHp-R1XUnaWCcqdxciHP_mW4ENScprG2CQGu97BFqcyqhnTtjSYQREZJqIEyOMx4igPhi1-tJH0_x8dgWOrUpB7-3J-i999Cc9oICKJTXIhfKStdjlyWVoOGagC1p0WTfJY5CUGDJ_EoRQSx2tanv8aL96NU-TG23vyJOZs0HPbusYBN0VrxWWu8_Sq2FJSm0uLr1DPLKcB9tftxd7AOfX4aTjPnKpDvg_2a3r-bGfHveOQEshXGUWOXnJEh8OAx_WWwrlRnfST2gsJU5AhdKHuADpdurCzwdfb4uhyAPEw6NzNRL0bCNmcNv-WS12mt53YSddZ6k5dV0uWdQTEzoSn4rweLQ1nK-CbqMWn5xUy1Go_Bej8PXA2KpaMGVSnYSIHUbAZC9uqm7HBWg6zyfVuKAe5tUhUQk_Gmswo84KVCjvXlQwjxwFTt_67D9LSbIhXeOKg2jo9Uva52L9DIL3g-8wFcG94p3lVltb3gRqpbdzHIjJm_3NcvIJNi-x6MuYaTdy9d5dMwgrZajh0rEHQu9rnNJa-iLxjo7ys1K2jOj7jUyVUI92J8UDC6B0kl-yxqNnVFFwLb5yMTZDQ5t49UVkit6VovUxGXKzrC4Rl3dPA0Lr9J7W867xM3DXk1haP1zfDz985xdsLnOYPHMdgMVcHZq0uE-s7lnBuZFZzDpOtM9f9TXYCxB7gnLPkUs0_0kvgFXr5vkaN5oPCc3t9kIGBAfbApixfT7K5q5j8Pj_vaxWPf8LjQdJcyzzsS8Xzn24js6KqEzFF5NwnvSmH6qaKzFbtlc3FjMYsUJCcRmuc1z-CprikblUZEiYj9JxQ7v53aHYIk58Kw&_bbr=1" "Mozilla/5.0 (Linux; Android 10; K) AppleWebKit/537.36 (KHTML, like Gecko) Chrome/146.0.0.0 Mobile Safari/537.36"
157.45.73.151 - - [24/Mar/2026:02:14:24 +0530] "GET / HTTP/2.0" 508 288 "https://5732.gomatinequisheoi.com/4/242546?_bbr=1" "Mozilla/5.0 (iPhone; CPU iPhone OS 18_7 like Mac OS X) AppleWebKit/605.1.15 (KHTML, like Gecko) Version/18.7.4 Mobile/15E148 Safari/604.1"
102.209.112.155 - - [24/Mar/2026:02:14:24 +0530] "GET /assets/fonts/Flaticon.woff2 HTTP/2.0" 200 7532 "https://www.pathoworld.in/assets/css/flaticon.css" "Mozilla/5.0 (Linux; Android 10; K) AppleWebKit/537.36 (KHTML, like Gecko) Chrome/146.0.0.0 Mobile Safari/537.36"
213.114.83.57 - - [24/Mar/2026:02:14:24 +0530] "GET /assets/css/animate.min.css HTTP/2.0" 200 4324 "https://www.pathoworld.in/" "Mozilla/5.0 (Linux; Android 10; K) AppleWebKit/537.36 (KHTML, like Gecko) Chrome/146.0.0.0 Safari/537.36"
102.209.112.155 - - [24/Mar/2026:02:14:24 +0530] "GET /assets/fonts/fa-solid-900.woff2 HTTP/2.0" 200 74256 "https://www.pathoworld.in/assets/css/fontawesome.min.css" "Mozilla/5.0 (Linux; Android 10; K) AppleWebKit/537.36 (KHTML, like Gecko) Chrome/146.0.0.0 Mobile Safari/537.36"
213.114.83.57 - - [24/Mar/2026:02:14:24 +0530] "GET /assets/css/flaticon.css HTTP/2.0" 200 665 "https://www.pathoworld.in/" "Mozilla/5.0 (Linux; Android 10; K) AppleWebKit/537.36 (KHTML, like Gecko) Chrome/146.0.0.0 Safari/537.36"
213.114.83.57 - - [24/Mar/2026:02:14:24 +0530] "GET /assets/css/progressbar.min.css HTTP/2.0" 200 350 "https://www.pathoworld.in/" "Mozilla/5.0 (Linux; Android 10; K) AppleWebKit/537.36 (KHTML, like Gecko) Chrome/146.0.0.0 Safari/537.36"
2.96.199.42 - - [24/Mar/2026:02:14:17 +0530] "GET /favicon.ico HTTP/2.0" 404 29421 "https://www.pathoworld.in/" "Mozilla/5.0 (Linux; Android 10; K) AppleWebKit/537.36 (KHTML, like Gecko) Chrome/146.0.0.0 Mobile Safari/537.36"
92.96.4.52 - - [24/Mar/2026:02:14:24 +0530] "GET /assets/js/jquery.ajaxchimp.min.js HTTP/2.0" 200 939 "https://www.pathoworld.in/" "Mozilla/5.0 (Linux; arm_64; Android 12; Redmi Note 9 Pro) AppleWebKit/537.36 (KHTML, like Gecko) Chrome/144.0.7559.61 YaBrowser/26.3.4.61.00 (beta) Mobile Safari/537.36"
92.96.4.52 - - [24/Mar/2026:02:14:24 +0530] "GET /assets/js/contact-form-script.js HTTP/2.0" 200 740 "https://www.pathoworld.in/" "Mozilla/5.0 (Linux; arm_64; Android 12; Redmi Note 9 Pro) AppleWebKit/537.36 (KHTML, like Gecko) Chrome/144.0.7559.61 YaBrowser/26.3.4.61.00 (beta) Mobile Safari/537.36"
92.96.4.52 - - [24/Mar/2026:02:14:24 +0530] "GET /assets/js/form-validator.min.js HTTP/2.0" 200 2096 "https://www.pathoworld.in/" "Mozilla/5.0 (Linux; arm_64; Android 12; Redmi Note 9 Pro) AppleWebKit/537.36 (KHTML, like Gecko) Chrome/144.0.7559.61 YaBrowser/26.3.4.61.00 (beta) Mobile Safari/537.36"
223.237.151.213 - - [24/Mar/2026:02:14:24 +0530] "GET /assets/img/cta-bg.jpg HTTP/2.0" 200 604579 "https://www.pathoworld.in/assets/css/style.css" "Mozilla/5.0 (Linux; Android 10; K) AppleWebKit/537.36 (KHTML, like Gecko) Chrome/146.0.0.0 Mobile Safari/537.36"
176.216.77.109 - - [24/Mar/2026:02:14:24 +0530] "GET /assets/css/progressbar.min.css HTTP/2.0" 200 350 "https://www.pathoworld.in/" "Mozilla/5.0 (Linux; Android 10; K) AppleWebKit/537.36 (KHTML, like Gecko) Chrome/145.0.0.0 Mobile Safari/537.36"
157.48.66.84 - - [24/Mar/2026:02:14:24 +0530] "GET /assets/css/flaticon.css HTTP/2.0" 200 665 "https://www.pathoworld.in/" "Mozilla/5.0 (Linux; Android 10; K) AppleWebKit/537.36 (KHTML, like Gecko) Chrome/146.0.0.0 Mobile Safari/537.36"
103.134.192.147 - - [24/Mar/2026:02:14:24 +0530] "GET /assets/img/icons/discount.png HTTP/2.0" 200 62356 "https://www.pathoworld.in/" "Mozilla/5.0 (Linux; Android 10; K) AppleWebKit/537.36 (KHTML, like Gecko) Chrome/146.0.0.0 Mobile Safari/537.36"
103.134.192.147 - - [24/Mar/2026:02:14:24 +0530] "GET /assets/img/icons/blood.png HTTP/2.0" 200 10471 "https://www.pathoworld.in/" "Mozilla/5.0 (Linux; Android 10; K) AppleWebKit/537.36 (KHTML, like Gecko) Chrome/146.0.0.0 Mobile Safari/537.36"
103.134.192.147 - - [24/Mar/2026:02:14:24 +0530] "GET /assets/img/icons/mobile.png HTTP/2.0" 200 43677 "https://www.pathoworld.in/" "Mozilla/5.0 (Linux; Android 10; K) AppleWebKit/537.36 (KHTML, like Gecko) Chrome/146.0.0.0 Mobile Safari/537.36"
27.73.103.49 - - [24/Mar/2026:02:14:24 +0530] "GET / HTTP/2.0" 508 288 "https://29571643-36729-36574.tentedienat.com/iyxPB4IxPgzkZtczvQOYbhxKk9RS5tiGZvtUX8icEJ4WPJmdyQV-YGurSI2MJc4tQZo0Chg?_=04c79d51-26f9-11f1-ade0-c32c7618418e&d=BQ5qQHPe4ZVWrzn5EQ0R9ckqEvDstUPenyVDX0D9VmzHtI7ynav_m-XWgPeUjdlSJX75DpRnkyz7gjWNt2pgTewljZzBaNJYqjYgtVkcpjYxTAws-E42bVZAF6flP7eRUFpGVEdB0LKwaln9yglMgyc-wojucMgQUqhXVYJtezqwbRUbE20T4dy9XlE0QsIwLJDVMSOTDoQlkUzBLJJtmOCujK5pgpGk2_DIW8r2AcVjvxCIoroTT6xRQvQomunBAdYrWUubkb6Deed93iGGl2WkouCPtaxqvgZjDLuWVRnATaQPLvxLZ0m9QrhdVGx_Z1Ve-XvlAv2EGPaBa4jCd6dRmx_JXybARm7v2wGtScEs9rHURB_fKsI2jaG7dQCu5yUssEqB5-eCJv-goW6aWMjwexzMFsdsn_DXBmgrdm_VRTFAlH5XiO63NQs4jPk_Jv5Ygt3XGq5lh1GIP9KDJpNLg_YM6Zi-ODeqookAU_fnNZJHDCf9-dPp_ik8zUDRhGUaQpqzYSyepJLBC7jEUbBqF-wwRZQfn7BWwXfak8WLR9nWhxPV6IU-MYUHP-JQDJY5MSsWJ0khiQitlhjPjFEyprN2Rwek4bEquWJlkrf9PgMMyKF0YYDaFAR2s017l92GZWFNmxuVZJazybNyBCfowHIiFepXzn6u6nSaDNLHrjoTFhZKx5IYxpAkCvTnYi2c4nkK2pBaWX9oKJ3hEigr7LkMctejBvw8NGQun7YOLoY37wJ6BvbraSvAjDnm2GK6UYEjtErcBGUStozj9UBWQeP-N-LNO0_pGUWZDHJSGoHemXd52-hXgpvNNdJ_7jzw_OOhpGHtFlEXeVOIxYInByBOCXl1Erxo_fEiRHD3Ee4EimmdXK3Yl2PNpHm8w80mX0H3VDH0gN5I2rwDE7b621mHGg8PNOJow2L8e-exsRxq_KBRjLbW_kFxYg_I4zWDhEyc2y-1fwEl63iH9p6zdivYl7_5p8IbcuxDrqmXXOvO_WCgYY0q3u4k1FkyiK0WZUdrbdyXei3A0aYMbTOaxLgKz6fSAB9M15V4yi_XEgUqiHAJ9s77QLDbCnpshQl0WhgShAJ2avPgw6QvKdvVMr2NDrXrq2JVMapKxyLL68cBLppn9dWwXXu410bLay7ePPJ_QrwOU3EW1vWBMRXjWJNnDGQfRzXI&_bbr=1" "Mozilla/5.0 (Linux; Android 10; K) AppleWebKit/537.36 (KHTML, like Gecko) Chrome/146.0.0.0 Mobile Safari/537.36"
195.86.121.39 - - [24/Mar/2026:02:14:14 +0530] "GET / HTTP/2.0" 200 9055 "https://pagesonyou.my.id/" "Mozilla/5.0 (Linux; Android 14; SM-F700F) AppleWebKit/537.36 (KHTML, like Gecko) SamsungBrowser/28.0 Chrome/143.0.7499.109 Mobile Safari/537.36"
176.216.77.109 - - [24/Mar/2026:02:14:24 +0530] "GET /assets/css/style.css HTTP/2.0" 200 18238 "https://www.pathoworld.in/" "Mozilla/5.0 (Linux; Android 10; K) AppleWebKit/537.36 (KHTML, like Gecko) Chrome/145.0.0.0 Mobile Safari/537.36"
176.216.77.109 - - [24/Mar/2026:02:14:24 +0530] "GET /assets/css/responsive.css HTTP/2.0" 200 5713 "https://www.pathoworld.in/" "Mozilla/5.0 (Linux; Android 10; K) AppleWebKit/537.36 (KHTML, like Gecko) Chrome/145.0.0.0 Mobile Safari/537.36"
223.182.212.162 - - [24/Mar/2026:02:14:24 +0530] "GET /assets/css/bootstrap.min.css HTTP/2.0" 200 22910 "https://www.pathoworld.in/" "Mozilla/5.0 (Linux; Android 10; K) AppleWebKit/537.36 (KHTML, like Gecko) Chrome/145.0.0.0 Mobile Safari/537.36"
102.209.112.155 - - [24/Mar/2026:02:14:24 +0530] "GET /assets/img/slider/web-benner-12.png HTTP/2.0" 200 444437 "https://www.pathoworld.in/" "Mozilla/5.0 (Linux; Android 10; K) AppleWebKit/537.36 (KHTML, like Gecko) Chrome/146.0.0.0 Mobile Safari/537.36"
92.96.4.52 - - [24/Mar/2026:02:14:24 +0530] "GET /assets/js/main.js HTTP/2.0" 200 2464 "https://www.pathoworld.in/" "Mozilla/5.0 (Linux; arm_64; Android 12; Redmi Note 9 Pro) AppleWebKit/537.36 (KHTML, like Gecko) Chrome/144.0.7559.61 YaBrowser/26.3.4.61.00 (beta) Mobile Safari/537.36"
181.176.42.170 - - [24/Mar/2026:02:14:24 +0530] "GET /assets/img/imaging-pathoworld.png HTTP/2.0" 200 97252 "https://www.pathoworld.in/" "Mozilla/5.0 (Linux; Android 10; K) AppleWebKit/537.36 (KHTML, like Gecko) Chrome/145.0.0.0 Mobile Safari/537.36"
102.209.112.155 - - [24/Mar/2026:02:14:24 +0530] "GET /admin/icon/healthcheckup.png HTTP/2.0" 200 42881 "https://www.pathoworld.in/" "Mozilla/5.0 (Linux; Android 10; K) AppleWebKit/537.36 (KHTML, like Gecko) Chrome/146.0.0.0 Mobile Safari/537.36"
103.134.192.147 - - [24/Mar/2026:02:14:24 +0530] "GET /assets/img/icons/graph.png HTTP/2.0" 200 29886 "https://www.pathoworld.in/" "Mozilla/5.0 (Linux; Android 10; K) AppleWebKit/537.36 (KHTML, like Gecko) Chrome/146.0.0.0 Mobile Safari/537.36"
213.114.83.57 - - [24/Mar/2026:02:14:24 +0530] "GET /assets/cart-icon.png HTTP/2.0" 200 2855 "https://www.pathoworld.in/" "Mozilla/5.0 (Linux; Android 10; K) AppleWebKit/537.36 (KHTML, like Gecko) Chrome/146.0.0.0 Safari/537.36"
213.114.83.57 - - [24/Mar/2026:02:14:24 +0530] "GET /assets/css/fontawesome.min.css HTTP/2.0" 200 12063 "https://www.pathoworld.in/" "Mozilla/5.0 (Linux; Android 10; K) AppleWebKit/537.36 (KHTML, like Gecko) Chrome/146.0.0.0 Safari/537.36"
213.114.83.57 - - [24/Mar/2026:02:14:24 +0530] "GET /assets/img/imaging-pathoworld.png HTTP/2.0" 200 97252 "https://www.pathoworld.in/" "Mozilla/5.0 (Linux; Android 10; K) AppleWebKit/537.36 (KHTML, like Gecko) Chrome/146.0.0.0 Safari/537.36"
213.114.83.57 - - [24/Mar/2026:02:14:24 +0530] "GET /assets/js/popper.min.js HTTP/2.0" 200 6623 "https://www.pathoworld.in/" "Mozilla/5.0 (Linux; Android 10; K) AppleWebKit/537.36 (KHTML, like Gecko) Chrome/146.0.0.0 Safari/537.36"
213.114.83.57 - - [24/Mar/2026:02:14:24 +0530] "GET /assets/js/bootstrap.min.js HTTP/2.0" 200 15918 "https://www.pathoworld.in/" "Mozilla/5.0 (Linux; Android 10; K) AppleWebKit/537.36 (KHTML, like Gecko) Chrome/146.0.0.0 Safari/537.36"
213.114.83.57 - - [24/Mar/2026:02:14:24 +0530] "GET /assets/js/jquery.meanmenu.js HTTP/2.0" 200 1607 "https://www.pathoworld.in/" "Mozilla/5.0 (Linux; Android 10; K) AppleWebKit/537.36 (KHTML, like Gecko) Chrome/146.0.0.0 Safari/537.36"
213.114.83.57 - - [24/Mar/2026:02:14:24 +0530] "GET /assets/js/jquery.appear.js HTTP/2.0" 200 1360 "https://www.pathoworld.in/" "Mozilla/5.0 (Linux; Android 10; K) AppleWebKit/537.36 (KHTML, like Gecko) Chrome/146.0.0.0 Safari/537.36"
213.114.83.57 - - [24/Mar/2026:02:14:24 +0530] "GET /assets/css/magnific-popup.min.css HTTP/2.0" 200 1566 "https://www.pathoworld.in/" "Mozilla/5.0 (Linux; Android 10; K) AppleWebKit/537.36 (KHTML, like Gecko) Chrome/146.0.0.0 Safari/537.36"
213.114.83.57 - - [24/Mar/2026:02:14:24 +0530] "GET /assets/css/odometer.min.css HTTP/2.0" 200 515 "https://www.pathoworld.in/" "Mozilla/5.0 (Linux; Android 10; K) AppleWebKit/537.36 (KHTML, like Gecko) Chrome/146.0.0.0 Safari/537.36"
213.114.83.57 - - [24/Mar/2026:02:14:24 +0530] "GET /assets/css/meanmenu.css HTTP/2.0" 200 986 "https://www.pathoworld.in/" "Mozilla/5.0 (Linux; Android 10; K) AppleWebKit/537.36 (KHTML, like Gecko) Chrome/146.0.0.0 Safari/537.36"
213.114.83.57 - - [24/Mar/2026:02:14:24 +0530] "GET /assets/css/owl.carousel.min.css HTTP/2.0" 200 1284 "https://www.pathoworld.in/" "Mozilla/5.0 (Linux; Android 10; K) AppleWebKit/537.36 (KHTML, like Gecko) Chrome/146.0.0.0 Safari/537.36"
213.114.83.57 - - [24/Mar/2026:02:14:24 +0530] "GET /assets/css/style.css HTTP/2.0" 200 18238 "https://www.pathoworld.in/" "Mozilla/5.0 (Linux; Android 10; K) AppleWebKit/537.36 (KHTML, like Gecko) Chrome/146.0.0.0 Safari/537.36"
213.114.83.57 - - [24/Mar/2026:02:14:24 +0530] "GET /assets/css/responsive.css HTTP/2.0" 200 5713 "https://www.pathoworld.in/" "Mozilla/5.0 (Linux; Android 10; K) AppleWebKit/537.36 (KHTML, like Gecko) Chrome/146.0.0.0 Safari/537.36"
213.114.83.57 - - [24/Mar/2026:02:14:24 +0530] "GET /assets/img/logo.png HTTP/2.0" 200 204319 "https://www.pathoworld.in/" "Mozilla/5.0 (Linux; Android 10; K) AppleWebKit/537.36 (KHTML, like Gecko) Chrome/146.0.0.0 Safari/537.36"
213.114.83.57 - - [24/Mar/2026:02:14:24 +0530] "GET /assets/js/jquery.min.js HTTP/2.0" 200 30900 "https://www.pathoworld.in/" "Mozilla/5.0 (Linux; Android 10; K) AppleWebKit/537.36 (KHTML, like Gecko) Chrome/146.0.0.0 Safari/537.36"
103.80.153.38 - - [24/Mar/2026:02:14:24 +0530] "GET /assets/img/slider/s4.png HTTP/2.0" 200 141080 "https://www.pathoworld.in/" "Mozilla/5.0 (iPhone; CPU iPhone OS 26_3_1 like Mac OS X) AppleWebKit/605.1.15 (KHTML, like Gecko) CriOS/146.0.7680.151 Mobile/15E148 Safari/604.1"
176.216.77.109 - - [24/Mar/2026:02:14:24 +0530] "GET /assets/cart-icon.png HTTP/2.0" 200 2855 "https://www.pathoworld.in/" "Mozilla/5.0 (Linux; Android 10; K) AppleWebKit/537.36 (KHTML, like Gecko) Chrome/145.0.0.0 Mobile Safari/537.36"
103.134.192.147 - - [24/Mar/2026:02:14:24 +0530] "GET /assets/img/icons/sugar.png HTTP/2.0" 200 14022 "https://www.pathoworld.in/" "Mozilla/5.0 (Linux; Android 10; K) AppleWebKit/537.36 (KHTML, like Gecko) Chrome/146.0.0.0 Mobile Safari/537.36"
102.209.112.155 - - [24/Mar/2026:02:14:24 +0530] "GET /admin/icon/eldermanhealthcheckup.png HTTP/2.0" 200 47535 "https://www.pathoworld.in/" "Mozilla/5.0 (Linux; Android 10; K) AppleWebKit/537.36 (KHTML, like Gecko) Chrome/146.0.0.0 Mobile Safari/537.36"
92.96.4.52 - - [24/Mar/2026:02:14:24 +0530] "GET /assets/img/slider/s1.png HTTP/2.0" 200 104353 "https://www.pathoworld.in/" "Mozilla/5.0 (Linux; arm_64; Android 12; Redmi Note 9 Pro) AppleWebKit/537.36 (KHTML, like Gecko) Chrome/144.0.7559.61 YaBrowser/26.3.4.61.00 (beta) Mobile Safari/537.36"
223.182.212.162 - - [24/Mar/2026:02:14:24 +0530] "GET /assets/css/animate.min.css HTTP/2.0" 200 4324 "https://www.pathoworld.in/" "Mozilla/5.0 (Linux; Android 10; K) AppleWebKit/537.36 (KHTML, like Gecko) Chrome/145.0.0.0 Mobile Safari/537.36"
103.134.192.147 - - [24/Mar/2026:02:14:24 +0530] "GET /assets/img/icons/family.png HTTP/2.0" 200 45194 "https://www.pathoworld.in/" "Mozilla/5.0 (Linux; Android 10; K) AppleWebKit/537.36 (KHTML, like Gecko) Chrome/146.0.0.0 Mobile Safari/537.36"
106.200.6.230 - - [24/Mar/2026:02:14:21 +0530] "GET /assets/img/logo.png HTTP/2.0" 200 204319 "https://www.pathoworld.in/" "Mozilla/5.0 (iPhone; CPU iPhone OS 18_6_2 like Mac OS X) AppleWebKit/605.1.15 (KHTML, like Gecko) GSA/412.0.882869339 Mobile/15E148 Safari/604.1"
106.200.6.230 - - [24/Mar/2026:02:14:21 +0530] "GET /assets/cart-icon.png HTTP/2.0" 200 2855 "https://www.pathoworld.in/" "Mozilla/5.0 (iPhone; CPU iPhone OS 18_6_2 like Mac OS X) AppleWebKit/605.1.15 (KHTML, like Gecko) GSA/412.0.882869339 Mobile/15E148 Safari/604.1"
106.200.6.230 - - [24/Mar/2026:02:14:21 +0530] "GET /assets/img/imaging-pathoworld.png HTTP/2.0" 200 97252 "https://www.pathoworld.in/" "Mozilla/5.0 (iPhone; CPU iPhone OS 18_6_2 like Mac OS X) AppleWebKit/605.1.15 (KHTML, like Gecko) GSA/412.0.882869339 Mobile/15E148 Safari/604.1"
106.200.6.230 - - [24/Mar/2026:02:14:21 +0530] "GET /assets/img/slider/web-benner-12.png HTTP/2.0" 200 444437 "https://www.pathoworld.in/" "Mozilla/5.0 (iPhone; CPU iPhone OS 18_6_2 like Mac OS X) AppleWebKit/605.1.15 (KHTML, like Gecko) GSA/412.0.882869339 Mobile/15E148 Safari/604.1"
106.200.6.230 - - [24/Mar/2026:02:14:21 +0530] "GET /assets/img/slider/s1.png HTTP/2.0" 200 104353 "https://www.pathoworld.in/" "Mozilla/5.0 (iPhone; CPU iPhone OS 18_6_2 like Mac OS X) AppleWebKit/605.1.15 (KHTML, like Gecko) GSA/412.0.882869339 Mobile/15E148 Safari/604.1"
106.200.6.230 - - [24/Mar/2026:02:14:21 +0530] "GET /assets/img/slider/s2.png HTTP/2.0" 200 164012 "https://www.pathoworld.in/" "Mozilla/5.0 (iPhone; CPU iPhone OS 18_6_2 like Mac OS X) AppleWebKit/605.1.15 (KHTML, like Gecko) GSA/412.0.882869339 Mobile/15E148 Safari/604.1"
106.200.6.230 - - [24/Mar/2026:02:14:21 +0530] "GET /assets/img/slider/s4.png HTTP/2.0" 200 141080 "https://www.pathoworld.in/" "Mozilla/5.0 (iPhone; CPU iPhone OS 18_6_2 like Mac OS X) AppleWebKit/605.1.15 (KHTML, like Gecko) GSA/412.0.882869339 Mobile/15E148 Safari/604.1"
106.200.6.230 - - [24/Mar/2026:02:14:21 +0530] "GET /assets/img/shape-image/1.png HTTP/2.0" 200 4694 "https://www.pathoworld.in/" "Mozilla/5.0 (iPhone; CPU iPhone OS 18_6_2 like Mac OS X) AppleWebKit/605.1.15 (KHTML, like Gecko) GSA/412.0.882869339 Mobile/15E148 Safari/604.1"
106.200.6.230 - - [24/Mar/2026:02:14:21 +0530] "GET /assets/img/shape-image/2.png HTTP/2.0" 200 8055 "https://www.pathoworld.in/" "Mozilla/5.0 (iPhone; CPU iPhone OS 18_6_2 like Mac OS X) AppleWebKit/605.1.15 (KHTML, like Gecko) GSA/412.0.882869339 Mobile/15E148 Safari/604.1"
106.200.6.230 - - [24/Mar/2026:02:14:21 +0530] "GET /assets/img/shape-image/3.png HTTP/2.0" 200 4473 "https://www.pathoworld.in/" "Mozilla/5.0 (iPhone; CPU iPhone OS 18_6_2 like Mac OS X) AppleWebKit/605.1.15 (KHTML, like Gecko) GSA/412.0.882869339 Mobile/15E148 Safari/604.1"
106.200.6.230 - - [24/Mar/2026:02:14:21 +0530] "GET /assets/img/shape-image/4.png HTTP/2.0" 200 4607 "https://www.pathoworld.in/" "Mozilla/5.0 (iPhone; CPU iPhone OS 18_6_2 like Mac OS X) AppleWebKit/605.1.15 (KHTML, like Gecko) GSA/412.0.882869339 Mobile/15E148 Safari/604.1"
106.200.6.230 - - [24/Mar/2026:02:14:21 +0530] "GET /assets/img/shape-image/7.png HTTP/2.0" 200 4036 "https://www.pathoworld.in/" "Mozilla/5.0 (iPhone; CPU iPhone OS 18_6_2 like Mac OS X) AppleWebKit/605.1.15 (KHTML, like Gecko) GSA/412.0.882869339 Mobile/15E148 Safari/604.1"
106.200.6.230 - - [24/Mar/2026:02:14:21 +0530] "GET /assets/img/shape-image/8.png HTTP/2.0" 200 8181 "https://www.pathoworld.in/" "Mozilla/5.0 (iPhone; CPU iPhone OS 18_6_2 like Mac OS X) AppleWebKit/605.1.15 (KHTML, like Gecko) GSA/412.0.882869339 Mobile/15E148 Safari/604.1"
106.200.6.230 - - [24/Mar/2026:02:14:21 +0530] "GET /admin/icon/healthcheckup.png HTTP/2.0" 200 42881 "https://www.pathoworld.in/" "Mozilla/5.0 (iPhone; CPU iPhone OS 18_6_2 like Mac OS X) AppleWebKit/605.1.15 (KHTML, like Gecko) GSA/412.0.882869339 Mobile/15E148 Safari/604.1"
106.200.6.230 - - [24/Mar/2026:02:14:21 +0530] "GET /admin/icon/eldermanhealthcheckup.png HTTP/2.0" 200 47535 "https://www.pathoworld.in/" "Mozilla/5.0 (iPhone; CPU iPhone OS 18_6_2 like Mac OS X) AppleWebKit/605.1.15 (KHTML, like Gecko) GSA/412.0.882869339 Mobile/15E148 Safari/604.1"
106.200.6.230 - - [24/Mar/2026:02:14:21 +0530] "GET /admin/icon/elderwomanhealthcheckup.png HTTP/2.0" 200 43513 "https://www.pathoworld.in/" "Mozilla/5.0 (iPhone; CPU iPhone OS 18_6_2 like Mac OS X) AppleWebKit/605.1.15 (KHTML, like Gecko) GSA/412.0.882869339 Mobile/15E148 Safari/604.1"
106.200.6.230 - - [24/Mar/2026:02:14:21 +0530] "GET /assets/img/worldhealth.png HTTP/2.0" 200 6557 "https://www.pathoworld.in/" "Mozilla/5.0 (iPhone; CPU iPhone OS 18_6_2 like Mac OS X) AppleWebKit/605.1.15 (KHTML, like Gecko) GSA/412.0.882869339 Mobile/15E148 Safari/604.1"
106.200.6.230 - - [24/Mar/2026:02:14:21 +0530] "GET /assets/img/icons/discount.png HTTP/2.0" 200 62356 "https://www.pathoworld.in/" "Mozilla/5.0 (iPhone; CPU iPhone OS 18_6_2 like Mac OS X) AppleWebKit/605.1.15 (KHTML, like Gecko) GSA/412.0.882869339 Mobile/15E148 Safari/604.1"
106.200.6.230 - - [24/Mar/2026:02:14:21 +0530] "GET /assets/img/icons/blood.png HTTP/2.0" 200 10471 "https://www.pathoworld.in/" "Mozilla/5.0 (iPhone; CPU iPhone OS 18_6_2 like Mac OS X) AppleWebKit/605.1.15 (KHTML, like Gecko) GSA/412.0.882869339 Mobile/15E148 Safari/604.1"
106.200.6.230 - - [24/Mar/2026:02:14:21 +0530] "GET /assets/img/icons/mobile.png HTTP/2.0" 200 43677 "https://www.pathoworld.in/" "Mozilla/5.0 (iPhone; CPU iPhone OS 18_6_2 like Mac OS X) AppleWebKit/605.1.15 (KHTML, like Gecko) GSA/412.0.882869339 Mobile/15E148 Safari/604.1"
106.200.6.230 - - [24/Mar/2026:02:14:21 +0530] "GET /assets/img/icons/graph.png HTTP/2.0" 200 29886 "https://www.pathoworld.in/" "Mozilla/5.0 (iPhone; CPU iPhone OS 18_6_2 like Mac OS X) AppleWebKit/605.1.15 (KHTML, like Gecko) GSA/412.0.882869339 Mobile/15E148 Safari/604.1"
106.200.6.230 - - [24/Mar/2026:02:14:21 +0530] "GET /assets/img/icons/sugar.png HTTP/2.0" 200 14022 "https://www.pathoworld.in/" "Mozilla/5.0 (iPhone; CPU iPhone OS 18_6_2 like Mac OS X) AppleWebKit/605.1.15 (KHTML, like Gecko) GSA/412.0.882869339 Mobile/15E148 Safari/604.1"
106.200.6.230 - - [24/Mar/2026:02:14:21 +0530] "GET /assets/img/user.png HTTP/2.0" 200 26361 "https://www.pathoworld.in/" "Mozilla/5.0 (iPhone; CPU iPhone OS 18_6_2 like Mac OS X) AppleWebKit/605.1.15 (KHTML, like Gecko) GSA/412.0.882869339 Mobile/15E148 Safari/604.1"
223.182.212.162 - - [24/Mar/2026:02:14:24 +0530] "GET /assets/css/fontawesome.min.css HTTP/2.0" 200 12063 "https://www.pathoworld.in/" "Mozilla/5.0 (Linux; Android 10; K) AppleWebKit/537.36 (KHTML, like Gecko) Chrome/145.0.0.0 Mobile Safari/537.36"
92.96.4.52 - - [24/Mar/2026:02:14:24 +0530] "GET /assets/img/slider/s2.png HTTP/2.0" 200 164012 "https://www.pathoworld.in/" "Mozilla/5.0 (Linux; arm_64; Android 12; Redmi Note 9 Pro) AppleWebKit/537.36 (KHTML, like Gecko) Chrome/144.0.7559.61 YaBrowser/26.3.4.61.00 (beta) Mobile Safari/537.36"
92.96.4.52 - - [24/Mar/2026:02:14:24 +0530] "GET /assets/img/slider/s3.png HTTP/2.0" 200 124455 "https://www.pathoworld.in/" "Mozilla/5.0 (Linux; arm_64; Android 12; Redmi Note 9 Pro) AppleWebKit/537.36 (KHTML, like Gecko) Chrome/144.0.7559.61 YaBrowser/26.3.4.61.00 (beta) Mobile Safari/537.36"
92.96.4.52 - - [24/Mar/2026:02:14:24 +0530] "GET /assets/img/slider/s4.png HTTP/2.0" 200 141080 "https://www.pathoworld.in/" "Mozilla/5.0 (Linux; arm_64; Android 12; Redmi Note 9 Pro) AppleWebKit/537.36 (KHTML, like Gecko) Chrome/144.0.7559.61 YaBrowser/26.3.4.61.00 (beta) Mobile Safari/537.36"
103.134.192.147 - - [24/Mar/2026:02:14:24 +0530] "GET /assets/img/shape-image/9.png HTTP/2.0" 200 3623 "https://www.pathoworld.in/" "Mozilla/5.0 (Linux; Android 10; K) AppleWebKit/537.36 (KHTML, like Gecko) Chrome/146.0.0.0 Mobile Safari/537.36"
103.134.192.147 - - [24/Mar/2026:02:14:24 +0530] "GET /assets/img/shape-image/10.png HTTP/2.0" 200 1515 "https://www.pathoworld.in/" "Mozilla/5.0 (Linux; Android 10; K) AppleWebKit/537.36 (KHTML, like Gecko) Chrome/146.0.0.0 Mobile Safari/537.36"
181.176.45.248 - - [24/Mar/2026:02:14:24 +0530] "GET /assets/img/imaging-pathoworld.png HTTP/2.0" 200 97252 "https://www.pathoworld.in/" "Mozilla/5.0 (Linux; Android 10; K) AppleWebKit/537.36 (KHTML, like Gecko) Chrome/143.0.0.0 Mobile Safari/537.36"
223.237.151.213 - - [24/Mar/2026:02:14:24 +0530] "GET /assets/img/favicon.png HTTP/2.0" 200 14733 "https://www.pathoworld.in/" "Mozilla/5.0 (Linux; Android 10; K) AppleWebKit/537.36 (KHTML, like Gecko) Chrome/146.0.0.0 Mobile Safari/537.36"
103.154.54.174 - - [24/Mar/2026:02:14:24 +0530] "GET / HTTP/2.0" 508 288 "https://hicalashung.com/v2/a/pop/221625?subid=679942&_bbr=1" "Mozilla/5.0 (Linux; Android 9; SM-J610F) AppleWebKit/537.36 (KHTML, like Gecko) SamsungBrowser/28.0 Chrome/143.0.7499.110 Mobile Safari/537.36"
176.216.77.109 - - [24/Mar/2026:02:14:24 +0530] "GET /assets/img/logo.png HTTP/2.0" 200 204319 "https://www.pathoworld.in/" "Mozilla/5.0 (Linux; Android 10; K) AppleWebKit/537.36 (KHTML, like Gecko) Chrome/145.0.0.0 Mobile Safari/537.36"
223.182.212.162 - - [24/Mar/2026:02:14:24 +0530] "GET /assets/css/flaticon.css HTTP/2.0" 200 665 "https://www.pathoworld.in/" "Mozilla/5.0 (Linux; Android 10; K) AppleWebKit/537.36 (KHTML, like Gecko) Chrome/145.0.0.0 Mobile Safari/537.36"
157.37.148.135 - - [24/Mar/2026:02:14:10 +0530] "GET / HTTP/2.0" 200 9055 "https://554.trissinted.com/4/169880?subid=1&tbminbid=0.05&tburl=https%3A%2F%2Fs.pemsrv.com%2Fsplash.php%3Fidzone%3D5728544%26sub%3D1%26type%3D8&_bbr=1" "Mozilla/5.0 (Linux; Android 10; K) AppleWebKit/537.36 (KHTML, like Gecko) Chrome/146.0.0.0 Mobile Safari/537.36"
92.96.4.52 - - [24/Mar/2026:02:14:24 +0530] "GET /assets/img/favicon.png HTTP/2.0" 200 14733 "https://www.pathoworld.in/" "Mozilla/5.0 (Linux; arm_64; Android 12; Redmi Note 9 Pro) AppleWebKit/537.36 (KHTML, like Gecko) Chrome/144.0.7559.61 YaBrowser/26.3.4.61.00 (beta) Mobile Safari/537.36"
92.96.4.52 - - [24/Mar/2026:02:14:24 +0530] "GET /assets/img/shape-image/1.png HTTP/2.0" 200 4694 "https://www.pathoworld.in/" "Mozilla/5.0 (Linux; arm_64; Android 12; Redmi Note 9 Pro) AppleWebKit/537.36 (KHTML, like Gecko) Chrome/144.0.7559.61 YaBrowser/26.3.4.61.00 (beta) Mobile Safari/537.36"
92.96.4.52 - - [24/Mar/2026:02:14:24 +0530] "GET /assets/img/shape-image/2.png HTTP/2.0" 200 8055 "https://www.pathoworld.in/" "Mozilla/5.0 (Linux; arm_64; Android 12; Redmi Note 9 Pro) AppleWebKit/537.36 (KHTML, like Gecko) Chrome/144.0.7559.61 YaBrowser/26.3.4.61.00 (beta) Mobile Safari/537.36"
103.134.192.147 - - [24/Mar/2026:02:14:24 +0530] "GET /assets/img/map1.png HTTP/2.0" 200 71706 "https://www.pathoworld.in/" "Mozilla/5.0 (Linux; Android 10; K) AppleWebKit/537.36 (KHTML, like Gecko) Chrome/146.0.0.0 Mobile Safari/537.36"
103.134.192.147 - - [24/Mar/2026:02:14:24 +0530] "GET /assets/img/user.png HTTP/2.0" 200 26361 "https://www.pathoworld.in/" "Mozilla/5.0 (Linux; Android 10; K) AppleWebKit/537.36 (KHTML, like Gecko) Chrome/146.0.0.0 Mobile Safari/537.36"
103.80.153.38 - - [24/Mar/2026:02:14:24 +0530] "GET /assets/img/shape-image/1.png HTTP/2.0" 200 4694 "https://www.pathoworld.in/" "Mozilla/5.0 (iPhone; CPU iPhone OS 26_3_1 like Mac OS X) AppleWebKit/605.1.15 (KHTML, like Gecko) CriOS/146.0.7680.151 Mobile/15E148 Safari/604.1"
181.176.42.170 - - [24/Mar/2026:02:14:24 +0530] "GET /assets/js/jquery.min.js HTTP/2.0" 200 30900 "https://www.pathoworld.in/" "Mozilla/5.0 (Linux; Android 10; K) AppleWebKit/537.36 (KHTML, like Gecko) Chrome/145.0.0.0 Mobile Safari/537.36"
194.39.228.39 - - [24/Mar/2026:02:14:03 +0530] "GET /favicon.ico HTTP/2.0" 404 29421 "https://www.pathoworld.in/" "Mozilla/5.0 (Linux; Android 10; K) AppleWebKit/537.36 (KHTML, like Gecko) Chrome/138.0.0.0 Mobile Safari/537.36"
223.182.212.162 - - [24/Mar/2026:02:14:24 +0530] "GET /assets/css/magnific-popup.min.css HTTP/2.0" 200 1566 "https://www.pathoworld.in/" "Mozilla/5.0 (Linux; Android 10; K) AppleWebKit/537.36 (KHTML, like Gecko) Chrome/145.0.0.0 Mobile Safari/537.36"
46.105.222.7 - - [24/Mar/2026:02:14:21 +0530] "GET /assets/img/shape-image/1.png HTTP/2.0" 200 4694 "https://www.pathoworld.in/" "Mozilla/5.0 (iPhone; CPU iPhone OS 26_2_1 like Mac OS X) AppleWebKit/605.1.15 (KHTML, like Gecko) CriOS/146.0.7680.151 Mobile/15E148 Safari/604.1"
46.105.222.7 - - [24/Mar/2026:02:14:21 +0530] "GET /assets/img/shape-image/2.png HTTP/2.0" 200 8055 "https://www.pathoworld.in/" "Mozilla/5.0 (iPhone; CPU iPhone OS 26_2_1 like Mac OS X) AppleWebKit/605.1.15 (KHTML, like Gecko) CriOS/146.0.7680.151 Mobile/15E148 Safari/604.1"
46.105.222.7 - - [24/Mar/2026:02:14:21 +0530] "GET /assets/img/shape-image/3.png HTTP/2.0" 200 4473 "https://www.pathoworld.in/" "Mozilla/5.0 (iPhone; CPU iPhone OS 26_2_1 like Mac OS X) AppleWebKit/605.1.15 (KHTML, like Gecko) CriOS/146.0.7680.151 Mobile/15E148 Safari/604.1"
46.105.222.7 - - [24/Mar/2026:02:14:21 +0530] "GET /assets/img/shape-image/4.png HTTP/2.0" 200 4607 "https://www.pathoworld.in/" "Mozilla/5.0 (iPhone; CPU iPhone OS 26_2_1 like Mac OS X) AppleWebKit/605.1.15 (KHTML, like Gecko) CriOS/146.0.7680.151 Mobile/15E148 Safari/604.1"
46.105.222.7 - - [24/Mar/2026:02:14:21 +0530] "GET /assets/img/shape-image/5.png HTTP/2.0" 200 3980 "https://www.pathoworld.in/" "Mozilla/5.0 (iPhone; CPU iPhone OS 26_2_1 like Mac OS X) AppleWebKit/605.1.15 (KHTML, like Gecko) CriOS/146.0.7680.151 Mobile/15E148 Safari/604.1"
27.73.103.49 - - [24/Mar/2026:02:14:24 +0530] "GET /favicon.ico HTTP/2.0" 508 288 "https://www.pathoworld.in/" "Mozilla/5.0 (Linux; Android 10; K) AppleWebKit/537.36 (KHTML, like Gecko) Chrome/146.0.0.0 Mobile Safari/537.36"
46.105.222.7 - - [24/Mar/2026:02:14:21 +0530] "GET /assets/img/shape-image/6.png HTTP/2.0" 200 8105 "https://www.pathoworld.in/" "Mozilla/5.0 (iPhone; CPU iPhone OS 26_2_1 like Mac OS X) AppleWebKit/605.1.15 (KHTML, like Gecko) CriOS/146.0.7680.151 Mobile/15E148 Safari/604.1"
46.105.222.7 - - [24/Mar/2026:02:14:21 +0530] "GET /assets/img/shape-image/7.png HTTP/2.0" 200 4036 "https://www.pathoworld.in/" "Mozilla/5.0 (iPhone; CPU iPhone OS 26_2_1 like Mac OS X) AppleWebKit/605.1.15 (KHTML, like Gecko) CriOS/146.0.7680.151 Mobile/15E148 Safari/604.1"
46.105.222.7 - - [24/Mar/2026:02:14:21 +0530] "GET /assets/img/shape-image/8.png HTTP/2.0" 200 8181 "https://www.pathoworld.in/" "Mozilla/5.0 (iPhone; CPU iPhone OS 26_2_1 like Mac OS X) AppleWebKit/605.1.15 (KHTML, like Gecko) CriOS/146.0.7680.151 Mobile/15E148 Safari/604.1"
46.105.222.7 - - [24/Mar/2026:02:14:21 +0530] "GET /assets/img/worldhealth.png HTTP/2.0" 200 6557 "https://www.pathoworld.in/" "Mozilla/5.0 (iPhone; CPU iPhone OS 26_2_1 like Mac OS X) AppleWebKit/605.1.15 (KHTML, like Gecko) CriOS/146.0.7680.151 Mobile/15E148 Safari/604.1"
46.105.222.7 - - [24/Mar/2026:02:14:21 +0530] "GET /assets/img/icons/blood.png HTTP/2.0" 200 10471 "https://www.pathoworld.in/" "Mozilla/5.0 (iPhone; CPU iPhone OS 26_2_1 like Mac OS X) AppleWebKit/605.1.15 (KHTML, like Gecko) CriOS/146.0.7680.151 Mobile/15E148 Safari/604.1"
46.105.222.7 - - [24/Mar/2026:02:14:21 +0530] "GET /assets/img/icons/sugar.png HTTP/2.0" 200 14022 "https://www.pathoworld.in/" "Mozilla/5.0 (iPhone; CPU iPhone OS 26_2_1 like Mac OS X) AppleWebKit/605.1.15 (KHTML, like Gecko) CriOS/146.0.7680.151 Mobile/15E148 Safari/604.1"
46.105.222.7 - - [24/Mar/2026:02:14:21 +0530] "GET /assets/img/shape-image/9.png HTTP/2.0" 200 3623 "https://www.pathoworld.in/" "Mozilla/5.0 (iPhone; CPU iPhone OS 26_2_1 like Mac OS X) AppleWebKit/605.1.15 (KHTML, like Gecko) CriOS/146.0.7680.151 Mobile/15E148 Safari/604.1"
46.105.222.7 - - [24/Mar/2026:02:14:21 +0530] "GET /assets/img/shape-image/10.png HTTP/2.0" 200 1515 "https://www.pathoworld.in/" "Mozilla/5.0 (iPhone; CPU iPhone OS 26_2_1 like Mac OS X) AppleWebKit/605.1.15 (KHTML, like Gecko) CriOS/146.0.7680.151 Mobile/15E148 Safari/604.1"
46.105.222.7 - - [24/Mar/2026:02:14:21 +0530] "GET /assets/img/icons/graph.png HTTP/2.0" 200 29886 "https://www.pathoworld.in/" "Mozilla/5.0 (iPhone; CPU iPhone OS 26_2_1 like Mac OS X) AppleWebKit/605.1.15 (KHTML, like Gecko) CriOS/146.0.7680.151 Mobile/15E148 Safari/604.1"
46.105.222.7 - - [24/Mar/2026:02:14:21 +0530] "GET /assets/img/user.png HTTP/2.0" 200 26361 "https://www.pathoworld.in/" "Mozilla/5.0 (iPhone; CPU iPhone OS 26_2_1 like Mac OS X) AppleWebKit/605.1.15 (KHTML, like Gecko) CriOS/146.0.7680.151 Mobile/15E148 Safari/604.1"
46.105.222.7 - - [24/Mar/2026:02:14:21 +0530] "GET /admin/icon/healthcheckup.png HTTP/2.0" 200 42881 "https://www.pathoworld.in/" "Mozilla/5.0 (iPhone; CPU iPhone OS 26_2_1 like Mac OS X) AppleWebKit/605.1.15 (KHTML, like Gecko) CriOS/146.0.7680.151 Mobile/15E148 Safari/604.1"
46.105.222.7 - - [24/Mar/2026:02:14:21 +0530] "GET /admin/icon/eldermanhealthcheckup.png HTTP/2.0" 200 47535 "https://www.pathoworld.in/" "Mozilla/5.0 (iPhone; CPU iPhone OS 26_2_1 like Mac OS X) AppleWebKit/605.1.15 (KHTML, like Gecko) CriOS/146.0.7680.151 Mobile/15E148 Safari/604.1"
46.105.222.7 - - [24/Mar/2026:02:14:21 +0530] "GET /admin/icon/elderwomanhealthcheckup.png HTTP/2.0" 200 43513 "https://www.pathoworld.in/" "Mozilla/5.0 (iPhone; CPU iPhone OS 26_2_1 like Mac OS X) AppleWebKit/605.1.15 (KHTML, like Gecko) CriOS/146.0.7680.151 Mobile/15E148 Safari/604.1"
46.105.222.7 - - [24/Mar/2026:02:14:21 +0530] "GET /assets/img/icons/mobile.png HTTP/2.0" 200 43677 "https://www.pathoworld.in/" "Mozilla/5.0 (iPhone; CPU iPhone OS 26_2_1 like Mac OS X) AppleWebKit/605.1.15 (KHTML, like Gecko) CriOS/146.0.7680.151 Mobile/15E148 Safari/604.1"
46.105.222.7 - - [24/Mar/2026:02:14:21 +0530] "GET /assets/img/icons/family.png HTTP/2.0" 200 45194 "https://www.pathoworld.in/" "Mozilla/5.0 (iPhone; CPU iPhone OS 26_2_1 like Mac OS X) AppleWebKit/605.1.15 (KHTML, like Gecko) CriOS/146.0.7680.151 Mobile/15E148 Safari/604.1"
46.105.222.7 - - [24/Mar/2026:02:14:21 +0530] "GET /assets/img/icons/discount.png HTTP/2.0" 200 62356 "https://www.pathoworld.in/" "Mozilla/5.0 (iPhone; CPU iPhone OS 26_2_1 like Mac OS X) AppleWebKit/605.1.15 (KHTML, like Gecko) CriOS/146.0.7680.151 Mobile/15E148 Safari/604.1"
46.105.222.7 - - [24/Mar/2026:02:14:21 +0530] "GET /assets/img/map1.png HTTP/2.0" 200 71706 "https://www.pathoworld.in/" "Mozilla/5.0 (iPhone; CPU iPhone OS 26_2_1 like Mac OS X) AppleWebKit/605.1.15 (KHTML, like Gecko) CriOS/146.0.7680.151 Mobile/15E148 Safari/604.1"
46.105.222.7 - - [24/Mar/2026:02:14:21 +0530] "GET /assets/img/slider/s1.png HTTP/2.0" 200 104353 "https://www.pathoworld.in/" "Mozilla/5.0 (iPhone; CPU iPhone OS 26_2_1 like Mac OS X) AppleWebKit/605.1.15 (KHTML, like Gecko) CriOS/146.0.7680.151 Mobile/15E148 Safari/604.1"
46.105.222.7 - - [24/Mar/2026:02:14:21 +0530] "GET /assets/img/slider/s3.png HTTP/2.0" 200 124455 "https://www.pathoworld.in/" "Mozilla/5.0 (iPhone; CPU iPhone OS 26_2_1 like Mac OS X) AppleWebKit/605.1.15 (KHTML, like Gecko) CriOS/146.0.7680.151 Mobile/15E148 Safari/604.1"
46.105.222.7 - - [24/Mar/2026:02:14:21 +0530] "GET /assets/img/slider/s4.png HTTP/2.0" 200 141080 "https://www.pathoworld.in/" "Mozilla/5.0 (iPhone; CPU iPhone OS 26_2_1 like Mac OS X) AppleWebKit/605.1.15 (KHTML, like Gecko) CriOS/146.0.7680.151 Mobile/15E148 Safari/604.1"
46.105.222.7 - - [24/Mar/2026:02:14:21 +0530] "GET /assets/img/slider/s2.png HTTP/2.0" 200 164012 "https://www.pathoworld.in/" "Mozilla/5.0 (iPhone; CPU iPhone OS 26_2_1 like Mac OS X) AppleWebKit/605.1.15 (KHTML, like Gecko) CriOS/146.0.7680.151 Mobile/15E148 Safari/604.1"
46.105.222.7 - - [24/Mar/2026:02:14:21 +0530] "GET /assets/img/cta-bg.jpg HTTP/2.0" 200 604579 "https://www.pathoworld.in/" "Mozilla/5.0 (iPhone; CPU iPhone OS 26_2_1 like Mac OS X) AppleWebKit/605.1.15 (KHTML, like Gecko) CriOS/146.0.7680.151 Mobile/15E148 Safari/604.1"
92.96.4.52 - - [24/Mar/2026:02:14:24 +0530] "GET /assets/img/shape-image/3.png HTTP/2.0" 200 4473 "https://www.pathoworld.in/" "Mozilla/5.0 (Linux; arm_64; Android 12; Redmi Note 9 Pro) AppleWebKit/537.36 (KHTML, like Gecko) Chrome/144.0.7559.61 YaBrowser/26.3.4.61.00 (beta) Mobile Safari/537.36"
92.96.4.52 - - [24/Mar/2026:02:14:24 +0530] "GET /assets/img/shape-image/5.png HTTP/2.0" 200 3980 "https://www.pathoworld.in/" "Mozilla/5.0 (Linux; arm_64; Android 12; Redmi Note 9 Pro) AppleWebKit/537.36 (KHTML, like Gecko) Chrome/144.0.7559.61 YaBrowser/26.3.4.61.00 (beta) Mobile Safari/537.36"
92.96.4.52 - - [24/Mar/2026:02:14:24 +0530] "GET /assets/img/shape-image/4.png HTTP/2.0" 200 4607 "https://www.pathoworld.in/" "Mozilla/5.0 (Linux; arm_64; Android 12; Redmi Note 9 Pro) AppleWebKit/537.36 (KHTML, like Gecko) Chrome/144.0.7559.61 YaBrowser/26.3.4.61.00 (beta) Mobile Safari/537.36"
170.239.37.81 - - [24/Mar/2026:02:14:24 +0530] "GET / HTTP/2.0" 508 288 "https://29571644-33181-36574.squitoiages.com/jCNECIUyOgbmZtczvQOYbhxKk9RS5tiGZvtUX8icEJ4RPJyUyaE1e55hfwUctLKTYQ2WtKs?_=0558c9f6-26f9-11f1-99a2-d104d453cb8e&d=BQ5qQHPe15X2rjmpUAoERS5bEjODieBBc1wTNPNji5gfjQPPaAVkpaSPPU4dSHke7DAHvs1cxAGLZ5RvsHQ1SVl8DL0T2E8D4IWsdRTsuv8op5OU2SvyAlkTmeiE8R5Z_BeFvyIa7x5a2VEIX6bHDF9a738JMtgWitMMA2AxY2MmXqdITTboyp__j4D78A7uUOSRktX36RdSrlpoAQhSBcF_VKR7YrrxjgCH9F4_0wjwel-abzoJBWszc98gRrxyiYSqaMP3nzINVj1cBim_AvE6ZGj5NNSHCdaWpsI6TCD8eISs-wwOSYl83V9ow11Dz9PfDtRvPvpavClKri-yWeHt62zrjoE7dIL-CpFrR1RHpbp-GN7THeQoQExxHY7gD7S7cpb3u5dahkoHWWClqYySxFaG_cuh3hQooOXmJglfUX1yWlvkr-jGIFsZrrlzBWjURoiWK4yan3ZjMYeu8Y06yYq2QicoEaWtCpAt_2mHuJYt9gv_39A0BccY_S1qI_IMleVuU1UXqEFwipSIgiEUZADp59_XeG3ls8JL25EqV9yzAACwWFFnR27D7L3DspeBnZpE63E_JhtROxl-LaPT-YJ99HW2PrHp2GVqUOK7WU2NlWhlrAO6YAkyx40OFczxTRGMJ-vq3LiKrtr4uVKileLz6sjirvQCykVC5iYniWUqKTXfjIwiw_U1d4t1XbXY70t0J68xEy1is3IQy97D8_12XWo07YHJKpWGWw5UWiM3U6nOpy9YyPhR2g8S06hqai4yqqTNhfxlUj-w31XAeZc-OJZLaatVraHeQ0sQdjwJZbiYjbl5sbhWkzQcWisdJXp0JjOjFgan7WExB0hWF4ZfhHgBNz1FdGf4H1qlzxQxmhErUI8i-EbuoWGc18AmHpoFW6zbCh96gTMvPqcJIAYEqrV46bDY8U9bD7Kqs65_KAdJELPjLmGo6A9VpdJqbUqr12GwnEfMRamGbWa7b9V3K3cTm0Gd_UmkmCsFGV6N43lg_AG1A01-teDqG31v-QnBbAg_DoKjsiyTntbpHx8Dla0SFgspFCv-ffHp9uPB_u2yUAn34RxQHJpEg0rh84zMo88Mw1wnTZS0-bLZB1PKxV7T8J4ssSI7LcAXgjqU7Aj4sBWr4LybRHchkEFIxv9uf9Uj9khdtuLVtYSN9JNL3a6gJRsZFaZsdQ1TwjIYQGwN&_bbr=1" "Mozilla/5.0 (iPhone; CPU iPhone OS 18_7 like Mac OS X) AppleWebKit/605.1.15 (KHTML, like Gecko) Version/26.2 Mobile/15E148 Safari/604.1"
157.37.148.135 - - [24/Mar/2026:02:14:24 +0530] "GET /assets/css/bootstrap.min.css HTTP/2.0" 200 22910 "https://www.pathoworld.in/" "Mozilla/5.0 (Linux; Android 10; K) AppleWebKit/537.36 (KHTML, like Gecko) Chrome/146.0.0.0 Mobile Safari/537.36"
103.80.153.38 - - [24/Mar/2026:02:14:24 +0530] "GET /assets/img/shape-image/2.png HTTP/2.0" 200 8055 "https://www.pathoworld.in/" "Mozilla/5.0 (iPhone; CPU iPhone OS 26_3_1 like Mac OS X) AppleWebKit/605.1.15 (KHTML, like Gecko) CriOS/146.0.7680.151 Mobile/15E148 Safari/604.1"
223.182.212.162 - - [24/Mar/2026:02:14:24 +0530] "GET /assets/css/odometer.min.css HTTP/2.0" 200 515 "https://www.pathoworld.in/" "Mozilla/5.0 (Linux; Android 10; K) AppleWebKit/537.36 (KHTML, like Gecko) Chrome/145.0.0.0 Mobile Safari/537.36"
223.182.212.162 - - [24/Mar/2026:02:14:25 +0530] "GET /assets/css/meanmenu.css HTTP/2.0" 200 986 "https://www.pathoworld.in/" "Mozilla/5.0 (Linux; Android 10; K) AppleWebKit/537.36 (KHTML, like Gecko) Chrome/145.0.0.0 Mobile Safari/537.36"
223.182.212.162 - - [24/Mar/2026:02:14:25 +0530] "GET /assets/css/owl.carousel.min.css HTTP/2.0" 200 1284 "https://www.pathoworld.in/" "Mozilla/5.0 (Linux; Android 10; K) AppleWebKit/537.36 (KHTML, like Gecko) Chrome/145.0.0.0 Mobile Safari/537.36"
92.96.4.52 - - [24/Mar/2026:02:14:25 +0530] "GET /assets/img/shape-image/6.png HTTP/2.0" 200 8105 "https://www.pathoworld.in/" "Mozilla/5.0 (Linux; arm_64; Android 12; Redmi Note 9 Pro) AppleWebKit/537.36 (KHTML, like Gecko) Chrome/144.0.7559.61 YaBrowser/26.3.4.61.00 (beta) Mobile Safari/537.36"
92.96.4.52 - - [24/Mar/2026:02:14:25 +0530] "GET /assets/img/shape-image/7.png HTTP/2.0" 200 4036 "https://www.pathoworld.in/" "Mozilla/5.0 (Linux; arm_64; Android 12; Redmi Note 9 Pro) AppleWebKit/537.36 (KHTML, like Gecko) Chrome/144.0.7559.61 YaBrowser/26.3.4.61.00 (beta) Mobile Safari/537.36"
92.96.4.52 - - [24/Mar/2026:02:14:25 +0530] "GET /assets/img/shape-image/8.png HTTP/2.0" 200 8181 "https://www.pathoworld.in/" "Mozilla/5.0 (Linux; arm_64; Android 12; Redmi Note 9 Pro) AppleWebKit/537.36 (KHTML, like Gecko) Chrome/144.0.7559.61 YaBrowser/26.3.4.61.00 (beta) Mobile Safari/537.36"
103.80.153.38 - - [24/Mar/2026:02:14:25 +0530] "GET /assets/img/shape-image/3.png HTTP/2.0" 200 4473 "https://www.pathoworld.in/" "Mozilla/5.0 (iPhone; CPU iPhone OS 26_3_1 like Mac OS X) AppleWebKit/605.1.15 (KHTML, like Gecko) CriOS/146.0.7680.151 Mobile/15E148 Safari/604.1"
103.80.153.38 - - [24/Mar/2026:02:14:25 +0530] "GET /assets/img/shape-image/4.png HTTP/2.0" 200 4607 "https://www.pathoworld.in/" "Mozilla/5.0 (iPhone; CPU iPhone OS 26_3_1 like Mac OS X) AppleWebKit/605.1.15 (KHTML, like Gecko) CriOS/146.0.7680.151 Mobile/15E148 Safari/604.1"
181.176.42.170 - - [24/Mar/2026:02:14:25 +0530] "GET /assets/js/popper.min.js HTTP/2.0" 200 6623 "https://www.pathoworld.in/" "Mozilla/5.0 (Linux; Android 10; K) AppleWebKit/537.36 (KHTML, like Gecko) Chrome/145.0.0.0 Mobile Safari/537.36"
157.37.148.135 - - [24/Mar/2026:02:14:25 +0530] "GET /assets/css/animate.min.css HTTP/2.0" 200 4324 "https://www.pathoworld.in/" "Mozilla/5.0 (Linux; Android 10; K) AppleWebKit/537.36 (KHTML, like Gecko) Chrome/146.0.0.0 Mobile Safari/537.36"
181.176.45.248 - - [24/Mar/2026:02:14:25 +0530] "GET /assets/js/jquery.min.js HTTP/2.0" 200 30900 "https://www.pathoworld.in/" "Mozilla/5.0 (Linux; Android 10; K) AppleWebKit/537.36 (KHTML, like Gecko) Chrome/143.0.0.0 Mobile Safari/537.36"
176.216.77.109 - - [24/Mar/2026:02:14:25 +0530] "GET /assets/img/imaging-pathoworld.png HTTP/2.0" 200 97252 "https://www.pathoworld.in/" "Mozilla/5.0 (Linux; Android 10; K) AppleWebKit/537.36 (KHTML, like Gecko) Chrome/145.0.0.0 Mobile Safari/537.36"
223.182.212.162 - - [24/Mar/2026:02:14:25 +0530] "GET /assets/css/progressbar.min.css HTTP/2.0" 200 350 "https://www.pathoworld.in/" "Mozilla/5.0 (Linux; Android 10; K) AppleWebKit/537.36 (KHTML, like Gecko) Chrome/145.0.0.0 Mobile Safari/537.36"
223.182.212.162 - - [24/Mar/2026:02:14:25 +0530] "GET /assets/css/style.css HTTP/2.0" 200 18238 "https://www.pathoworld.in/" "Mozilla/5.0 (Linux; Android 10; K) AppleWebKit/537.36 (KHTML, like Gecko) Chrome/145.0.0.0 Mobile Safari/537.36"
103.80.153.38 - - [24/Mar/2026:02:14:25 +0530] "GET /assets/img/shape-image/5.png HTTP/2.0" 200 3980 "https://www.pathoworld.in/" "Mozilla/5.0 (iPhone; CPU iPhone OS 26_3_1 like Mac OS X) AppleWebKit/605.1.15 (KHTML, like Gecko) CriOS/146.0.7680.151 Mobile/15E148 Safari/604.1"
103.80.153.38 - - [24/Mar/2026:02:14:25 +0530] "GET /assets/img/shape-image/6.png HTTP/2.0" 200 8105 "https://www.pathoworld.in/" "Mozilla/5.0 (iPhone; CPU iPhone OS 26_3_1 like Mac OS X) AppleWebKit/605.1.15 (KHTML, like Gecko) CriOS/146.0.7680.151 Mobile/15E148 Safari/604.1"
157.37.148.135 - - [24/Mar/2026:02:14:25 +0530] "GET /assets/css/fontawesome.min.css HTTP/2.0" 200 12063 "https://www.pathoworld.in/" "Mozilla/5.0 (Linux; Android 10; K) AppleWebKit/537.36 (KHTML, like Gecko) Chrome/146.0.0.0 Mobile Safari/537.36"
92.96.4.52 - - [24/Mar/2026:02:14:25 +0530] "GET /admin/icon/elderwomanhealthcheckup.png HTTP/2.0" 200 43513 "https://www.pathoworld.in/" "Mozilla/5.0 (Linux; arm_64; Android 12; Redmi Note 9 Pro) AppleWebKit/537.36 (KHTML, like Gecko) Chrome/144.0.7559.61 YaBrowser/26.3.4.61.00 (beta) Mobile Safari/537.36"
92.96.4.52 - - [24/Mar/2026:02:14:25 +0530] "GET /assets/img/worldhealth.png HTTP/2.0" 200 6557 "https://www.pathoworld.in/" "Mozilla/5.0 (Linux; arm_64; Android 12; Redmi Note 9 Pro) AppleWebKit/537.36 (KHTML, like Gecko) Chrome/144.0.7559.61 YaBrowser/26.3.4.61.00 (beta) Mobile Safari/537.36"
92.96.4.52 - - [24/Mar/2026:02:14:25 +0530] "GET /assets/img/icons/discount.png HTTP/2.0" 200 62356 "https://www.pathoworld.in/" "Mozilla/5.0 (Linux; arm_64; Android 12; Redmi Note 9 Pro) AppleWebKit/537.36 (KHTML, like Gecko) Chrome/144.0.7559.61 YaBrowser/26.3.4.61.00 (beta) Mobile Safari/537.36"
181.176.42.170 - - [24/Mar/2026:02:14:25 +0530] "GET /assets/js/bootstrap.min.js HTTP/2.0" 200 15918 "https://www.pathoworld.in/" "Mozilla/5.0 (Linux; Android 10; K) AppleWebKit/537.36 (KHTML, like Gecko) Chrome/145.0.0.0 Mobile Safari/537.36"
102.209.112.155 - - [24/Mar/2026:02:14:25 +0530] "GET /assets/js/jquery.ajaxchimp.min.js HTTP/2.0" 200 939 "https://www.pathoworld.in/" "Mozilla/5.0 (Linux; Android 10; K) AppleWebKit/537.36 (KHTML, like Gecko) Chrome/146.0.0.0 Mobile Safari/537.36"
102.209.112.155 - - [24/Mar/2026:02:14:25 +0530] "GET /assets/js/form-validator.min.js HTTP/2.0" 200 2096 "https://www.pathoworld.in/" "Mozilla/5.0 (Linux; Android 10; K) AppleWebKit/537.36 (KHTML, like Gecko) Chrome/146.0.0.0 Mobile Safari/537.36"
102.209.112.155 - - [24/Mar/2026:02:14:25 +0530] "GET /assets/js/contact-form-script.js HTTP/2.0" 200 740 "https://www.pathoworld.in/" "Mozilla/5.0 (Linux; Android 10; K) AppleWebKit/537.36 (KHTML, like Gecko) Chrome/146.0.0.0 Mobile Safari/537.36"
103.80.153.38 - - [24/Mar/2026:02:14:25 +0530] "GET /assets/img/shape-image/7.png HTTP/2.0" 200 4036 "https://www.pathoworld.in/" "Mozilla/5.0 (iPhone; CPU iPhone OS 26_3_1 like Mac OS X) AppleWebKit/605.1.15 (KHTML, like Gecko) CriOS/146.0.7680.151 Mobile/15E148 Safari/604.1"
103.80.153.38 - - [24/Mar/2026:02:14:25 +0530] "GET /assets/img/shape-image/8.png HTTP/2.0" 200 8181 "https://www.pathoworld.in/" "Mozilla/5.0 (iPhone; CPU iPhone OS 26_3_1 like Mac OS X) AppleWebKit/605.1.15 (KHTML, like Gecko) CriOS/146.0.7680.151 Mobile/15E148 Safari/604.1"
157.37.148.135 - - [24/Mar/2026:02:14:25 +0530] "GET /assets/css/flaticon.css HTTP/2.0" 200 665 "https://www.pathoworld.in/" "Mozilla/5.0 (Linux; Android 10; K) AppleWebKit/537.36 (KHTML, like Gecko) Chrome/146.0.0.0 Mobile Safari/537.36"
169.224.89.75 - - [24/Mar/2026:02:14:25 +0530] "GET / HTTP/2.0" 508 288 "https://xlxx2.com/" "Mozilla/5.0 (Linux; Android 10; K) AppleWebKit/537.36 (KHTML, like Gecko) Chrome/146.0.0.0 Mobile Safari/537.36"
