43.251.93.89 - - [24/Mar/2026:02:14:44 +0530] "GET /assets/css/owl.carousel.min.css HTTP/2.0" 200 1284 "https://www.pathoworld.in/" "Mozilla/5.0 (Linux; Android 10; K) AppleWebKit/537.36 (KHTML, like Gecko) Chrome/146.0.0.0 Mobile Safari/537.36"
43.251.93.89 - - [24/Mar/2026:02:14:44 +0530] "GET /assets/css/style.css HTTP/2.0" 200 18238 "https://www.pathoworld.in/" "Mozilla/5.0 (Linux; Android 10; K) AppleWebKit/537.36 (KHTML, like Gecko) Chrome/146.0.0.0 Mobile Safari/537.36"
103.92.100.163 - - [24/Mar/2026:02:14:44 +0530] "GET /assets/img/slider/s2.png HTTP/2.0" 200 164012 "https://www.pathoworld.in/" "Mozilla/5.0 (Linux; Android 10; K) AppleWebKit/537.36 (KHTML, like Gecko) Chrome/146.0.0.0 Mobile Safari/537.36"
103.92.100.163 - - [24/Mar/2026:02:14:44 +0530] "GET /assets/img/slider/s4.png HTTP/2.0" 200 141080 "https://www.pathoworld.in/" "Mozilla/5.0 (Linux; Android 10; K) AppleWebKit/537.36 (KHTML, like Gecko) Chrome/146.0.0.0 Mobile Safari/537.36"
103.92.100.163 - - [24/Mar/2026:02:14:44 +0530] "GET /assets/img/slider/s3.png HTTP/2.0" 200 124455 "https://www.pathoworld.in/" "Mozilla/5.0 (Linux; Android 10; K) AppleWebKit/537.36 (KHTML, like Gecko) Chrome/146.0.0.0 Mobile Safari/537.36"
49.36.177.141 - - [24/Mar/2026:02:14:40 +0530] "GET / HTTP/2.0" 200 9055 "https://29571644-32063-36574.squitoiages.com/iSFBDIAyNQ_gZtczvQOYbhxKk9RS5tiGZvtUX8icEJ4RPJ2VyUGg4ByQ4BmP8GLYXyGPRyA?_=0bf581c5-26f9-11f1-874f-4d961652a552&d=BQ5qQHPe9JWOrjlpkQ4R9TcqEogSX926jqVbXEWImk-eFR26avVfLOwELrRYF9lSJX75DpTpKQs-F5cmMWqHgoBSkwCiz4eDZWffhvFv--8iBHSaMcMDH9CQ8pDiu-FJeyrRuCzeApHBHg1K2HuMYubJ3qHPiJOq4BXgAx4sv1UdqFBEq--PhKbopqfg8fiatF7Q4p2uRykD4gMqqH2G_fLNt60j6cwcXhzqRPz26wICj_cgJoyilmA1zJESxMcHaZXccJp7udeHF9IhSV8oY1laNnSvGqtesPscQt6wa1RFMbtXMbkthFDCB-CyrfDaUt-pVzrE83qc_4Egu6s6oHrFe749faXp5MGqs2Cn6T91tLo6pqIjmPazpLuy9w3pEpuRsDqB4eeCIpAAb7ltQinfBe1HVfTfesDwW2se5hAzfpGu04VDTTbP_cM4LJmoQZHJLlC2_fl3g4BqNIz7o0ixQ2QaqxPpMM0pxYvADIt2RW2QJn7e7XlXZCrlV-Y3g2laxs8wzeV-LGwJC8-6P45ifV4Pi1vPm-tVjDCGUL-PDzCHfmTC6DYfBqKSZ2s8gFn1z9jqPv6sSRb_bJexE8maaY7C4d5wXOvXX6DbGvlqKRdiJjBuNygB8-p0nZXoZpXdf8f5HcIsVnc3lQx0d8qiO1C3n1aSNzxje8nNZR5BIZX9mkTsDjWuRiTtAtdcOF4NUfeyymJmmS1hQiKDMs3uzO0qk6KkU5s0YvibVSssmMu9C6Kd6qsAiV7stH254oa31qYXaJHsIR42GdTaEimSXFarqlZPg_iZzES_euxRvWNz-XIrB4Mx_JXSeUqMe6oBhZsP-RkA4ZO5trnf8_sucomP_y5ofhfU6yXbgBjexprB8y45uNdNkoK4ce1cbA-SRXZSjX07RR_88Cwi0Axj2ATRKCZ5VmKyCMn4Wdgx2oCWXUj4LGnCIlAr6VPpsF5BpbKUhxMqPXMbwk92HAqYp_40rqIoVpQr1vKYq5ZungCwEsRac4MKOIStq59xVoAGsab1TeqQhzK6aj8UJe-7usGpsfpmYLmr_ZUhggpdZKTjaxjNHOaXt1QOf1phYIjNJT2Ya6x_4QPguJSkdZ5TKpBdGsMIpotXjrLFCxFrC_tm0kvbAGX3fwCgiNqjVVSd_3T8m3nEU7bpXYC545-ZpIlgCqej_4-RhVX-cFIsiwhlqc4&_bbr=1" "Mozilla/5.0 (Linux; Android 10; K) AppleWebKit/537.36 (KHTML, like Gecko) Chrome/146.0.0.0 Mobile Safari/537.36"
117.200.178.12 - - [24/Mar/2026:02:14:44 +0530] "GET /assets/img/worldhealth.png HTTP/2.0" 200 6557 "https://www.pathoworld.in/" "Mozilla/5.0 (Linux; Android 10; K) AppleWebKit/537.36 (KHTML, like Gecko) Chrome/146.0.0.0 Mobile Safari/537.36"
117.200.178.12 - - [24/Mar/2026:02:14:44 +0530] "GET /assets/img/icons/discount.png HTTP/2.0" 200 62356 "https://www.pathoworld.in/" "Mozilla/5.0 (Linux; Android 10; K) AppleWebKit/537.36 (KHTML, like Gecko) Chrome/146.0.0.0 Mobile Safari/537.36"
117.200.178.12 - - [24/Mar/2026:02:14:44 +0530] "GET /assets/img/icons/blood.png HTTP/2.0" 200 10471 "https://www.pathoworld.in/" "Mozilla/5.0 (Linux; Android 10; K) AppleWebKit/537.36 (KHTML, like Gecko) Chrome/146.0.0.0 Mobile Safari/537.36"
43.251.93.89 - - [24/Mar/2026:02:14:44 +0530] "GET /assets/css/responsive.css HTTP/2.0" 200 5713 "https://www.pathoworld.in/" "Mozilla/5.0 (Linux; Android 10; K) AppleWebKit/537.36 (KHTML, like Gecko) Chrome/146.0.0.0 Mobile Safari/537.36"
152.58.169.162 - - [24/Mar/2026:02:14:44 +0530] "GET /admin/icon/healthcheckup.png HTTP/2.0" 200 42881 "https://www.pathoworld.in/" "Mozilla/5.0 (Linux; Android 10; K) AppleWebKit/537.36 (KHTML, like Gecko) Chrome/146.0.0.0 Mobile Safari/537.36"
152.58.169.162 - - [24/Mar/2026:02:14:44 +0530] "GET /admin/icon/eldermanhealthcheckup.png HTTP/2.0" 200 47535 "https://www.pathoworld.in/" "Mozilla/5.0 (Linux; Android 10; K) AppleWebKit/537.36 (KHTML, like Gecko) Chrome/146.0.0.0 Mobile Safari/537.36"
42.104.189.237 - - [24/Mar/2026:02:14:44 +0530] "GET /assets/img/shape-image/3.png HTTP/2.0" 200 4473 "https://www.pathoworld.in/" "Mozilla/5.0 (Linux; Android 10; K) AppleWebKit/537.36 (KHTML, like Gecko) Chrome/145.0.0.0 Mobile Safari/537.36"
213.153.144.233 - - [24/Mar/2026:02:14:44 +0530] "GET /assets/fonts/Flaticon.woff2 HTTP/2.0" 200 7532 "https://www.pathoworld.in/assets/css/flaticon.css" "Mozilla/5.0 (Linux; Android 10; K) AppleWebKit/537.36 (KHTML, like Gecko) Chrome/146.0.0.0 Mobile Safari/537.36"
49.36.177.141 - - [24/Mar/2026:02:14:44 +0530] "GET /assets/css/bootstrap.min.css HTTP/2.0" 200 22910 "https://www.pathoworld.in/" "Mozilla/5.0 (Linux; Android 10; K) AppleWebKit/537.36 (KHTML, like Gecko) Chrome/146.0.0.0 Mobile Safari/537.36"
223.185.131.225 - - [24/Mar/2026:02:14:44 +0530] "GET /assets/img/favicon.png HTTP/2.0" 200 14733 "https://www.pathoworld.in/" "Mozilla/5.0 (Linux; Android 10; K) AppleWebKit/537.36 (KHTML, like Gecko) Chrome/146.0.0.0 Mobile Safari/537.36"
42.104.189.237 - - [24/Mar/2026:02:14:44 +0530] "GET /assets/img/shape-image/4.png HTTP/2.0" 200 4607 "https://www.pathoworld.in/" "Mozilla/5.0 (Linux; Android 10; K) AppleWebKit/537.36 (KHTML, like Gecko) Chrome/145.0.0.0 Mobile Safari/537.36"
42.104.189.237 - - [24/Mar/2026:02:14:44 +0530] "GET /assets/img/shape-image/5.png HTTP/2.0" 200 3980 "https://www.pathoworld.in/" "Mozilla/5.0 (Linux; Android 10; K) AppleWebKit/537.36 (KHTML, like Gecko) Chrome/145.0.0.0 Mobile Safari/537.36"
106.206.249.206 - - [24/Mar/2026:02:14:44 +0530] "GET /assets/img/shape-image/4.png HTTP/2.0" 200 4607 "https://www.pathoworld.in/" "Mozilla/5.0 (Linux; Android 10; K) AppleWebKit/537.36 (KHTML, like Gecko) Chrome/140.0.0.0 Mobile Safari/537.36"
117.200.178.12 - - [24/Mar/2026:02:14:44 +0530] "GET /assets/img/icons/mobile.png HTTP/2.0" 200 43677 "https://www.pathoworld.in/" "Mozilla/5.0 (Linux; Android 10; K) AppleWebKit/537.36 (KHTML, like Gecko) Chrome/146.0.0.0 Mobile Safari/537.36"
117.200.178.12 - - [24/Mar/2026:02:14:44 +0530] "GET /assets/img/icons/graph.png HTTP/2.0" 200 29886 "https://www.pathoworld.in/" "Mozilla/5.0 (Linux; Android 10; K) AppleWebKit/537.36 (KHTML, like Gecko) Chrome/146.0.0.0 Mobile Safari/537.36"
117.200.178.12 - - [24/Mar/2026:02:14:44 +0530] "GET /assets/img/icons/sugar.png HTTP/2.0" 200 14022 "https://www.pathoworld.in/" "Mozilla/5.0 (Linux; Android 10; K) AppleWebKit/537.36 (KHTML, like Gecko) Chrome/146.0.0.0 Mobile Safari/537.36"
78.171.43.229 - - [24/Mar/2026:02:14:44 +0530] "GET /assets/img/slider/web-benner-12.png HTTP/2.0" 200 444437 "https://www.pathoworld.in/" "Mozilla/5.0 (Linux; Android 10; K) AppleWebKit/537.36 (KHTML, like Gecko) Chrome/146.0.0.0 Mobile Safari/537.36"
78.171.43.229 - - [24/Mar/2026:02:14:44 +0530] "GET /admin/icon/healthcheckup.png HTTP/2.0" 200 42881 "https://www.pathoworld.in/" "Mozilla/5.0 (Linux; Android 10; K) AppleWebKit/537.36 (KHTML, like Gecko) Chrome/146.0.0.0 Mobile Safari/537.36"
78.171.43.229 - - [24/Mar/2026:02:14:44 +0530] "GET /admin/icon/eldermanhealthcheckup.png HTTP/2.0" 200 47535 "https://www.pathoworld.in/" "Mozilla/5.0 (Linux; Android 10; K) AppleWebKit/537.36 (KHTML, like Gecko) Chrome/146.0.0.0 Mobile Safari/537.36"
49.36.177.141 - - [24/Mar/2026:02:14:44 +0530] "GET /assets/css/animate.min.css HTTP/2.0" 200 4324 "https://www.pathoworld.in/" "Mozilla/5.0 (Linux; Android 10; K) AppleWebKit/537.36 (KHTML, like Gecko) Chrome/146.0.0.0 Mobile Safari/537.36"
103.92.100.163 - - [24/Mar/2026:02:14:44 +0530] "GET /assets/img/shape-image/1.png HTTP/2.0" 200 4694 "https://www.pathoworld.in/" "Mozilla/5.0 (Linux; Android 10; K) AppleWebKit/537.36 (KHTML, like Gecko) Chrome/146.0.0.0 Mobile Safari/537.36"
43.251.93.89 - - [24/Mar/2026:02:14:44 +0530] "GET /assets/img/logo.png HTTP/2.0" 200 204319 "https://www.pathoworld.in/" "Mozilla/5.0 (Linux; Android 10; K) AppleWebKit/537.36 (KHTML, like Gecko) Chrome/146.0.0.0 Mobile Safari/537.36"
43.251.93.89 - - [24/Mar/2026:02:14:44 +0530] "GET /assets/cart-icon.png HTTP/2.0" 200 2855 "https://www.pathoworld.in/" "Mozilla/5.0 (Linux; Android 10; K) AppleWebKit/537.36 (KHTML, like Gecko) Chrome/146.0.0.0 Mobile Safari/537.36"
176.29.59.36 - - [24/Mar/2026:02:14:44 +0530] "GET /assets/css/bootstrap.min.css HTTP/2.0" 200 22910 "https://www.pathoworld.in/" "Mozilla/5.0 (Linux; Android 10; K) AppleWebKit/537.36 (KHTML, like Gecko) Chrome/146.0.0.0 Mobile Safari/537.36"
42.104.189.237 - - [24/Mar/2026:02:14:44 +0530] "GET /assets/img/shape-image/6.png HTTP/2.0" 200 8105 "https://www.pathoworld.in/" "Mozilla/5.0 (Linux; Android 10; K) AppleWebKit/537.36 (KHTML, like Gecko) Chrome/145.0.0.0 Mobile Safari/537.36"
49.36.177.141 - - [24/Mar/2026:02:14:44 +0530] "GET /assets/css/fontawesome.min.css HTTP/2.0" 200 12063 "https://www.pathoworld.in/" "Mozilla/5.0 (Linux; Android 10; K) AppleWebKit/537.36 (KHTML, like Gecko) Chrome/146.0.0.0 Mobile Safari/537.36"
152.58.169.162 - - [24/Mar/2026:02:14:45 +0530] "GET /admin/icon/elderwomanhealthcheckup.png HTTP/2.0" 200 43513 "https://www.pathoworld.in/" "Mozilla/5.0 (Linux; Android 10; K) AppleWebKit/537.36 (KHTML, like Gecko) Chrome/146.0.0.0 Mobile Safari/537.36"
152.58.169.162 - - [24/Mar/2026:02:14:45 +0530] "GET /assets/js/jquery.ajaxchimp.min.js HTTP/2.0" 200 939 "https://www.pathoworld.in/" "Mozilla/5.0 (Linux; Android 10; K) AppleWebKit/537.36 (KHTML, like Gecko) Chrome/146.0.0.0 Mobile Safari/537.36"
152.58.169.162 - - [24/Mar/2026:02:14:45 +0530] "GET /assets/js/contact-form-script.js HTTP/2.0" 200 740 "https://www.pathoworld.in/" "Mozilla/5.0 (Linux; Android 10; K) AppleWebKit/537.36 (KHTML, like Gecko) Chrome/146.0.0.0 Mobile Safari/537.36"
103.92.100.163 - - [24/Mar/2026:02:14:45 +0530] "GET /assets/img/shape-image/2.png HTTP/2.0" 200 8055 "https://www.pathoworld.in/" "Mozilla/5.0 (Linux; Android 10; K) AppleWebKit/537.36 (KHTML, like Gecko) Chrome/146.0.0.0 Mobile Safari/537.36"
197.43.116.162 - - [24/Mar/2026:02:14:45 +0530] "GET /assets/css/magnific-popup.min.css HTTP/2.0" 200 1566 "https://www.pathoworld.in/" "Mozilla/5.0 (Linux; Android 13; SM-F9160) AppleWebKit/537.36 (KHTML, like Gecko) SamsungBrowser/28.0 Chrome/142.0.7444.49 Mobile Safari/537.36"
197.43.116.162 - - [24/Mar/2026:02:14:45 +0530] "GET /assets/css/owl.carousel.min.css HTTP/2.0" 200 1284 "https://www.pathoworld.in/" "Mozilla/5.0 (Linux; Android 13; SM-F9160) AppleWebKit/537.36 (KHTML, like Gecko) SamsungBrowser/28.0 Chrome/142.0.7444.49 Mobile Safari/537.36"
197.43.116.162 - - [24/Mar/2026:02:14:45 +0530] "GET /assets/css/progressbar.min.css HTTP/2.0" 200 350 "https://www.pathoworld.in/" "Mozilla/5.0 (Linux; Android 13; SM-F9160) AppleWebKit/537.36 (KHTML, like Gecko) SamsungBrowser/28.0 Chrome/142.0.7444.49 Mobile Safari/537.36"
117.200.178.12 - - [24/Mar/2026:02:14:45 +0530] "GET /assets/img/icons/family.png HTTP/2.0" 200 45194 "https://www.pathoworld.in/" "Mozilla/5.0 (Linux; Android 10; K) AppleWebKit/537.36 (KHTML, like Gecko) Chrome/146.0.0.0 Mobile Safari/537.36"
197.43.116.162 - - [24/Mar/2026:02:14:45 +0530] "GET /assets/css/responsive.css HTTP/2.0" 200 5713 "https://www.pathoworld.in/" "Mozilla/5.0 (Linux; Android 13; SM-F9160) AppleWebKit/537.36 (KHTML, like Gecko) SamsungBrowser/28.0 Chrome/142.0.7444.49 Mobile Safari/537.36"
103.92.100.163 - - [24/Mar/2026:02:14:45 +0530] "GET /assets/img/shape-image/3.png HTTP/2.0" 200 4473 "https://www.pathoworld.in/" "Mozilla/5.0 (Linux; Android 10; K) AppleWebKit/537.36 (KHTML, like Gecko) Chrome/146.0.0.0 Mobile Safari/537.36"
103.92.100.163 - - [24/Mar/2026:02:14:45 +0530] "GET /assets/img/shape-image/4.png HTTP/2.0" 200 4607 "https://www.pathoworld.in/" "Mozilla/5.0 (Linux; Android 10; K) AppleWebKit/537.36 (KHTML, like Gecko) Chrome/146.0.0.0 Mobile Safari/537.36"
117.200.178.12 - - [24/Mar/2026:02:14:45 +0530] "GET /assets/img/shape-image/9.png HTTP/2.0" 200 3623 "https://www.pathoworld.in/" "Mozilla/5.0 (Linux; Android 10; K) AppleWebKit/537.36 (KHTML, like Gecko) Chrome/146.0.0.0 Mobile Safari/537.36"
197.43.116.162 - - [24/Mar/2026:02:14:45 +0530] "GET /assets/css/meanmenu.css HTTP/2.0" 200 986 "https://www.pathoworld.in/" "Mozilla/5.0 (Linux; Android 13; SM-F9160) AppleWebKit/537.36 (KHTML, like Gecko) SamsungBrowser/28.0 Chrome/142.0.7444.49 Mobile Safari/537.36"
197.43.116.162 - - [24/Mar/2026:02:14:45 +0530] "GET /assets/js/jquery.appear.js HTTP/2.0" 200 1360 "https://www.pathoworld.in/" "Mozilla/5.0 (Linux; Android 13; SM-F9160) AppleWebKit/537.36 (KHTML, like Gecko) SamsungBrowser/28.0 Chrome/142.0.7444.49 Mobile Safari/537.36"
197.43.116.162 - - [24/Mar/2026:02:14:45 +0530] "GET /assets/js/jquery.meanmenu.js HTTP/2.0" 200 1607 "https://www.pathoworld.in/" "Mozilla/5.0 (Linux; Android 13; SM-F9160) AppleWebKit/537.36 (KHTML, like Gecko) SamsungBrowser/28.0 Chrome/142.0.7444.49 Mobile Safari/537.36"
197.43.116.162 - - [24/Mar/2026:02:14:45 +0530] "GET /assets/js/main.js HTTP/2.0" 200 2464 "https://www.pathoworld.in/" "Mozilla/5.0 (Linux; Android 13; SM-F9160) AppleWebKit/537.36 (KHTML, like Gecko) SamsungBrowser/28.0 Chrome/142.0.7444.49 Mobile Safari/537.36"
197.43.116.162 - - [24/Mar/2026:02:14:45 +0530] "GET /assets/css/odometer.min.css HTTP/2.0" 200 515 "https://www.pathoworld.in/" "Mozilla/5.0 (Linux; Android 13; SM-F9160) AppleWebKit/537.36 (KHTML, like Gecko) SamsungBrowser/28.0 Chrome/142.0.7444.49 Mobile Safari/537.36"
197.43.116.162 - - [24/Mar/2026:02:14:45 +0530] "GET /assets/js/progressbar.min.js HTTP/2.0" 200 504 "https://www.pathoworld.in/" "Mozilla/5.0 (Linux; Android 13; SM-F9160) AppleWebKit/537.36 (KHTML, like Gecko) SamsungBrowser/28.0 Chrome/142.0.7444.49 Mobile Safari/537.36"
197.43.116.162 - - [24/Mar/2026:02:14:45 +0530] "GET /assets/js/wow.min.js HTTP/2.0" 200 2702 "https://www.pathoworld.in/" "Mozilla/5.0 (Linux; Android 13; SM-F9160) AppleWebKit/537.36 (KHTML, like Gecko) SamsungBrowser/28.0 Chrome/142.0.7444.49 Mobile Safari/537.36"
197.43.116.162 - - [24/Mar/2026:02:14:45 +0530] "GET /assets/js/jquery.ajaxchimp.min.js HTTP/2.0" 200 939 "https://www.pathoworld.in/" "Mozilla/5.0 (Linux; Android 13; SM-F9160) AppleWebKit/537.36 (KHTML, like Gecko) SamsungBrowser/28.0 Chrome/142.0.7444.49 Mobile Safari/537.36"
197.43.116.162 - - [24/Mar/2026:02:14:45 +0530] "GET /assets/js/owl.carousel.min.js HTTP/2.0" 200 11412 "https://www.pathoworld.in/" "Mozilla/5.0 (Linux; Android 13; SM-F9160) AppleWebKit/537.36 (KHTML, like Gecko) SamsungBrowser/28.0 Chrome/142.0.7444.49 Mobile Safari/537.36"
197.43.116.162 - - [24/Mar/2026:02:14:45 +0530] "GET /assets/js/form-validator.min.js HTTP/2.0" 200 2096 "https://www.pathoworld.in/" "Mozilla/5.0 (Linux; Android 13; SM-F9160) AppleWebKit/537.36 (KHTML, like Gecko) SamsungBrowser/28.0 Chrome/142.0.7444.49 Mobile Safari/537.36"
49.36.177.141 - - [24/Mar/2026:02:14:45 +0530] "GET /assets/css/flaticon.css HTTP/2.0" 200 665 "https://www.pathoworld.in/" "Mozilla/5.0 (Linux; Android 10; K) AppleWebKit/537.36 (KHTML, like Gecko) Chrome/146.0.0.0 Mobile Safari/537.36"
118.179.183.220 - - [24/Mar/2026:02:14:45 +0530] "GET /assets/img/favicon.png HTTP/2.0" 200 14733 "https://www.pathoworld.in/" "Mozilla/5.0 (Windows NT 10.0; Win64; x64) AppleWebKit/537.36 (KHTML, like Gecko) Chrome/130.0.0.0 Safari/537.36 UCPC/1.1.0.15"
42.104.189.237 - - [24/Mar/2026:02:14:45 +0530] "GET /assets/img/shape-image/7.png HTTP/2.0" 200 4036 "https://www.pathoworld.in/" "Mozilla/5.0 (Linux; Android 10; K) AppleWebKit/537.36 (KHTML, like Gecko) Chrome/145.0.0.0 Mobile Safari/537.36"
49.36.177.141 - - [24/Mar/2026:02:14:45 +0530] "GET /assets/css/magnific-popup.min.css HTTP/2.0" 200 1566 "https://www.pathoworld.in/" "Mozilla/5.0 (Linux; Android 10; K) AppleWebKit/537.36 (KHTML, like Gecko) Chrome/146.0.0.0 Mobile Safari/537.36"
42.104.189.237 - - [24/Mar/2026:02:14:45 +0530] "GET /assets/img/shape-image/8.png HTTP/2.0" 200 8181 "https://www.pathoworld.in/" "Mozilla/5.0 (Linux; Android 10; K) AppleWebKit/537.36 (KHTML, like Gecko) Chrome/145.0.0.0 Mobile Safari/537.36"
117.200.178.12 - - [24/Mar/2026:02:14:45 +0530] "GET /assets/img/shape-image/10.png HTTP/2.0" 200 1515 "https://www.pathoworld.in/" "Mozilla/5.0 (Linux; Android 10; K) AppleWebKit/537.36 (KHTML, like Gecko) Chrome/146.0.0.0 Mobile Safari/537.36"
117.200.178.12 - - [24/Mar/2026:02:14:45 +0530] "GET /assets/img/map1.png HTTP/2.0" 200 71706 "https://www.pathoworld.in/" "Mozilla/5.0 (Linux; Android 10; K) AppleWebKit/537.36 (KHTML, like Gecko) Chrome/146.0.0.0 Mobile Safari/537.36"
117.200.178.12 - - [24/Mar/2026:02:14:45 +0530] "GET /assets/img/user.png HTTP/2.0" 200 26361 "https://www.pathoworld.in/" "Mozilla/5.0 (Linux; Android 10; K) AppleWebKit/537.36 (KHTML, like Gecko) Chrome/146.0.0.0 Mobile Safari/537.36"
152.58.169.162 - - [24/Mar/2026:02:14:45 +0530] "GET /assets/js/form-validator.min.js HTTP/2.0" 200 2096 "https://www.pathoworld.in/" "Mozilla/5.0 (Linux; Android 10; K) AppleWebKit/537.36 (KHTML, like Gecko) Chrome/146.0.0.0 Mobile Safari/537.36"
152.58.169.162 - - [24/Mar/2026:02:14:45 +0530] "GET /assets/js/main.js HTTP/2.0" 200 2464 "https://www.pathoworld.in/" "Mozilla/5.0 (Linux; Android 10; K) AppleWebKit/537.36 (KHTML, like Gecko) Chrome/146.0.0.0 Mobile Safari/537.36"
152.58.169.162 - - [24/Mar/2026:02:14:45 +0530] "GET /assets/img/slider/s1.png HTTP/2.0" 200 104353 "https://www.pathoworld.in/" "Mozilla/5.0 (Linux; Android 10; K) AppleWebKit/537.36 (KHTML, like Gecko) Chrome/146.0.0.0 Mobile Safari/537.36"
152.58.169.162 - - [24/Mar/2026:02:14:45 +0530] "GET /assets/img/slider/s2.png HTTP/2.0" 200 164012 "https://www.pathoworld.in/" "Mozilla/5.0 (Linux; Android 10; K) AppleWebKit/537.36 (KHTML, like Gecko) Chrome/146.0.0.0 Mobile Safari/537.36"
49.36.177.141 - - [24/Mar/2026:02:14:45 +0530] "GET /assets/css/odometer.min.css HTTP/2.0" 200 515 "https://www.pathoworld.in/" "Mozilla/5.0 (Linux; Android 10; K) AppleWebKit/537.36 (KHTML, like Gecko) Chrome/146.0.0.0 Mobile Safari/537.36"
106.206.249.206 - - [24/Mar/2026:02:14:45 +0530] "GET /assets/img/shape-image/5.png HTTP/2.0" 200 3980 "https://www.pathoworld.in/" "Mozilla/5.0 (Linux; Android 10; K) AppleWebKit/537.36 (KHTML, like Gecko) Chrome/140.0.0.0 Mobile Safari/537.36"
62.183.82.70 - - [24/Mar/2026:02:14:45 +0530] "GET /assets/js/progressbar.min.js HTTP/2.0" 200 504 "https://www.pathoworld.in/" "Mozilla/5.0 (Linux; Android 13; SM-F9160) AppleWebKit/537.36 (KHTML, like Gecko) SamsungBrowser/28.0 Chrome/142.0.7444.49 Mobile Safari/537.36"
213.153.144.233 - - [24/Mar/2026:02:14:45 +0530] "GET /assets/img/slider/web-benner-12.png HTTP/2.0" 200 444437 "https://www.pathoworld.in/" "Mozilla/5.0 (Linux; Android 10; K) AppleWebKit/537.36 (KHTML, like Gecko) Chrome/146.0.0.0 Mobile Safari/537.36"
103.92.100.163 - - [24/Mar/2026:02:14:45 +0530] "GET /assets/img/shape-image/5.png HTTP/2.0" 200 3980 "https://www.pathoworld.in/" "Mozilla/5.0 (Linux; Android 10; K) AppleWebKit/537.36 (KHTML, like Gecko) Chrome/146.0.0.0 Mobile Safari/537.36"
103.92.100.163 - - [24/Mar/2026:02:14:45 +0530] "GET /assets/img/shape-image/6.png HTTP/2.0" 200 8105 "https://www.pathoworld.in/" "Mozilla/5.0 (Linux; Android 10; K) AppleWebKit/537.36 (KHTML, like Gecko) Chrome/146.0.0.0 Mobile Safari/537.36"
103.92.100.163 - - [24/Mar/2026:02:14:45 +0530] "GET /assets/img/shape-image/7.png HTTP/2.0" 200 4036 "https://www.pathoworld.in/" "Mozilla/5.0 (Linux; Android 10; K) AppleWebKit/537.36 (KHTML, like Gecko) Chrome/146.0.0.0 Mobile Safari/537.36"
49.36.177.141 - - [24/Mar/2026:02:14:45 +0530] "GET /assets/css/meanmenu.css HTTP/2.0" 200 986 "https://www.pathoworld.in/" "Mozilla/5.0 (Linux; Android 10; K) AppleWebKit/537.36 (KHTML, like Gecko) Chrome/146.0.0.0 Mobile Safari/537.36"
42.104.189.237 - - [24/Mar/2026:02:14:45 +0530] "GET /admin/icon/elderwomanhealthcheckup.png HTTP/2.0" 200 43513 "https://www.pathoworld.in/" "Mozilla/5.0 (Linux; Android 10; K) AppleWebKit/537.36 (KHTML, like Gecko) Chrome/145.0.0.0 Mobile Safari/537.36"
106.206.249.206 - - [24/Mar/2026:02:14:45 +0530] "GET /assets/img/shape-image/6.png HTTP/2.0" 200 8105 "https://www.pathoworld.in/" "Mozilla/5.0 (Linux; Android 10; K) AppleWebKit/537.36 (KHTML, like Gecko) Chrome/140.0.0.0 Mobile Safari/537.36"
106.206.249.206 - - [24/Mar/2026:02:14:45 +0530] "GET /assets/img/shape-image/7.png HTTP/2.0" 200 4036 "https://www.pathoworld.in/" "Mozilla/5.0 (Linux; Android 10; K) AppleWebKit/537.36 (KHTML, like Gecko) Chrome/140.0.0.0 Mobile Safari/537.36"
49.36.177.141 - - [24/Mar/2026:02:14:45 +0530] "GET /assets/css/owl.carousel.min.css HTTP/2.0" 200 1284 "https://www.pathoworld.in/" "Mozilla/5.0 (Linux; Android 10; K) AppleWebKit/537.36 (KHTML, like Gecko) Chrome/146.0.0.0 Mobile Safari/537.36"
152.58.169.162 - - [24/Mar/2026:02:14:45 +0530] "GET /assets/img/slider/s3.png HTTP/2.0" 200 124455 "https://www.pathoworld.in/" "Mozilla/5.0 (Linux; Android 10; K) AppleWebKit/537.36 (KHTML, like Gecko) Chrome/146.0.0.0 Mobile Safari/537.36"
42.104.189.237 - - [24/Mar/2026:02:14:45 +0530] "GET /assets/img/worldhealth.png HTTP/2.0" 200 6557 "https://www.pathoworld.in/" "Mozilla/5.0 (Linux; Android 10; K) AppleWebKit/537.36 (KHTML, like Gecko) Chrome/145.0.0.0 Mobile Safari/537.36"
103.92.100.163 - - [24/Mar/2026:02:14:45 +0530] "GET /assets/img/shape-image/8.png HTTP/2.0" 200 8181 "https://www.pathoworld.in/" "Mozilla/5.0 (Linux; Android 10; K) AppleWebKit/537.36 (KHTML, like Gecko) Chrome/146.0.0.0 Mobile Safari/537.36"
103.92.100.163 - - [24/Mar/2026:02:14:45 +0530] "GET /admin/icon/elderwomanhealthcheckup.png HTTP/2.0" 200 43513 "https://www.pathoworld.in/" "Mozilla/5.0 (Linux; Android 10; K) AppleWebKit/537.36 (KHTML, like Gecko) Chrome/146.0.0.0 Mobile Safari/537.36"
103.92.100.163 - - [24/Mar/2026:02:14:45 +0530] "GET /assets/img/worldhealth.png HTTP/2.0" 200 6557 "https://www.pathoworld.in/" "Mozilla/5.0 (Linux; Android 10; K) AppleWebKit/537.36 (KHTML, like Gecko) Chrome/146.0.0.0 Mobile Safari/537.36"
106.206.249.206 - - [24/Mar/2026:02:14:45 +0530] "GET /assets/img/shape-image/8.png HTTP/2.0" 200 8181 "https://www.pathoworld.in/" "Mozilla/5.0 (Linux; Android 10; K) AppleWebKit/537.36 (KHTML, like Gecko) Chrome/140.0.0.0 Mobile Safari/537.36"
49.36.177.141 - - [24/Mar/2026:02:14:45 +0530] "GET /assets/css/progressbar.min.css HTTP/2.0" 200 350 "https://www.pathoworld.in/" "Mozilla/5.0 (Linux; Android 10; K) AppleWebKit/537.36 (KHTML, like Gecko) Chrome/146.0.0.0 Mobile Safari/537.36"
42.104.189.237 - - [24/Mar/2026:02:14:45 +0530] "GET /assets/img/icons/discount.png HTTP/2.0" 200 62356 "https://www.pathoworld.in/" "Mozilla/5.0 (Linux; Android 10; K) AppleWebKit/537.36 (KHTML, like Gecko) Chrome/145.0.0.0 Mobile Safari/537.36"
49.36.177.141 - - [24/Mar/2026:02:14:45 +0530] "GET /assets/css/style.css HTTP/2.0" 200 18238 "https://www.pathoworld.in/" "Mozilla/5.0 (Linux; Android 10; K) AppleWebKit/537.36 (KHTML, like Gecko) Chrome/146.0.0.0 Mobile Safari/537.36"
157.42.21.9 - - [24/Mar/2026:02:14:38 +0530] "GET / HTTP/2.0" 200 9055 "https://29571644-32063-36574.tentedienat.com/hiFFDYUxNAnlZtczvQOYbhxKk9RS5tiGZvtUX8icEJ4RPJyUyXP8sMwRuLBELFMnvPhomqo?_=05b12b9b-26f9-11f1-a2c6-ebbd1424a578&d=BQ5qQHPe6pVOrzmZkA8R5dfYEgCwJPEsx9QGx8ziAgHU6WVBiuwnZ-Y807qeY-PnRzcgE6dlwbY1WBxDg5L1v5AuPz0YMT2hy3pAeBc9QU_QvLbUtEJFfZjT0xnlTK5kWomGHV74R9Uwy8xC0D3UPB6flclcg4oZGnjYPZIYpWeTrvQeSY0klGaj3q13ef1f5Uzpp0_X9wchjzQg6fdSnks6rYt8GcmSBEHq0voX3jItdxIpYYe3ycBBd_630wLLclgIYgSPWKzlSRwx12zU24nJM7X6GpEomVgrlSH8HFak5oObps3ZW9lyp4c9pomOeSEt2e-oB-CA-kHQIyZ3l7xI-T98IKIBz2k5ifIELojUx0QKzx02I9Faqa0IwxIROKuVwQf4AXHhpyd_iTZg5izxQtGluHMDzdH3cGGMtd3P6M8EZV5SMjLGtJl5TXlgZGBxTXlbChgPoCyhvrmj4274tehuOLztiR15Uh9dsB27cwfuVHsliYHO9MQY5YzfbD_uzSXXWV72FtDjgBpix4Lkge_Z6ZqvNv_8ND2R07TGu6e4cXIdV7g2QzmSRR-c5-zSyZUtfGgDEWLMSG-Bigj6gp-nuMhd3Vntrj8xrZw_w-o4cu-Lhto_GNuABWG3G6AMirnHuAd_BUbZX7QiTCfqJECBAwSd4iWThR9uxc3Sb9HLDc0A5m-YQgihRF4dqUzf3HXCJLaCuJF5QsOaIs0PceI4Fi05ifgW56jyS2rpAj7iKK5SLiunpUslSEtwy0R-LoW_mW4Hy2tHg8RmIyIUfsiLS0Gpcfx3slDXuDW1BBunVmCBqYCYeqUucAiaCbXA1eQW7HA58dk2f5a-e-lmZoT80X57jBXDD6SznUncaL0vOb6Ci0IJi0L_YiZyVSDIcfw-wITHiH9UlNA1aJgePgmSZNPcDXQYIzl6G57jN8FRXTiUpTeRpvX2-BJFrotFKheUKaA_qe0UocnhFcCuanFp_0R3Gnv5YoHVgRYMuVqejll3Gl1cb_PWboEh7Pknc3DATkIvF2dyPel-Yjpk2tel4uM1dx4Q_vpEtVOEg7SapszxtJ_gY4OtCWzWc54NAg6yxV32xwBWaOsKswj2LA0OtfQ3JbVdR23TCYqH-B870MIrXigyhIoNMHJGy3ux-mfszoLUcWMoJQnKYdOmB1iKhWoTQF_f23Bu&_bbr=1" "Mozilla/5.0 (Linux; Android 10; K) AppleWebKit/537.36 (KHTML, like Gecko) Chrome/138.0.0.0 Mobile Safari/537.36"
213.89.5.195 - - [24/Mar/2026:02:14:36 +0530] "GET / HTTP/2.0" 200 9055 "https://29571644-33181-36574.squitoiages.com/jCFFDoI0Og_jZtczvQOYbhxKk9RS5tiGZvtUX8icEJ4RPJ2VyS0pttSDI-eicSp02L9VJv0?_=0be415aa-26f9-11f1-bd2a-76eb0559dc56&d=BQ5qQHPe25VOrzl50Q0R5dcqEgC4HJH16IZNjIQUicwEUP2sQ-PKh_t32QKMU7J3RT0IE7llHws-B0eFMdDURukmQmbiZtIcZplYug_bNANS92IlJCt4Yy779wx9sv4xOjfGD6wWr8hJgwGMQRDCF_pEPi5udsBZY3NphRo82uY4Tz58FRzs5ge2MbEcaSEQEGwqyisUH9kypPEQp8fwKGzE72AGUIcBx-Ks0ABS4sY8wGGhWxmuV-gXdxGD_m1YnaA4glEgIPHuOSAL05tdq4AYN1ynzllo6Dz3QDoaV3pmW3uaI1EP3MYiQEFZvLg3AbRHUquOdwmVWhqy9Ijq1MNQJpOKodbtOeB2aVM8ne_kwrH-nQK4U1a-H1i_pG5h45h6LPhJQD5Bnd6grQZdE2sZdhzBIHj4Ll1aQmptslH5G-6A2Y1ORNf5B_e4RSERIW38D_Jufgw_OdJLOLmSQlegIUqXY09dvDkZ_ZH5ELpqoKjh2vrpyGBSAJUpBG3nn3nB8Mpw8FeGIJKcGiSPfIJsgb3lh75b8lViJn_tH6U8EiFGaZZgd2nyinvnkJkkzIiUoMJiuzkKAbRNbsjETaudmeIa-fTevAokUhKlYJqXabLAZKn4WuleL5wjjF_Nd6srHWj8y-sCCcC1ep8YJBT0F8Rqz6sXr_WAHtAOC9Bs-whBJqfkgJCCxFlEPgFFMp60Y4eNL3IE4w5aiaJk_pOzn1NuvwA276-Rkk9a3vUTR04W-zz8qjEBVAz4lCn62GK6UVHrfW8AMmUSjg5jdEFqoayhr5Z37L--hiHVuYjqHYBp4WhBcrYQW9KlMIauK4hnPTuKc6qMaGmlPhzb1wBrCer6jBoNOqnXT9vfU6X4u-50LcIxTxCHj16HX3bSAe3fnUj0YzF0Nuu8ULYkpM83yUNoVXhAUuIqYTrX0koiNDn4wc3GbE4_Lmj8l-_MamXKxco3L2qyR1enlE6KCbN28xuObie-F8Tup3_J2NV6pR3-k4AYmz-0iPLvXoJOKL4eOErhFXRwAQCHQuI00KPo354kiouaJr-cZBUDB_o8ct0S-Au5f5WPm3EyVSb0ss-lA7Lv37cK8-uyC0ldZXNPhqeCsXJtP8aPgQjvlyU_2aGhvPeNrdsVQ4QluYui9jWCBAQL7EV6E22cSsmhzf86Ur9AlFus6e3RfTrz&_bbr=1" "Mozilla/5.0 (iPhone; CPU iPhone OS 26_2 like Mac OS X) AppleWebKit/605.1.15 (KHTML, like Gecko) Version/26.2 Mobile/15E148 Safari/604.1"
103.92.100.163 - - [24/Mar/2026:02:14:45 +0530] "GET /assets/img/icons/mobile.png HTTP/2.0" 200 43677 "https://www.pathoworld.in/" "Mozilla/5.0 (Linux; Android 10; K) AppleWebKit/537.36 (KHTML, like Gecko) Chrome/146.0.0.0 Mobile Safari/537.36"
103.92.100.163 - - [24/Mar/2026:02:14:45 +0530] "GET /assets/img/icons/discount.png HTTP/2.0" 200 62356 "https://www.pathoworld.in/" "Mozilla/5.0 (Linux; Android 10; K) AppleWebKit/537.36 (KHTML, like Gecko) Chrome/146.0.0.0 Mobile Safari/537.36"
103.92.100.163 - - [24/Mar/2026:02:14:45 +0530] "GET /assets/img/icons/blood.png HTTP/2.0" 200 10471 "https://www.pathoworld.in/" "Mozilla/5.0 (Linux; Android 10; K) AppleWebKit/537.36 (KHTML, like Gecko) Chrome/146.0.0.0 Mobile Safari/537.36"
106.192.117.207 - - [24/Mar/2026:02:14:38 +0530] "GET / HTTP/2.0" 200 9055 "https://29571644-25608-36574.tentedienat.com/iiBOB4E1PQroZtczvQOYbhxKk9RS5tiGZvtUX8icEJ4RPJyUyW1lUKYozGmpjyOHfiPAPMk?_=0576db22-26f9-11f1-bd26-76eb0559dc56&d=BQ5qQHPe4pWWrjmJkQ0R5dfYEgQwEJWRu5efi1VI4gIVkAWSSE0nav7_Y20ducUNqoD_QoNlUyzrgrV0t0xgXeBpDb6jeK161IzPHyMV6_bAKD8Dw5aBGGkfKaVg0F9NrcByaVd-8qd8OnGL2psVA_IGI0kr07GccVR5U7-q-W2Am9amcg2qVu0vk4bL9eAvpOyy9SQLjhVxoGwc5nsoOhvmqpypF0UT_j0bgQP8i2UTtGbdjCteNRLB71hIW56Oci9YWAfItJcDYyogmHivsTrwatgXaa8C2DN2U8PRrPoMA0mCIgmuUzJs-r6kQCXnm2HnXr_4T96WT72z2gBWAZ85IBMasizoim06JBGe8khV8SwmNJgo4UfsPSkyTwet5ZqzM-i09Z9UBJNRGXL3rL1klLwQNhrtnhNi5u6AihbY-RB0EBvONbguq79jyPA2cVf9W6z2Sv-o78G-Ic3KwF-QgW8vs3eYNJbVJjkZ54z9zGxoOf5qY51ORB2PaLIMVFX-1hJzFIjY6DljmzifbAxXdl4XL7tNgxHpRb0FwaPqYy5CXmT03pmYqZgWFniIjipUYuFovg_EGk9CspwQ7ceKYfsgXjE_bR2LOtlJlq7zAuSjsQe8XxTZJAr_CmK2zKGHdMobTzvKhOLOUYPNJNa8cu882-H3RDtM9zum7ncThKMcLiZo59IYBHUyfgCq4qhdxWotSNLYbHbfnfuFW8Urgn-vniQ5DJARreeQ7WW1QnoLLe9k4eFS9emreaKbdy4C46vNV3qrFcrTE76Mq1Ojhmzx577Eko6mXG08b0iq1xiKlo3w8ww5BGjPDNEWoLL6R5Cu451VhoOrnFfDhCjRRfnjVx7OTeMfi7PgZbMJIIQYgVRQxDlyFW5mzRkFP020TES27A_UzTCFT8tDY1Z3MXSbhajxUooKI7ivte2a67xfjEhj_IX1_7RbW2_IB_3SqWRP9l-zUILWq46pok25L4ZeEi4MmO4PHTvTmSeK_GwDHBGbBGpA8duaX4dcw6Y1lzzp7TPyDLT7MDAt-7MbPvTlwEfsqdLnzysyNBj3mGEmY74nS8lDLiab_V9ocjkPRDyb6ckv_2GluDpS2gGsrypVY_CsuW1PRRIIbn5nx94GKZ3lbqZTUbB_qsPSQruz-XF0VlBYcGoZh8wFimXCXQCBHGNquzqCmoLgh7AqBGQ&_bbr=1" "Mozilla/5.0 (Linux; Android 10; K) AppleWebKit/537.36 (KHTML, like Gecko) Chrome/145.0.0.0 Mobile Safari/537.36"
49.47.152.244 - - [24/Mar/2026:02:14:45 +0530] "GET /assets/fonts/Flaticon.woff2 HTTP/2.0" 200 7532 "https://www.pathoworld.in/assets/css/flaticon.css" "Mozilla/5.0 (Linux; Android 10; K) AppleWebKit/537.36 (KHTML, like Gecko) Chrome/146.0.0.0 Mobile Safari/537.36"
49.47.152.244 - - [24/Mar/2026:02:14:45 +0530] "GET /assets/fonts/fa-solid-900.woff2 HTTP/2.0" 200 74256 "https://www.pathoworld.in/assets/css/fontawesome.min.css" "Mozilla/5.0 (Linux; Android 10; K) AppleWebKit/537.36 (KHTML, like Gecko) Chrome/146.0.0.0 Mobile Safari/537.36"
106.206.249.206 - - [24/Mar/2026:02:14:45 +0530] "GET /admin/icon/elderwomanhealthcheckup.png HTTP/2.0" 200 43513 "https://www.pathoworld.in/" "Mozilla/5.0 (Linux; Android 10; K) AppleWebKit/537.36 (KHTML, like Gecko) Chrome/140.0.0.0 Mobile Safari/537.36"
106.206.249.206 - - [24/Mar/2026:02:14:45 +0530] "GET /assets/img/worldhealth.png HTTP/2.0" 200 6557 "https://www.pathoworld.in/" "Mozilla/5.0 (Linux; Android 10; K) AppleWebKit/537.36 (KHTML, like Gecko) Chrome/140.0.0.0 Mobile Safari/537.36"
49.36.177.141 - - [24/Mar/2026:02:14:45 +0530] "GET /assets/img/logo.png HTTP/2.0" 200 204319 "https://www.pathoworld.in/" "Mozilla/5.0 (Linux; Android 10; K) AppleWebKit/537.36 (KHTML, like Gecko) Chrome/146.0.0.0 Mobile Safari/537.36"
49.36.177.141 - - [24/Mar/2026:02:14:45 +0530] "GET /assets/css/responsive.css HTTP/2.0" 200 5713 "https://www.pathoworld.in/" "Mozilla/5.0 (Linux; Android 10; K) AppleWebKit/537.36 (KHTML, like Gecko) Chrome/146.0.0.0 Mobile Safari/537.36"
49.36.177.141 - - [24/Mar/2026:02:14:45 +0530] "GET /assets/cart-icon.png HTTP/2.0" 200 2855 "https://www.pathoworld.in/" "Mozilla/5.0 (Linux; Android 10; K) AppleWebKit/537.36 (KHTML, like Gecko) Chrome/146.0.0.0 Mobile Safari/537.36"
106.206.249.206 - - [24/Mar/2026:02:14:45 +0530] "GET /assets/img/icons/discount.png HTTP/2.0" 200 62356 "https://www.pathoworld.in/" "Mozilla/5.0 (Linux; Android 10; K) AppleWebKit/537.36 (KHTML, like Gecko) Chrome/140.0.0.0 Mobile Safari/537.36"
157.42.21.9 - - [24/Mar/2026:02:14:45 +0530] "GET /assets/css/bootstrap.min.css HTTP/2.0" 200 22910 "https://www.pathoworld.in/" "Mozilla/5.0 (Linux; Android 10; K) AppleWebKit/537.36 (KHTML, like Gecko) Chrome/138.0.0.0 Mobile Safari/537.36"
176.29.59.36 - - [24/Mar/2026:02:14:45 +0530] "GET /assets/css/animate.min.css HTTP/2.0" 200 4324 "https://www.pathoworld.in/" "Mozilla/5.0 (Linux; Android 10; K) AppleWebKit/537.36 (KHTML, like Gecko) Chrome/146.0.0.0 Mobile Safari/537.36"
106.192.117.207 - - [24/Mar/2026:02:14:45 +0530] "GET /assets/css/bootstrap.min.css HTTP/2.0" 200 22910 "https://www.pathoworld.in/" "Mozilla/5.0 (Linux; Android 10; K) AppleWebKit/537.36 (KHTML, like Gecko) Chrome/145.0.0.0 Mobile Safari/537.36"
42.104.189.237 - - [24/Mar/2026:02:14:45 +0530] "GET /assets/img/icons/mobile.png HTTP/2.0" 200 43677 "https://www.pathoworld.in/" "Mozilla/5.0 (Linux; Android 10; K) AppleWebKit/537.36 (KHTML, like Gecko) Chrome/145.0.0.0 Mobile Safari/537.36"
42.104.189.237 - - [24/Mar/2026:02:14:45 +0530] "GET /assets/img/icons/blood.png HTTP/2.0" 200 10471 "https://www.pathoworld.in/" "Mozilla/5.0 (Linux; Android 10; K) AppleWebKit/537.36 (KHTML, like Gecko) Chrome/145.0.0.0 Mobile Safari/537.36"
152.171.29.10 - - [24/Mar/2026:02:14:45 +0530] "GET /assets/img/imaging-pathoworld.png HTTP/2.0" 200 97252 "https://www.pathoworld.in/" "Mozilla/5.0 (Linux; Android 10; K) AppleWebKit/537.36 (KHTML, like Gecko) Chrome/146.0.0.0 Mobile Safari/537.36"
152.58.169.162 - - [24/Mar/2026:02:14:45 +0530] "GET /assets/img/slider/s4.png HTTP/2.0" 200 141080 "https://www.pathoworld.in/" "Mozilla/5.0 (Linux; Android 10; K) AppleWebKit/537.36 (KHTML, like Gecko) Chrome/146.0.0.0 Mobile Safari/537.36"
43.251.93.89 - - [24/Mar/2026:02:14:45 +0530] "GET /assets/img/imaging-pathoworld.png HTTP/2.0" 200 97252 "https://www.pathoworld.in/" "Mozilla/5.0 (Linux; Android 10; K) AppleWebKit/537.36 (KHTML, like Gecko) Chrome/146.0.0.0 Mobile Safari/537.36"
106.192.117.207 - - [24/Mar/2026:02:14:45 +0530] "GET /assets/css/animate.min.css HTTP/2.0" 200 4324 "https://www.pathoworld.in/" "Mozilla/5.0 (Linux; Android 10; K) AppleWebKit/537.36 (KHTML, like Gecko) Chrome/145.0.0.0 Mobile Safari/537.36"
117.200.178.12 - - [24/Mar/2026:02:14:45 +0530] "GET /assets/img/cta-bg.jpg HTTP/2.0" 200 604579 "https://www.pathoworld.in/assets/css/style.css" "Mozilla/5.0 (Linux; Android 10; K) AppleWebKit/537.36 (KHTML, like Gecko) Chrome/146.0.0.0 Mobile Safari/537.36"
154.184.20.104 - - [24/Mar/2026:02:14:45 +0530] "GET /assets/img/imaging-pathoworld.png HTTP/2.0" 200 97252 "https://www.pathoworld.in/" "Mozilla/5.0 (Linux; Android 10; K) AppleWebKit/537.36 (KHTML, like Gecko) Chrome/144.0.0.0 Mobile Safari/537.36"
42.104.189.237 - - [24/Mar/2026:02:14:45 +0530] "GET /assets/img/icons/graph.png HTTP/2.0" 200 29886 "https://www.pathoworld.in/" "Mozilla/5.0 (Linux; Android 10; K) AppleWebKit/537.36 (KHTML, like Gecko) Chrome/145.0.0.0 Mobile Safari/537.36"
106.192.117.207 - - [24/Mar/2026:02:14:45 +0530] "GET /assets/css/fontawesome.min.css HTTP/2.0" 200 12063 "https://www.pathoworld.in/" "Mozilla/5.0 (Linux; Android 10; K) AppleWebKit/537.36 (KHTML, like Gecko) Chrome/145.0.0.0 Mobile Safari/537.36"
106.192.117.207 - - [24/Mar/2026:02:14:45 +0530] "GET /assets/css/flaticon.css HTTP/2.0" 200 665 "https://www.pathoworld.in/" "Mozilla/5.0 (Linux; Android 10; K) AppleWebKit/537.36 (KHTML, like Gecko) Chrome/145.0.0.0 Mobile Safari/537.36"
197.43.116.162 - - [24/Mar/2026:02:14:45 +0530] "GET /assets/css/style.css HTTP/2.0" 200 18238 "https://www.pathoworld.in/" "Mozilla/5.0 (Linux; Android 13; SM-F9160) AppleWebKit/537.36 (KHTML, like Gecko) SamsungBrowser/28.0 Chrome/142.0.7444.49 Mobile Safari/537.36"
197.43.116.162 - - [24/Mar/2026:02:14:45 +0530] "GET /assets/js/jquery.magnific-popup.min.js HTTP/2.0" 200 7346 "https://www.pathoworld.in/" "Mozilla/5.0 (Linux; Android 13; SM-F9160) AppleWebKit/537.36 (KHTML, like Gecko) SamsungBrowser/28.0 Chrome/142.0.7444.49 Mobile Safari/537.36"
197.43.116.162 - - [24/Mar/2026:02:14:45 +0530] "GET /assets/js/contact-form-script.js HTTP/2.0" 200 740 "https://www.pathoworld.in/" "Mozilla/5.0 (Linux; Android 13; SM-F9160) AppleWebKit/537.36 (KHTML, like Gecko) SamsungBrowser/28.0 Chrome/142.0.7444.49 Mobile Safari/537.36"
197.43.116.162 - - [24/Mar/2026:02:14:45 +0530] "GET /assets/js/popper.min.js HTTP/2.0" 200 6623 "https://www.pathoworld.in/" "Mozilla/5.0 (Linux; Android 13; SM-F9160) AppleWebKit/537.36 (KHTML, like Gecko) SamsungBrowser/28.0 Chrome/142.0.7444.49 Mobile Safari/537.36"
197.43.116.162 - - [24/Mar/2026:02:14:45 +0530] "GET /assets/js/odometer.min.js HTTP/2.0" 200 3631 "https://www.pathoworld.in/" "Mozilla/5.0 (Linux; Android 13; SM-F9160) AppleWebKit/537.36 (KHTML, like Gecko) SamsungBrowser/28.0 Chrome/142.0.7444.49 Mobile Safari/537.36"
197.43.116.162 - - [24/Mar/2026:02:14:45 +0530] "GET /assets/js/parallax.min.js HTTP/2.0" 200 4001 "https://www.pathoworld.in/" "Mozilla/5.0 (Linux; Android 13; SM-F9160) AppleWebKit/537.36 (KHTML, like Gecko) SamsungBrowser/28.0 Chrome/142.0.7444.49 Mobile Safari/537.36"
197.43.116.162 - - [24/Mar/2026:02:14:45 +0530] "GET /assets/js/bootstrap.min.js HTTP/2.0" 200 15918 "https://www.pathoworld.in/" "Mozilla/5.0 (Linux; Android 13; SM-F9160) AppleWebKit/537.36 (KHTML, like Gecko) SamsungBrowser/28.0 Chrome/142.0.7444.49 Mobile Safari/537.36"
197.43.116.162 - - [24/Mar/2026:02:14:45 +0530] "GET /assets/js/jquery.min.js HTTP/2.0" 200 30900 "https://www.pathoworld.in/" "Mozilla/5.0 (Linux; Android 13; SM-F9160) AppleWebKit/537.36 (KHTML, like Gecko) SamsungBrowser/28.0 Chrome/142.0.7444.49 Mobile Safari/537.36"
106.192.117.207 - - [24/Mar/2026:02:14:45 +0530] "GET /assets/css/magnific-popup.min.css HTTP/2.0" 200 1566 "https://www.pathoworld.in/" "Mozilla/5.0 (Linux; Android 10; K) AppleWebKit/537.36 (KHTML, like Gecko) Chrome/145.0.0.0 Mobile Safari/537.36"
165.51.101.209 - - [24/Mar/2026:02:14:44 +0530] "GET /assets/img/slider/s4.png HTTP/2.0" 200 141080 "https://www.pathoworld.in/" "Mozilla/5.0 (Linux; Android 10; K) AppleWebKit/537.36 (KHTML, like Gecko) Chrome/146.0.0.0 Mobile Safari/537.36"
165.51.101.209 - - [24/Mar/2026:02:14:45 +0530] "GET /assets/img/shape-image/1.png HTTP/2.0" 200 4694 "https://www.pathoworld.in/" "Mozilla/5.0 (Linux; Android 10; K) AppleWebKit/537.36 (KHTML, like Gecko) Chrome/146.0.0.0 Mobile Safari/537.36"
42.104.189.237 - - [24/Mar/2026:02:14:45 +0530] "GET /assets/img/icons/sugar.png HTTP/2.0" 200 14022 "https://www.pathoworld.in/" "Mozilla/5.0 (Linux; Android 10; K) AppleWebKit/537.36 (KHTML, like Gecko) Chrome/145.0.0.0 Mobile Safari/537.36"
42.104.189.237 - - [24/Mar/2026:02:14:45 +0530] "GET /assets/img/icons/family.png HTTP/2.0" 200 45194 "https://www.pathoworld.in/" "Mozilla/5.0 (Linux; Android 10; K) AppleWebKit/537.36 (KHTML, like Gecko) Chrome/145.0.0.0 Mobile Safari/537.36"
150.228.105.6 - - [24/Mar/2026:02:14:45 +0530] "GET /assets/img/imaging-pathoworld.png HTTP/2.0" 200 97252 "https://www.pathoworld.in/" "Mozilla/5.0 (Linux; Android 10; K) AppleWebKit/537.36 (KHTML, like Gecko) Chrome/146.0.0.0 Mobile Safari/537.36"
106.192.117.207 - - [24/Mar/2026:02:14:45 +0530] "GET /assets/css/odometer.min.css HTTP/2.0" 200 515 "https://www.pathoworld.in/" "Mozilla/5.0 (Linux; Android 10; K) AppleWebKit/537.36 (KHTML, like Gecko) Chrome/145.0.0.0 Mobile Safari/537.36"
106.206.249.206 - - [24/Mar/2026:02:14:45 +0530] "GET /assets/img/icons/blood.png HTTP/2.0" 200 10471 "https://www.pathoworld.in/" "Mozilla/5.0 (Linux; Android 10; K) AppleWebKit/537.36 (KHTML, like Gecko) Chrome/140.0.0.0 Mobile Safari/537.36"
106.206.249.206 - - [24/Mar/2026:02:14:45 +0530] "GET /assets/img/icons/mobile.png HTTP/2.0" 200 43677 "https://www.pathoworld.in/" "Mozilla/5.0 (Linux; Android 10; K) AppleWebKit/537.36 (KHTML, like Gecko) Chrome/140.0.0.0 Mobile Safari/537.36"
106.206.249.206 - - [24/Mar/2026:02:14:45 +0530] "GET /assets/img/icons/graph.png HTTP/2.0" 200 29886 "https://www.pathoworld.in/" "Mozilla/5.0 (Linux; Android 10; K) AppleWebKit/537.36 (KHTML, like Gecko) Chrome/140.0.0.0 Mobile Safari/537.36"
49.36.177.141 - - [24/Mar/2026:02:14:45 +0530] "GET /assets/img/imaging-pathoworld.png HTTP/2.0" 200 97252 "https://www.pathoworld.in/" "Mozilla/5.0 (Linux; Android 10; K) AppleWebKit/537.36 (KHTML, like Gecko) Chrome/146.0.0.0 Mobile Safari/537.36"
152.58.154.75 - - [24/Mar/2026:02:14:38 +0530] "GET / HTTP/2.0" 200 9055 "https://luluvid.com/" "Mozilla/5.0 (Linux; Android 10; K) AppleWebKit/537.36 (KHTML, like Gecko) Chrome/145.0.0.0 Mobile Safari/537.36"
152.58.169.162 - - [24/Mar/2026:02:14:45 +0530] "GET /assets/img/shape-image/1.png HTTP/2.0" 200 4694 "https://www.pathoworld.in/" "Mozilla/5.0 (Linux; Android 10; K) AppleWebKit/537.36 (KHTML, like Gecko) Chrome/146.0.0.0 Mobile Safari/537.36"
176.29.59.36 - - [24/Mar/2026:02:14:45 +0530] "GET /assets/css/fontawesome.min.css HTTP/2.0" 200 12063 "https://www.pathoworld.in/" "Mozilla/5.0 (Linux; Android 10; K) AppleWebKit/537.36 (KHTML, like Gecko) Chrome/146.0.0.0 Mobile Safari/537.36"
213.153.144.233 - - [24/Mar/2026:02:14:45 +0530] "GET /admin/icon/healthcheckup.png HTTP/2.0" 200 42881 "https://www.pathoworld.in/" "Mozilla/5.0 (Linux; Android 10; K) AppleWebKit/537.36 (KHTML, like Gecko) Chrome/146.0.0.0 Mobile Safari/537.36"
42.104.189.237 - - [24/Mar/2026:02:14:45 +0530] "GET /assets/img/shape-image/9.png HTTP/2.0" 200 3623 "https://www.pathoworld.in/" "Mozilla/5.0 (Linux; Android 10; K) AppleWebKit/537.36 (KHTML, like Gecko) Chrome/145.0.0.0 Mobile Safari/537.36"
106.192.117.207 - - [24/Mar/2026:02:14:45 +0530] "GET /assets/css/meanmenu.css HTTP/2.0" 200 986 "https://www.pathoworld.in/" "Mozilla/5.0 (Linux; Android 10; K) AppleWebKit/537.36 (KHTML, like Gecko) Chrome/145.0.0.0 Mobile Safari/537.36"
49.36.177.141 - - [24/Mar/2026:02:14:45 +0530] "GET /assets/js/jquery.min.js HTTP/2.0" 200 30900 "https://www.pathoworld.in/" "Mozilla/5.0 (Linux; Android 10; K) AppleWebKit/537.36 (KHTML, like Gecko) Chrome/146.0.0.0 Mobile Safari/537.36"
103.92.100.163 - - [24/Mar/2026:02:14:45 +0530] "GET /assets/img/icons/graph.png HTTP/2.0" 200 29886 "https://www.pathoworld.in/" "Mozilla/5.0 (Linux; Android 10; K) AppleWebKit/537.36 (KHTML, like Gecko) Chrome/146.0.0.0 Mobile Safari/537.36"
103.92.100.163 - - [24/Mar/2026:02:14:45 +0530] "GET /assets/img/icons/sugar.png HTTP/2.0" 200 14022 "https://www.pathoworld.in/" "Mozilla/5.0 (Linux; Android 10; K) AppleWebKit/537.36 (KHTML, like Gecko) Chrome/146.0.0.0 Mobile Safari/537.36"
103.92.100.163 - - [24/Mar/2026:02:14:45 +0530] "GET /assets/img/icons/family.png HTTP/2.0" 200 45194 "https://www.pathoworld.in/" "Mozilla/5.0 (Linux; Android 10; K) AppleWebKit/537.36 (KHTML, like Gecko) Chrome/146.0.0.0 Mobile Safari/537.36"
106.192.117.207 - - [24/Mar/2026:02:14:45 +0530] "GET /assets/css/owl.carousel.min.css HTTP/2.0" 200 1284 "https://www.pathoworld.in/" "Mozilla/5.0 (Linux; Android 10; K) AppleWebKit/537.36 (KHTML, like Gecko) Chrome/145.0.0.0 Mobile Safari/537.36"
106.206.249.206 - - [24/Mar/2026:02:14:45 +0530] "GET /assets/img/icons/sugar.png HTTP/2.0" 200 14022 "https://www.pathoworld.in/" "Mozilla/5.0 (Linux; Android 10; K) AppleWebKit/537.36 (KHTML, like Gecko) Chrome/140.0.0.0 Mobile Safari/537.36"
157.42.21.9 - - [24/Mar/2026:02:14:45 +0530] "GET /assets/css/animate.min.css HTTP/2.0" 200 4324 "https://www.pathoworld.in/" "Mozilla/5.0 (Linux; Android 10; K) AppleWebKit/537.36 (KHTML, like Gecko) Chrome/138.0.0.0 Mobile Safari/537.36"
49.36.177.141 - - [24/Mar/2026:02:14:45 +0530] "GET /assets/js/popper.min.js HTTP/2.0" 200 6623 "https://www.pathoworld.in/" "Mozilla/5.0 (Linux; Android 10; K) AppleWebKit/537.36 (KHTML, like Gecko) Chrome/146.0.0.0 Mobile Safari/537.36"
213.153.144.233 - - [24/Mar/2026:02:14:45 +0530] "GET /admin/icon/eldermanhealthcheckup.png HTTP/2.0" 200 47535 "https://www.pathoworld.in/" "Mozilla/5.0 (Linux; Android 10; K) AppleWebKit/537.36 (KHTML, like Gecko) Chrome/146.0.0.0 Mobile Safari/537.36"
213.153.144.233 - - [24/Mar/2026:02:14:45 +0530] "GET /admin/icon/elderwomanhealthcheckup.png HTTP/2.0" 200 43513 "https://www.pathoworld.in/" "Mozilla/5.0 (Linux; Android 10; K) AppleWebKit/537.36 (KHTML, like Gecko) Chrome/146.0.0.0 Mobile Safari/537.36"
165.51.101.209 - - [24/Mar/2026:02:14:45 +0530] "GET /assets/img/shape-image/2.png HTTP/2.0" 200 8055 "https://www.pathoworld.in/" "Mozilla/5.0 (Linux; Android 10; K) AppleWebKit/537.36 (KHTML, like Gecko) Chrome/146.0.0.0 Mobile Safari/537.36"
103.92.100.163 - - [24/Mar/2026:02:14:45 +0530] "GET /assets/img/shape-image/9.png HTTP/2.0" 200 3623 "https://www.pathoworld.in/" "Mozilla/5.0 (Linux; Android 10; K) AppleWebKit/537.36 (KHTML, like Gecko) Chrome/146.0.0.0 Mobile Safari/537.36"
103.92.100.163 - - [24/Mar/2026:02:14:45 +0530] "GET /assets/img/shape-image/10.png HTTP/2.0" 200 1515 "https://www.pathoworld.in/" "Mozilla/5.0 (Linux; Android 10; K) AppleWebKit/537.36 (KHTML, like Gecko) Chrome/146.0.0.0 Mobile Safari/537.36"
43.251.93.89 - - [24/Mar/2026:02:14:45 +0530] "GET /assets/js/popper.min.js HTTP/2.0" 200 6623 "https://www.pathoworld.in/" "Mozilla/5.0 (Linux; Android 10; K) AppleWebKit/537.36 (KHTML, like Gecko) Chrome/146.0.0.0 Mobile Safari/537.36"
152.58.169.162 - - [24/Mar/2026:02:14:45 +0530] "GET /assets/img/shape-image/2.png HTTP/2.0" 200 8055 "https://www.pathoworld.in/" "Mozilla/5.0 (Linux; Android 10; K) AppleWebKit/537.36 (KHTML, like Gecko) Chrome/146.0.0.0 Mobile Safari/537.36"
43.251.93.89 - - [24/Mar/2026:02:14:45 +0530] "GET /assets/js/jquery.min.js HTTP/2.0" 200 30900 "https://www.pathoworld.in/" "Mozilla/5.0 (Linux; Android 10; K) AppleWebKit/537.36 (KHTML, like Gecko) Chrome/146.0.0.0 Mobile Safari/537.36"
103.92.100.163 - - [24/Mar/2026:02:14:45 +0530] "GET /assets/img/map1.png HTTP/2.0" 200 71706 "https://www.pathoworld.in/" "Mozilla/5.0 (Linux; Android 10; K) AppleWebKit/537.36 (KHTML, like Gecko) Chrome/146.0.0.0 Mobile Safari/537.36"
49.36.177.141 - - [24/Mar/2026:02:14:45 +0530] "GET /assets/js/bootstrap.min.js HTTP/2.0" 200 15918 "https://www.pathoworld.in/" "Mozilla/5.0 (Linux; Android 10; K) AppleWebKit/537.36 (KHTML, like Gecko) Chrome/146.0.0.0 Mobile Safari/537.36"
49.36.177.141 - - [24/Mar/2026:02:14:45 +0530] "GET /assets/js/jquery.meanmenu.js HTTP/2.0" 200 1607 "https://www.pathoworld.in/" "Mozilla/5.0 (Linux; Android 10; K) AppleWebKit/537.36 (KHTML, like Gecko) Chrome/146.0.0.0 Mobile Safari/537.36"
103.92.100.163 - - [24/Mar/2026:02:14:45 +0530] "GET /assets/img/user.png HTTP/2.0" 200 26361 "https://www.pathoworld.in/" "Mozilla/5.0 (Linux; Android 10; K) AppleWebKit/537.36 (KHTML, like Gecko) Chrome/146.0.0.0 Mobile Safari/537.36"
106.206.249.206 - - [24/Mar/2026:02:14:45 +0530] "GET /assets/img/icons/family.png HTTP/2.0" 200 45194 "https://www.pathoworld.in/" "Mozilla/5.0 (Linux; Android 10; K) AppleWebKit/537.36 (KHTML, like Gecko) Chrome/140.0.0.0 Mobile Safari/537.36"
62.183.82.70 - - [24/Mar/2026:02:14:45 +0530] "GET /assets/js/wow.min.js HTTP/2.0" 200 2702 "https://www.pathoworld.in/" "Mozilla/5.0 (Linux; Android 13; SM-F9160) AppleWebKit/537.36 (KHTML, like Gecko) SamsungBrowser/28.0 Chrome/142.0.7444.49 Mobile Safari/537.36"
42.104.189.237 - - [24/Mar/2026:02:14:45 +0530] "GET /assets/img/map1.png HTTP/2.0" 200 71706 "https://www.pathoworld.in/" "Mozilla/5.0 (Linux; Android 10; K) AppleWebKit/537.36 (KHTML, like Gecko) Chrome/145.0.0.0 Mobile Safari/537.36"
42.104.189.237 - - [24/Mar/2026:02:14:45 +0530] "GET /assets/img/shape-image/10.png HTTP/2.0" 200 1515 "https://www.pathoworld.in/" "Mozilla/5.0 (Linux; Android 10; K) AppleWebKit/537.36 (KHTML, like Gecko) Chrome/145.0.0.0 Mobile Safari/537.36"
42.104.189.237 - - [24/Mar/2026:02:14:45 +0530] "GET /assets/img/user.png HTTP/2.0" 200 26361 "https://www.pathoworld.in/" "Mozilla/5.0 (Linux; Android 10; K) AppleWebKit/537.36 (KHTML, like Gecko) Chrome/145.0.0.0 Mobile Safari/537.36"
49.36.177.141 - - [24/Mar/2026:02:14:45 +0530] "GET /assets/js/jquery.appear.js HTTP/2.0" 200 1360 "https://www.pathoworld.in/" "Mozilla/5.0 (Linux; Android 10; K) AppleWebKit/537.36 (KHTML, like Gecko) Chrome/146.0.0.0 Mobile Safari/537.36"
106.192.117.207 - - [24/Mar/2026:02:14:45 +0530] "GET /assets/css/progressbar.min.css HTTP/2.0" 200 350 "https://www.pathoworld.in/" "Mozilla/5.0 (Linux; Android 10; K) AppleWebKit/537.36 (KHTML, like Gecko) Chrome/145.0.0.0 Mobile Safari/537.36"
49.36.177.141 - - [24/Mar/2026:02:14:45 +0530] "GET /assets/js/odometer.min.js HTTP/2.0" 200 3631 "https://www.pathoworld.in/" "Mozilla/5.0 (Linux; Android 10; K) AppleWebKit/537.36 (KHTML, like Gecko) Chrome/146.0.0.0 Mobile Safari/537.36"
87.65.77.176 - - [24/Mar/2026:02:14:40 +0530] "GET / HTTP/2.0" 200 9055 "https://29571644-33181-36574.tentedienat.com/iCBOCYUzOQjkZtczvQOYbhxKk9RS5tiGZvtUX8icEJ4RPJ2UyU4EruqTQh3UEY4D-J6uHHg?_=0b8b3a85-26f9-11f1-a2c7-ebbd1424a578&d=BQ5qQHPesZWOrzlJ0AAR5dXYEhyyV9v31sgXWbHr90O9GGjr1hLBjSkk6mS-ekgPoKhf_RlhnMkgJmdZN5AbO0-F8_kqA-6oggcuCube5xMmf-JHRPfVvWblOgOz6sBihQRftZ_rabC980slVQ_bjQM24u-wDOoqmUMVznuC2uA4TjjCOEZKEnX-QVqYg2lnW3UL36e2SXwUMERGR4OLIVtFj7ZgiQtAbVan4CBymiYtgmGmG5mP4ozPu1CtVCGZLu751OVYLhEE9kgFH_0bqTEX0Ei4Ux9LS98boSd4gKQKdXBvNDkopLsTvq2qS0JwKyfyEWYzUzx5lDB7FROtByUmzEO6oQU0pfK3iZGymj-RAVYmwkXJ0wEpwVbSLl70kdE5kS0GFaImWBO1nEbee-Lo-nqCH_GjQzGPOqBFODYKlpl_0t1VrlYEi5fPVjJX58IRIqiVvQIMVwYO7ea2qHkoHYUlov2hLdYvcrVf7XS3GDWV2nejkOz2OAGnr08vk63znAeb1BHxIPZ6ptl6Zp6wKSg8S5yR9ufwylh8wPX0UA_MVDj8HMvSoakmhy2g5xJoIi3bH4QEt8CwfLEt-tBD2uT_6_t0j-clSkFGpnhXrbyCGsXIbuKUeoePsyLF9C2vVJN_2jaQtLEbgL4ukMLSkCPJlGNp0Tcy2FPkAghMilijzxo4a4_ecVrsf_L4PoVYfuSRnuPVGGG0tKKdrSHS0xJk4cnzrfK5iy_-gKzFdgn34PpS86y5cvTvXWSoCzq2nPgWLCVQvot2Yj61KfeWRhh7wCJj40iWvz_tll5pyIi2Q-pCJ2FLnB9q37A06WcSXWyyN6pE7J1ptOeCWuZat0Az2DSQ7_zTHsRp4Hb_LFzGcTxOChrK22wxXoRmkOMc74w0Z550U6C4e3X-yOFMCCRM4adjQ9VmMlN4Pw6xaxhlJio8OyaHf-Z8xtrnzMpGcdO6xLHhvVl1PO6oINcvlQrP1Nbjsv3ZRm_bts8hJKZ4EVsh63FH2UVifDSyZ1pJZqyr7C7Da1_KobLtZySRjBZJ1lmiXI7OiWnV3b_jnL_Q3f-g6HbfO-JnrWRFO4oRf-tVu2Um13r_Kx263s-_XnFbbVnXKXYEXhQRG7UeKV5oU2Gpc-7zKn8lgRBS5PNkOue7&_bbr=1" "Mozilla/5.0 (Macintosh; Intel Mac OS X 10_15_7) AppleWebKit/537.36 (KHTML, like Gecko) Chrome/144.0.0.0 Safari/537.36"
106.206.249.206 - - [24/Mar/2026:02:14:45 +0530] "GET /assets/img/shape-image/9.png HTTP/2.0" 200 3623 "https://www.pathoworld.in/" "Mozilla/5.0 (Linux; Android 10; K) AppleWebKit/537.36 (KHTML, like Gecko) Chrome/140.0.0.0 Mobile Safari/537.36"
106.206.249.206 - - [24/Mar/2026:02:14:45 +0530] "GET /assets/img/shape-image/10.png HTTP/2.0" 200 1515 "https://www.pathoworld.in/" "Mozilla/5.0 (Linux; Android 10; K) AppleWebKit/537.36 (KHTML, like Gecko) Chrome/140.0.0.0 Mobile Safari/537.36"
176.29.59.36 - - [24/Mar/2026:02:14:45 +0530] "GET /assets/css/flaticon.css HTTP/2.0" 200 665 "https://www.pathoworld.in/" "Mozilla/5.0 (Linux; Android 10; K) AppleWebKit/537.36 (KHTML, like Gecko) Chrome/146.0.0.0 Mobile Safari/537.36"
117.200.178.12 - - [24/Mar/2026:02:14:45 +0530] "GET /assets/img/favicon.png HTTP/2.0" 200 14733 "https://www.pathoworld.in/" "Mozilla/5.0 (Linux; Android 10; K) AppleWebKit/537.36 (KHTML, like Gecko) Chrome/146.0.0.0 Mobile Safari/537.36"
49.36.177.141 - - [24/Mar/2026:02:14:45 +0530] "GET /assets/js/jquery.magnific-popup.min.js HTTP/2.0" 200 7346 "https://www.pathoworld.in/" "Mozilla/5.0 (Linux; Android 10; K) AppleWebKit/537.36 (KHTML, like Gecko) Chrome/146.0.0.0 Mobile Safari/537.36"
