172.225.82.133 - - [24/Mar/2026:02:14:33 +0530] "GET /assets/cart-icon.png HTTP/2.0" 200 2855 "https://www.pathoworld.in/" "Mozilla/5.0 (iPhone; CPU iPhone OS 18_7 like Mac OS X) AppleWebKit/605.1.15 (KHTML, like Gecko) Version/26.3 Mobile/15E148 Safari/604.1"
103.216.70.34 - - [24/Mar/2026:02:14:33 +0530] "GET /assets/img/cta-bg.jpg HTTP/2.0" 200 604579 "https://www.pathoworld.in/assets/css/style.css" "Mozilla/5.0 (Linux; Android 10; K) AppleWebKit/537.36 (KHTML, like Gecko) Chrome/146.0.0.0 Mobile Safari/537.36"
103.225.117.180 - - [24/Mar/2026:02:14:33 +0530] "GET /assets/img/cta-bg.jpg HTTP/2.0" 200 604579 "https://www.pathoworld.in/assets/css/style.css" "Mozilla/5.0 (Linux; Android 10; K) AppleWebKit/537.36 (KHTML, like Gecko) Chrome/146.0.0.0 Mobile Safari/537.36"
110.226.232.124 - - [24/Mar/2026:02:14:33 +0530] "GET /assets/img/slider/s2.png HTTP/2.0" 200 164012 "https://www.pathoworld.in/" "Mozilla/5.0 (Linux; Android 10; K) AppleWebKit/537.36 (KHTML, like Gecko) Chrome/146.0.0.0 Mobile Safari/537.36"
181.176.42.170 - - [24/Mar/2026:02:14:33 +0530] "GET /assets/img/map1.png HTTP/2.0" 200 71706 "https://www.pathoworld.in/" "Mozilla/5.0 (Linux; Android 10; K) AppleWebKit/537.36 (KHTML, like Gecko) Chrome/145.0.0.0 Mobile Safari/537.36"
181.176.42.170 - - [24/Mar/2026:02:14:33 +0530] "GET /assets/img/user.png HTTP/2.0" 200 26361 "https://www.pathoworld.in/" "Mozilla/5.0 (Linux; Android 10; K) AppleWebKit/537.36 (KHTML, like Gecko) Chrome/145.0.0.0 Mobile Safari/537.36"
150.129.100.194 - - [24/Mar/2026:02:14:33 +0530] "GET /assets/img/icons/family.png HTTP/2.0" 200 45194 "https://www.pathoworld.in/" "Mozilla/5.0 (Linux; Android 10; K) AppleWebKit/537.36 (KHTML, like Gecko) Chrome/146.0.0.0 Mobile Safari/537.36"
150.129.100.194 - - [24/Mar/2026:02:14:33 +0530] "GET /assets/img/shape-image/9.png HTTP/2.0" 200 3623 "https://www.pathoworld.in/" "Mozilla/5.0 (Linux; Android 10; K) AppleWebKit/537.36 (KHTML, like Gecko) Chrome/146.0.0.0 Mobile Safari/537.36"
150.129.100.194 - - [24/Mar/2026:02:14:33 +0530] "GET /assets/img/shape-image/10.png HTTP/2.0" 200 1515 "https://www.pathoworld.in/" "Mozilla/5.0 (Linux; Android 10; K) AppleWebKit/537.36 (KHTML, like Gecko) Chrome/146.0.0.0 Mobile Safari/537.36"
190.101.15.174 - - [24/Mar/2026:02:14:26 +0530] "GET / HTTP/2.0" 200 9055 "https://29571644-33181-36574.squitoiages.com/iyZEBoQyNAfhZtczvQOYbhxKk9RS5tiGZvtUX8icEJ4RPJyUyYG9MyWzTEeQ9eXuWwYbzyA?_=0563991e-26f9-11f1-ae07-27c21ded93bc&d=BQ5qQHPer5W2rznpkwIR9dfYEsxoV93Ct00WYm2yp1UR3N7INoXRe2-UOxyKnz5e1r0F5vhnCdI-F0fEk-70IkQlVFIJGGPqzrk3RBhU-6OwHKKNfCfY4rlW6geooDtqM-PsICIUWHRB2iR4NYRtyeLvJ_TDOoJ_KbjKvrA8GuRNfN-PTT2HSF6GdfP14bXCmAbosX2TIqsnoerXqx77BVvjCoz40k3RgZeUrRqjeQZCaVy1AcggM6Ekl_OsIFsqYuNKoqgMJUUL9e6f-qXKwvtTKkKTGMp86DpshBd7F15lbEEOrZzEdpRsADhKWSpB4HSnh2xX8UAJQXDTRv5UCoWF6_jqcxxWnwbaWo-2_KEXfHly8Gh9XHNP6RUgQ4CyBNktj_zVKn4rrqPQwNitOWuR5HcKHcCxyjvLNCKXNJZyusV1IBGnKjwj7BF-jICfMHK8R51PHQ482gt4ll1PCPRZPmUrHjG4iHbA1aaXijlrdP1zVnDrfOmaocW_bn91ImxeLMwOtDfZjw5blHaXDpHaz4_TmBnbYDDw06oFn1DFt9IUfPMpIgSOQuZ5iXmZLyqcxFeYoKlg9GG9Jt64GWeaWAhSxMlCrKKqjw1qn3wQVmuiW50HsH8OYGzKF--xXXjFkEL44pGdRXEx1SXCUcBdPVmoahkXpEiyE4k71k-Vv-A_8N0RiTe-DTcbEFYOFyT0K6pmzHmUVBLYqs2Ujh2FIIkYCg7fW_nU2K7By5z9DdPSXEZo4fnuW09r-1XMKplPIpMcRa3CfYwrd9411gL27xdmvaAnK0O2sTT1xiPiOIxRQZz02lK2yyRnIOkc2hfDAuQvsOXOqV6A2BsFXUVJvPU7KmF4e8l1bKotUAPkSSum_eZr4HS2EH7JkWqRKO-Ram-PjPhKKJY4NPFLKyQDDGUh610iZoewcI8Xumh-sWWGegbowBZ35IzanOonybtPB5rBOyRZE2ETBMOWGqb9g8GZzwMbhnKmuyo2ZxuFndWHMOdYck1vSHMO-OcaDmcVD8vBv3GrYOVW0KHQ3DnJ0rGkvJ79SSNsbFXEtcCNFMpwGX4QHeNR5S5ufwCWEMjFClDCf4kIxGi-Ti9Pp-Ce8AfjACJlWiKkLBqGnzRIuZLREpdmtx9GVFt0ChA&_bbr=1" "Mozilla/5.0 (Windows NT 10.0; Win64; x64) AppleWebKit/537.36 (KHTML, like Gecko) Chrome/143.0.0.0 Safari/537.36"
176.54.89.180 - - [24/Mar/2026:02:14:33 +0530] "GET /assets/img/map1.png HTTP/2.0" 200 71706 "https://www.pathoworld.in/" "Mozilla/5.0 (Linux; Android 10; K) AppleWebKit/537.36 (KHTML, like Gecko) Chrome/146.0.0.0 Mobile Safari/537.36"
176.54.89.180 - - [24/Mar/2026:02:14:33 +0530] "GET /assets/img/user.png HTTP/2.0" 200 26361 "https://www.pathoworld.in/" "Mozilla/5.0 (Linux; Android 10; K) AppleWebKit/537.36 (KHTML, like Gecko) Chrome/146.0.0.0 Mobile Safari/537.36"
106.67.182.218 - - [24/Mar/2026:02:14:33 +0530] "GET /assets/js/wow.min.js HTTP/2.0" 200 2702 "https://www.pathoworld.in/" "Mozilla/5.0 (Linux; Android 10; K) AppleWebKit/537.36 (KHTML, like Gecko) Chrome/145.0.0.0 Mobile Safari/537.36"
150.129.100.194 - - [24/Mar/2026:02:14:33 +0530] "GET /assets/img/user.png HTTP/2.0" 200 26361 "https://www.pathoworld.in/" "Mozilla/5.0 (Linux; Android 10; K) AppleWebKit/537.36 (KHTML, like Gecko) Chrome/146.0.0.0 Mobile Safari/537.36"
150.129.100.194 - - [24/Mar/2026:02:14:33 +0530] "GET /assets/img/map1.png HTTP/2.0" 200 71706 "https://www.pathoworld.in/" "Mozilla/5.0 (Linux; Android 10; K) AppleWebKit/537.36 (KHTML, like Gecko) Chrome/146.0.0.0 Mobile Safari/537.36"
106.67.182.218 - - [24/Mar/2026:02:14:33 +0530] "GET /assets/js/jquery.ajaxchimp.min.js HTTP/2.0" 200 939 "https://www.pathoworld.in/" "Mozilla/5.0 (Linux; Android 10; K) AppleWebKit/537.36 (KHTML, like Gecko) Chrome/145.0.0.0 Mobile Safari/537.36"
106.67.182.218 - - [24/Mar/2026:02:14:33 +0530] "GET /assets/js/form-validator.min.js HTTP/2.0" 200 2096 "https://www.pathoworld.in/" "Mozilla/5.0 (Linux; Android 10; K) AppleWebKit/537.36 (KHTML, like Gecko) Chrome/145.0.0.0 Mobile Safari/537.36"
110.226.232.124 - - [24/Mar/2026:02:14:33 +0530] "GET /assets/img/slider/s3.png HTTP/2.0" 200 124455 "https://www.pathoworld.in/" "Mozilla/5.0 (Linux; Android 10; K) AppleWebKit/537.36 (KHTML, like Gecko) Chrome/146.0.0.0 Mobile Safari/537.36"
223.182.212.162 - - [24/Mar/2026:02:14:33 +0530] "GET /assets/img/favicon.png HTTP/2.0" 200 14733 "https://www.pathoworld.in/" "Mozilla/5.0 (Linux; Android 10; K) AppleWebKit/537.36 (KHTML, like Gecko) Chrome/145.0.0.0 Mobile Safari/537.36"
110.226.232.124 - - [24/Mar/2026:02:14:33 +0530] "GET /assets/img/slider/s4.png HTTP/2.0" 200 141080 "https://www.pathoworld.in/" "Mozilla/5.0 (Linux; Android 10; K) AppleWebKit/537.36 (KHTML, like Gecko) Chrome/146.0.0.0 Mobile Safari/537.36"
110.226.232.124 - - [24/Mar/2026:02:14:33 +0530] "GET /assets/img/shape-image/1.png HTTP/2.0" 200 4694 "https://www.pathoworld.in/" "Mozilla/5.0 (Linux; Android 10; K) AppleWebKit/537.36 (KHTML, like Gecko) Chrome/146.0.0.0 Mobile Safari/537.36"
106.67.182.218 - - [24/Mar/2026:02:14:33 +0530] "GET /assets/js/contact-form-script.js HTTP/2.0" 200 740 "https://www.pathoworld.in/" "Mozilla/5.0 (Linux; Android 10; K) AppleWebKit/537.36 (KHTML, like Gecko) Chrome/145.0.0.0 Mobile Safari/537.36"
23.251.48.229 - - [24/Mar/2026:02:14:25 +0530] "GET / HTTP/2.0" 200 - "https://29571644-32063-36574.tentedienat.com/iy1GDoc3OQrnZtczvQOYbhxKk9RS5tiGZvtUX8icEJ4RPJyWyQ1gdP4Xu8Qg3b8FxVo_kAQ?_=069c00cf-26f9-11f1-b35b-d6a2005eb2f8&d=BQ5qQHPeG5Rmrjk5FwgR9TcqEgQjU9-tJHACXRGB-yAT2ynKuN1wk6Tamj4c8s4VIC-4cqtj3CkD3mdZO_CJUnzixslF6cPMBmKTG1Dn9_4h5rgQPwiVp5b841-Lk5Bq3ww1Bx08NM50uOFkyNKU6QP03ohPfn-Nt72EhX09IQGCP5IPoIsw-KdtBD77D6c9t_BiMD3t7UxYuyKMaC1w5q1PQ3vwLX7WLkaxJ1wpWCRmryFvcMzhvDCv7YsbCtg8GMNNhoVi60jfIWo3r2MafcifZXReV-cFt2oGi41wf56TIeZ6viUztKgHxEUiWdpVEniaBvyM3k_UiSpm7IKJLXc74x52HmWF5sCdOgOkpYgrs3xtscVB46vK0BCHM8UIj1AG51kfdUxYT1uZY-IEaTOb8Q2daXUcu8gHWSBPpmDMspwUTTjV-RrItvLzLvJwFgOdLMzGpe0DfLc_crLPIn85RWmkMXNCuHyToGWVgGwEGQZRJZMSuPe4fOaaT_GqMXqaJo4MtxImgtcgQxU0HF1CqKaMGNL-UOQyRJiSLY4wrEOp1dvPipcDwquj2I2yU-Gjp5EcDaeVbxXNo7VCf3geOt7OlY_o98rXklq15-_fRL9jZd9O5Ln2G5w7MgVaIjm5Z2sq2NpCsBFcFINoadX81I0sRf2vtMvAR1BMbeCV0MxsId0MW1cZWpZ_IwX-JmzS3bR3qNyKkhTmMwtbIpEAQL8r5VfmLo8udNv6sZtiCLbRAoPYZVoJsk8B9Ms5Z1dyZLWqfgRcBRD54cI-yc-X9oAiHaPJvE21rFTN-pb4Pz_mjm8sgfuusiF5O_LYk6fZt9RToME-38v-lDu6h1wq7QDIWZJIXnxhOHxb_LzCe-AOTWvTJgLU0hgJSFyWeywHq79Hm_E4ut_VDZoLbYi6W-kn5OhYKTU0vN_70hS_boijTW4tE3zkjK7ZT6y1UEqRtweuU_bBwcYr4jjSSHEVekFyP9tBJqX1D-PC13Nri6fMkwQKuxJ5lSWoIhbR6-vzFoZ2t2zrk8uMtAD-P36H3KyUtAaYDVVntR3zoSfmfXTXcSiU3tc4pLB4rOYdjF5r6JGphYNgfNuDlFbP9nnr5rjb76lcB-eqVJj00yi1x5WWNFgG0_TCR5QmQ8VjkZvtLu7lQoU6rLGqO1pxsF95FOfpt7YDYCyckLYr9joCo2DUKst1oI4K-FLcwwhH2t92OpoJzw0L&_bbr=1" "Mozilla/5.0 (Linux; Android 10; K) AppleWebKit/537.36 (KHTML, like Gecko) Chrome/146.0.0.0 Mobile Safari/537.36"
181.176.45.248 - - [24/Mar/2026:02:14:33 +0530] "GET /assets/img/icons/graph.png HTTP/2.0" 200 29886 "https://www.pathoworld.in/" "Mozilla/5.0 (Linux; Android 10; K) AppleWebKit/537.36 (KHTML, like Gecko) Chrome/143.0.0.0 Mobile Safari/537.36"
181.176.45.248 - - [24/Mar/2026:02:14:33 +0530] "GET /assets/img/icons/sugar.png HTTP/2.0" 200 14022 "https://www.pathoworld.in/" "Mozilla/5.0 (Linux; Android 10; K) AppleWebKit/537.36 (KHTML, like Gecko) Chrome/143.0.0.0 Mobile Safari/537.36"
181.176.45.248 - - [24/Mar/2026:02:14:34 +0530] "GET /assets/img/icons/family.png HTTP/2.0" 200 45194 "https://www.pathoworld.in/" "Mozilla/5.0 (Linux; Android 10; K) AppleWebKit/537.36 (KHTML, like Gecko) Chrome/143.0.0.0 Mobile Safari/537.36"
110.226.232.124 - - [24/Mar/2026:02:14:34 +0530] "GET /assets/img/shape-image/2.png HTTP/2.0" 200 8055 "https://www.pathoworld.in/" "Mozilla/5.0 (Linux; Android 10; K) AppleWebKit/537.36 (KHTML, like Gecko) Chrome/146.0.0.0 Mobile Safari/537.36"
172.225.82.133 - - [24/Mar/2026:02:14:33 +0530] "GET /assets/fonts/fa-solid-900.woff2 HTTP/2.0" 200 74256 "https://www.pathoworld.in/" "Mozilla/5.0 (iPhone; CPU iPhone OS 18_7 like Mac OS X) AppleWebKit/605.1.15 (KHTML, like Gecko) Version/26.3 Mobile/15E148 Safari/604.1"
62.201.255.211 - - [24/Mar/2026:02:14:16 +0530] "GET / HTTP/2.0" 200 - "https://29571644-31586-36574.squitoiages.com/jSVFCYI5Og_iZtczvQOYbhxKk9RS5tiGZvtUX8icEJ4RPJyUyTgdJJ7RVtjCSikedhfIljo?_=054028ab-26f9-11f1-99a2-d104d453cb8e&d=BQ5qQHPe2JXOrjlZlggFRUxbEsCPCRuZrDWkUfNUEeVxk0h0sMk24g2uP918mFw9fg4xoBdIi-liuiRb6FKanD3tp53plXfPhelIh6vXD4rJ8yzML_H33JrWk5odCd0h4kWtfBnGe13puYdqSnRH3f2XKENLqrgHuyUMWSkzItuGWAXWyvZ7iDhO8O8gWi-PktAMBCuCv9H_mJWWzCcan3cdYCRWD_5IKi5sE86le2en452-4-TuukWgdsILpNjiye4jm8HQ_kYcpkqwJ6Fsl3bityzursjE3W9w1lhRF6UwLWmw5hVXhUpBKlTQ_47Yw7eb7gv2F5b2DIGEszo8IPXK8VPYtjQPuNq7V80oxMfhZxCnnLa5i624HrAucWWvU1q7pgkuBjG5o3qnKRdse9ksYNPpYx19XMZJThHG_RP27UKjKsB8r4zRAy-dzfegkd6_SKH2w52d2yMq3D7TJ0Q2J2-0E6M0GiVIn-AC9i7nXDQ6qcmPv8A07WMHwBOoKxAAVpYG_YE1NqPZ6fZ7fweWH9G5Q0WCF3zTNhTU9ybzyUfrghZgbth--NuYnluGUONiQjjoe5yAe2PvFNhWy6k0hFbx0kI4ivzGFz9jhgXPxgrsXV1cAMTY8wmebWkllQSp7Q5yC6nx2rNfUl2UkTyEbF1rYfbys87uaCgu_Bk5OB3u59amDFQOtYHGdWlDm2iMEN7OzM0TlxWaH9MO-k5yBcDIjgseqVr23WetkOYr662gaWNmT23GrYwyUeMGCQHbkn3L64FVTD6trApTNKbwJtEiZDjfjtApdZaZuJDvHrCKEPb8yIY93MjVZKPL2yqxkQpNS9Y7p4oavRM0Lgp1WiIQihMn4yYaeUz3QEKv2QHfs7rNam1mvMSL4NN235CD50wlkLOM0N0n-IIQWJvQTp8npLpNx9DnSBW9-Pn1L5X6GwMVuoonC7jrCs5FigZf8wYcUZbfdUmpcGTW60xqmEtO1UcG1qd7wggQFSoybR9WQpZMRSnjEgXfAa2A-OCdeaOqA28f7jX-AF-ndgHRPoPt_PcMsV9f2Nhi98VtAhvGxLXMyCrNi-qi_qDujeszWH7hvBbCUXvfD4-4cNldzEU_o294H1I8eOOCM1iE2Lt8y4fDtbpVYOoWSgH6NnKWSsMYEgCkBaBYGovLNXjZePywzPyVqCROwyp_F9E0JUlsJwMJ06-3ldZNvQ&_bbr=1" "Mozilla/5.0 (Windows NT 10.0; Win64; x64) AppleWebKit/537.36 (KHTML, like Gecko) Chrome/146.0.0.0 Safari/537.36"
150.129.100.194 - - [24/Mar/2026:02:14:34 +0530] "GET /assets/img/cta-bg.jpg HTTP/2.0" 200 604579 "https://www.pathoworld.in/assets/css/style.css" "Mozilla/5.0 (Linux; Android 10; K) AppleWebKit/537.36 (KHTML, like Gecko) Chrome/146.0.0.0 Mobile Safari/537.36"
110.226.232.124 - - [24/Mar/2026:02:14:34 +0530] "GET /assets/img/shape-image/4.png HTTP/2.0" 200 4607 "https://www.pathoworld.in/" "Mozilla/5.0 (Linux; Android 10; K) AppleWebKit/537.36 (KHTML, like Gecko) Chrome/146.0.0.0 Mobile Safari/537.36"
110.226.232.124 - - [24/Mar/2026:02:14:34 +0530] "GET /assets/img/shape-image/3.png HTTP/2.0" 200 4473 "https://www.pathoworld.in/" "Mozilla/5.0 (Linux; Android 10; K) AppleWebKit/537.36 (KHTML, like Gecko) Chrome/146.0.0.0 Mobile Safari/537.36"
110.226.232.124 - - [24/Mar/2026:02:14:34 +0530] "GET /assets/img/shape-image/5.png HTTP/2.0" 200 3980 "https://www.pathoworld.in/" "Mozilla/5.0 (Linux; Android 10; K) AppleWebKit/537.36 (KHTML, like Gecko) Chrome/146.0.0.0 Mobile Safari/537.36"
193.108.117.245 - - [24/Mar/2026:02:14:20 +0530] "GET / HTTP/2.0" 200 - "https://31409.hyperanodizereer.com/v2/a/pop/269294?subid=796051&_bbr=1" "Mozilla/5.0 (Linux; Android 10; K) AppleWebKit/537.36 (KHTML, like Gecko) Chrome/145.0.0.0 Mobile Safari/537.36"
157.48.66.84 - - [24/Mar/2026:02:14:34 +0530] "GET /assets/img/shape-image/5.png HTTP/2.0" 200 3980 "https://www.pathoworld.in/" "Mozilla/5.0 (Linux; Android 10; K) AppleWebKit/537.36 (KHTML, like Gecko) Chrome/146.0.0.0 Mobile Safari/537.36"
103.225.117.180 - - [24/Mar/2026:02:14:34 +0530] "GET /assets/img/favicon.png HTTP/2.0" 200 14733 "https://www.pathoworld.in/" "Mozilla/5.0 (Linux; Android 10; K) AppleWebKit/537.36 (KHTML, like Gecko) Chrome/146.0.0.0 Mobile Safari/537.36"
110.226.232.124 - - [24/Mar/2026:02:14:34 +0530] "GET /assets/img/shape-image/6.png HTTP/2.0" 200 8105 "https://www.pathoworld.in/" "Mozilla/5.0 (Linux; Android 10; K) AppleWebKit/537.36 (KHTML, like Gecko) Chrome/146.0.0.0 Mobile Safari/537.36"
110.226.232.124 - - [24/Mar/2026:02:14:34 +0530] "GET /assets/img/shape-image/7.png HTTP/2.0" 200 4036 "https://www.pathoworld.in/" "Mozilla/5.0 (Linux; Android 10; K) AppleWebKit/537.36 (KHTML, like Gecko) Chrome/146.0.0.0 Mobile Safari/537.36"
110.226.232.124 - - [24/Mar/2026:02:14:34 +0530] "GET /assets/img/shape-image/8.png HTTP/2.0" 200 8181 "https://www.pathoworld.in/" "Mozilla/5.0 (Linux; Android 10; K) AppleWebKit/537.36 (KHTML, like Gecko) Chrome/146.0.0.0 Mobile Safari/537.36"
103.216.70.34 - - [24/Mar/2026:02:14:34 +0530] "GET /assets/img/favicon.png HTTP/2.0" 200 14733 "https://www.pathoworld.in/" "Mozilla/5.0 (Linux; Android 10; K) AppleWebKit/537.36 (KHTML, like Gecko) Chrome/146.0.0.0 Mobile Safari/537.36"
110.226.232.124 - - [24/Mar/2026:02:14:34 +0530] "GET /admin/icon/elderwomanhealthcheckup.png HTTP/2.0" 200 43513 "https://www.pathoworld.in/" "Mozilla/5.0 (Linux; Android 10; K) AppleWebKit/537.36 (KHTML, like Gecko) Chrome/146.0.0.0 Mobile Safari/537.36"
110.226.232.124 - - [24/Mar/2026:02:14:34 +0530] "GET /assets/img/worldhealth.png HTTP/2.0" 200 6557 "https://www.pathoworld.in/" "Mozilla/5.0 (Linux; Android 10; K) AppleWebKit/537.36 (KHTML, like Gecko) Chrome/146.0.0.0 Mobile Safari/537.36"
110.226.232.124 - - [24/Mar/2026:02:14:34 +0530] "GET /assets/img/icons/discount.png HTTP/2.0" 200 62356 "https://www.pathoworld.in/" "Mozilla/5.0 (Linux; Android 10; K) AppleWebKit/537.36 (KHTML, like Gecko) Chrome/146.0.0.0 Mobile Safari/537.36"
106.67.182.218 - - [24/Mar/2026:02:14:34 +0530] "GET /assets/fonts/fa-solid-900.woff2 HTTP/2.0" 200 74256 "https://www.pathoworld.in/assets/css/fontawesome.min.css" "Mozilla/5.0 (Linux; Android 10; K) AppleWebKit/537.36 (KHTML, like Gecko) Chrome/145.0.0.0 Mobile Safari/537.36"
106.67.182.218 - - [24/Mar/2026:02:14:34 +0530] "GET /assets/fonts/Flaticon.woff2 HTTP/2.0" 200 7532 "https://www.pathoworld.in/assets/css/flaticon.css" "Mozilla/5.0 (Linux; Android 10; K) AppleWebKit/537.36 (KHTML, like Gecko) Chrome/145.0.0.0 Mobile Safari/537.36"
176.54.89.180 - - [24/Mar/2026:02:14:34 +0530] "GET /assets/img/cta-bg.jpg HTTP/2.0" 200 604579 "https://www.pathoworld.in/assets/css/style.css" "Mozilla/5.0 (Linux; Android 10; K) AppleWebKit/537.36 (KHTML, like Gecko) Chrome/146.0.0.0 Mobile Safari/537.36"
172.225.82.133 - - [24/Mar/2026:02:14:33 +0530] "GET /assets/fonts/Flaticon.svg HTTP/2.0" 200 27948 "https://www.pathoworld.in/" "Mozilla/5.0 (iPhone; CPU iPhone OS 18_7 like Mac OS X) AppleWebKit/605.1.15 (KHTML, like Gecko) Version/26.3 Mobile/15E148 Safari/604.1"
172.225.82.133 - - [24/Mar/2026:02:14:33 +0530] "GET /assets/img/shape-image/1.png HTTP/2.0" 200 4694 "https://www.pathoworld.in/" "Mozilla/5.0 (iPhone; CPU iPhone OS 18_7 like Mac OS X) AppleWebKit/605.1.15 (KHTML, like Gecko) Version/26.3 Mobile/15E148 Safari/604.1"
172.225.82.133 - - [24/Mar/2026:02:14:33 +0530] "GET /assets/img/shape-image/2.png HTTP/2.0" 200 8055 "https://www.pathoworld.in/" "Mozilla/5.0 (iPhone; CPU iPhone OS 18_7 like Mac OS X) AppleWebKit/605.1.15 (KHTML, like Gecko) Version/26.3 Mobile/15E148 Safari/604.1"
172.225.82.133 - - [24/Mar/2026:02:14:33 +0530] "GET /assets/img/shape-image/3.png HTTP/2.0" 200 4473 "https://www.pathoworld.in/" "Mozilla/5.0 (iPhone; CPU iPhone OS 18_7 like Mac OS X) AppleWebKit/605.1.15 (KHTML, like Gecko) Version/26.3 Mobile/15E148 Safari/604.1"
172.225.82.133 - - [24/Mar/2026:02:14:33 +0530] "GET /assets/img/shape-image/4.png HTTP/2.0" 200 4607 "https://www.pathoworld.in/" "Mozilla/5.0 (iPhone; CPU iPhone OS 18_7 like Mac OS X) AppleWebKit/605.1.15 (KHTML, like Gecko) Version/26.3 Mobile/15E148 Safari/604.1"
172.225.82.133 - - [24/Mar/2026:02:14:33 +0530] "GET /assets/img/shape-image/5.png HTTP/2.0" 200 3980 "https://www.pathoworld.in/" "Mozilla/5.0 (iPhone; CPU iPhone OS 18_7 like Mac OS X) AppleWebKit/605.1.15 (KHTML, like Gecko) Version/26.3 Mobile/15E148 Safari/604.1"
172.225.82.133 - - [24/Mar/2026:02:14:33 +0530] "GET /assets/img/shape-image/6.png HTTP/2.0" 200 8105 "https://www.pathoworld.in/" "Mozilla/5.0 (iPhone; CPU iPhone OS 18_7 like Mac OS X) AppleWebKit/605.1.15 (KHTML, like Gecko) Version/26.3 Mobile/15E148 Safari/604.1"
172.225.82.133 - - [24/Mar/2026:02:14:33 +0530] "GET /assets/img/shape-image/7.png HTTP/2.0" 200 4036 "https://www.pathoworld.in/" "Mozilla/5.0 (iPhone; CPU iPhone OS 18_7 like Mac OS X) AppleWebKit/605.1.15 (KHTML, like Gecko) Version/26.3 Mobile/15E148 Safari/604.1"
172.225.82.133 - - [24/Mar/2026:02:14:33 +0530] "GET /assets/img/shape-image/8.png HTTP/2.0" 200 8181 "https://www.pathoworld.in/" "Mozilla/5.0 (iPhone; CPU iPhone OS 18_7 like Mac OS X) AppleWebKit/605.1.15 (KHTML, like Gecko) Version/26.3 Mobile/15E148 Safari/604.1"
172.225.82.133 - - [24/Mar/2026:02:14:33 +0530] "GET /assets/img/worldhealth.png HTTP/2.0" 200 6557 "https://www.pathoworld.in/" "Mozilla/5.0 (iPhone; CPU iPhone OS 18_7 like Mac OS X) AppleWebKit/605.1.15 (KHTML, like Gecko) Version/26.3 Mobile/15E148 Safari/604.1"
172.225.82.133 - - [24/Mar/2026:02:14:33 +0530] "GET /assets/img/icons/blood.png HTTP/2.0" 200 10471 "https://www.pathoworld.in/" "Mozilla/5.0 (iPhone; CPU iPhone OS 18_7 like Mac OS X) AppleWebKit/605.1.15 (KHTML, like Gecko) Version/26.3 Mobile/15E148 Safari/604.1"
172.225.82.133 - - [24/Mar/2026:02:14:33 +0530] "GET /assets/img/icons/sugar.png HTTP/2.0" 200 14022 "https://www.pathoworld.in/" "Mozilla/5.0 (iPhone; CPU iPhone OS 18_7 like Mac OS X) AppleWebKit/605.1.15 (KHTML, like Gecko) Version/26.3 Mobile/15E148 Safari/604.1"
172.225.82.133 - - [24/Mar/2026:02:14:33 +0530] "GET /assets/img/icons/graph.png HTTP/2.0" 200 29886 "https://www.pathoworld.in/" "Mozilla/5.0 (iPhone; CPU iPhone OS 18_7 like Mac OS X) AppleWebKit/605.1.15 (KHTML, like Gecko) Version/26.3 Mobile/15E148 Safari/604.1"
172.225.82.133 - - [24/Mar/2026:02:14:33 +0530] "GET /admin/icon/healthcheckup.png HTTP/2.0" 200 42881 "https://www.pathoworld.in/" "Mozilla/5.0 (iPhone; CPU iPhone OS 18_7 like Mac OS X) AppleWebKit/605.1.15 (KHTML, like Gecko) Version/26.3 Mobile/15E148 Safari/604.1"
172.225.82.133 - - [24/Mar/2026:02:14:33 +0530] "GET /admin/icon/eldermanhealthcheckup.png HTTP/2.0" 200 47535 "https://www.pathoworld.in/" "Mozilla/5.0 (iPhone; CPU iPhone OS 18_7 like Mac OS X) AppleWebKit/605.1.15 (KHTML, like Gecko) Version/26.3 Mobile/15E148 Safari/604.1"
172.225.82.133 - - [24/Mar/2026:02:14:33 +0530] "GET /admin/icon/elderwomanhealthcheckup.png HTTP/2.0" 200 43513 "https://www.pathoworld.in/" "Mozilla/5.0 (iPhone; CPU iPhone OS 18_7 like Mac OS X) AppleWebKit/605.1.15 (KHTML, like Gecko) Version/26.3 Mobile/15E148 Safari/604.1"
172.225.82.133 - - [24/Mar/2026:02:14:33 +0530] "GET /assets/img/icons/mobile.png HTTP/2.0" 200 43677 "https://www.pathoworld.in/" "Mozilla/5.0 (iPhone; CPU iPhone OS 18_7 like Mac OS X) AppleWebKit/605.1.15 (KHTML, like Gecko) Version/26.3 Mobile/15E148 Safari/604.1"
172.225.82.133 - - [24/Mar/2026:02:14:33 +0530] "GET /assets/img/icons/family.png HTTP/2.0" 200 45194 "https://www.pathoworld.in/" "Mozilla/5.0 (iPhone; CPU iPhone OS 18_7 like Mac OS X) AppleWebKit/605.1.15 (KHTML, like Gecko) Version/26.3 Mobile/15E148 Safari/604.1"
172.225.82.133 - - [24/Mar/2026:02:14:33 +0530] "GET /assets/img/icons/discount.png HTTP/2.0" 200 62356 "https://www.pathoworld.in/" "Mozilla/5.0 (iPhone; CPU iPhone OS 18_7 like Mac OS X) AppleWebKit/605.1.15 (KHTML, like Gecko) Version/26.3 Mobile/15E148 Safari/604.1"
172.225.82.133 - - [24/Mar/2026:02:14:33 +0530] "GET /assets/img/imaging-pathoworld.png HTTP/2.0" 200 97252 "https://www.pathoworld.in/" "Mozilla/5.0 (iPhone; CPU iPhone OS 18_7 like Mac OS X) AppleWebKit/605.1.15 (KHTML, like Gecko) Version/26.3 Mobile/15E148 Safari/604.1"
172.225.82.133 - - [24/Mar/2026:02:14:33 +0530] "GET /assets/img/slider/s1.png HTTP/2.0" 200 104353 "https://www.pathoworld.in/" "Mozilla/5.0 (iPhone; CPU iPhone OS 18_7 like Mac OS X) AppleWebKit/605.1.15 (KHTML, like Gecko) Version/26.3 Mobile/15E148 Safari/604.1"
172.225.82.133 - - [24/Mar/2026:02:14:33 +0530] "GET /assets/img/slider/s3.png HTTP/2.0" 200 124455 "https://www.pathoworld.in/" "Mozilla/5.0 (iPhone; CPU iPhone OS 18_7 like Mac OS X) AppleWebKit/605.1.15 (KHTML, like Gecko) Version/26.3 Mobile/15E148 Safari/604.1"
172.225.82.133 - - [24/Mar/2026:02:14:33 +0530] "GET /assets/img/slider/s4.png HTTP/2.0" 200 141080 "https://www.pathoworld.in/" "Mozilla/5.0 (iPhone; CPU iPhone OS 18_7 like Mac OS X) AppleWebKit/605.1.15 (KHTML, like Gecko) Version/26.3 Mobile/15E148 Safari/604.1"
172.225.82.133 - - [24/Mar/2026:02:14:33 +0530] "GET /assets/img/slider/s2.png HTTP/2.0" 200 164012 "https://www.pathoworld.in/" "Mozilla/5.0 (iPhone; CPU iPhone OS 18_7 like Mac OS X) AppleWebKit/605.1.15 (KHTML, like Gecko) Version/26.3 Mobile/15E148 Safari/604.1"
110.226.232.124 - - [24/Mar/2026:02:14:34 +0530] "GET /assets/img/icons/blood.png HTTP/2.0" 200 10471 "https://www.pathoworld.in/" "Mozilla/5.0 (Linux; Android 10; K) AppleWebKit/537.36 (KHTML, like Gecko) Chrome/146.0.0.0 Mobile Safari/537.36"
172.225.82.133 - - [24/Mar/2026:02:14:33 +0530] "GET /assets/img/slider/web-benner-12.png HTTP/2.0" 200 444437 "https://www.pathoworld.in/" "Mozilla/5.0 (iPhone; CPU iPhone OS 18_7 like Mac OS X) AppleWebKit/605.1.15 (KHTML, like Gecko) Version/26.3 Mobile/15E148 Safari/604.1"
172.225.82.133 - - [24/Mar/2026:02:14:34 +0530] "GET /assets/img/shape-image/9.png HTTP/2.0" 200 3623 "https://www.pathoworld.in/" "Mozilla/5.0 (iPhone; CPU iPhone OS 18_7 like Mac OS X) AppleWebKit/605.1.15 (KHTML, like Gecko) Version/26.3 Mobile/15E148 Safari/604.1"
172.225.82.133 - - [24/Mar/2026:02:14:34 +0530] "GET /assets/img/shape-image/10.png HTTP/2.0" 200 1515 "https://www.pathoworld.in/" "Mozilla/5.0 (iPhone; CPU iPhone OS 18_7 like Mac OS X) AppleWebKit/605.1.15 (KHTML, like Gecko) Version/26.3 Mobile/15E148 Safari/604.1"
172.225.82.133 - - [24/Mar/2026:02:14:34 +0530] "GET /assets/img/user.png HTTP/2.0" 200 26361 "https://www.pathoworld.in/" "Mozilla/5.0 (iPhone; CPU iPhone OS 18_7 like Mac OS X) AppleWebKit/605.1.15 (KHTML, like Gecko) Version/26.3 Mobile/15E148 Safari/604.1"
172.225.82.133 - - [24/Mar/2026:02:14:34 +0530] "GET /assets/img/map1.png HTTP/2.0" 200 71706 "https://www.pathoworld.in/" "Mozilla/5.0 (iPhone; CPU iPhone OS 18_7 like Mac OS X) AppleWebKit/605.1.15 (KHTML, like Gecko) Version/26.3 Mobile/15E148 Safari/604.1"
172.225.82.133 - - [24/Mar/2026:02:14:34 +0530] "GET /assets/img/cta-bg.jpg HTTP/2.0" 200 604579 "https://www.pathoworld.in/" "Mozilla/5.0 (iPhone; CPU iPhone OS 18_7 like Mac OS X) AppleWebKit/605.1.15 (KHTML, like Gecko) Version/26.3 Mobile/15E148 Safari/604.1"
110.226.232.124 - - [24/Mar/2026:02:14:34 +0530] "GET /assets/img/icons/mobile.png HTTP/2.0" 200 43677 "https://www.pathoworld.in/" "Mozilla/5.0 (Linux; Android 10; K) AppleWebKit/537.36 (KHTML, like Gecko) Chrome/146.0.0.0 Mobile Safari/537.36"
110.226.232.124 - - [24/Mar/2026:02:14:34 +0530] "GET /assets/img/icons/graph.png HTTP/2.0" 200 29886 "https://www.pathoworld.in/" "Mozilla/5.0 (Linux; Android 10; K) AppleWebKit/537.36 (KHTML, like Gecko) Chrome/146.0.0.0 Mobile Safari/537.36"
152.59.147.42 - - [24/Mar/2026:02:14:26 +0530] "GET / HTTP/2.0" 200 9055 "https://29571644-34120-36574.tentedienat.com/jCVPCoQ5PwnnZtczvQOYbhxKk9RS5tiGZvtUX8icEJ4RPJySyebmUlIvQgcOvpdogPWsAYI?_=08e40d0f-26f9-11f1-bd28-76eb0559dc56&d=BQ5qQHPe3JVurznZUA8RBcjYEryaZpxaXepSoVxn9GL27jBKG1Z1JDZ8hYa7rsRzc-Rs8BVnkyz7gjV1t2pgTezlTaKjfKn6SkW5TaM8oqz_38L9f8NGfAh_TlfmEJSIN05xnDhQaijn4PYinbRlI4S-esAmvXSMkfyQytVFwg9txVAz7_XC0TcDoiaMvuwqxnJF2gr6MWQQkYIQl2eAPtC6CfbXBBVIlc5fVsq11xMbw14x4VAmU2L2QzBNb7PQVuCv2GSusERapVYT0w_uwrpWKoJs_U-WOZIqlSE8HVYmJuyLy_bpiPurHlmeangNtrNGdgtol6oU33uad7qSnXwkzvgG5_ykLRy38Wk2JSVtd-6N7wkJc_nnZ0Pv2v674z10qjNU8ruquNqxA4CSLARBU9dKtZOpFRBfc6vstjw5ue9Ta3_s9VoO8u9NETZXJcKhOkRfPl5C55wKvVZRKE-lWu835QI9QB6Gwd1TrtW-eWu10ZUtFWs36k0IHeu-i38hwdKcl6u58Qv-4HO5L9TY5C3U0gr5BkQcLa4cXNFWR5z3J175TBmP4NTV_lu-V1vHotDDKJqL-GUOYlboY_3szUmVvUVMf4_s1y_bt3NmEdOaOXyMVZVmainta_YtquKkFLNz-9_xRvHa8p1-uOTkc9pwllzL1XI5SQNscjjOKoiNVIKfCSpqAvuLMRRl1Pj08mk1LLqpy0rtGUqMy4aiQaR3fSe0Ne9SqimWe-6fCJjo769TICiuwumpvNfflTi2lEQJKhWzce4Jzlcxk8Ti_eH0bIaHkljWqRXphgfl1u9_fEhqcdgp6Q_a8ebDbcit8DSRgNpngKtSg4ekzbNUhqE0ijZ29ZTQyHVngHwsYpnZbRcwGGgyDanjRXmyd8DjY7w7YJPfSvsO9lGHqiEW_v2JfXJhFNApE0AJymT7ga1_h07kI_EiSiE61rGnu4bCqcnkFmcVxvxz3ILNbLHwI9_iYap1u864210gZ0HmdMGNfY5jRxlTuZmcYUGAa2cqySV30rDE1zK2O_U9JcWNoG7wnYd2l7A65D4Wx2R7UNXz4ICcyN90hRolLsXyr91mZR_ze10xvbEkg2LnHAvR5j2lZzCNX1S8tzutjv8pBpItv3DK1JBMYHBng59A2LK_eVAA6htOXqOhwqXWmdm2wunWoJBEDCg&_bbr=1" "Mozilla/5.0 (Linux; Android 10; K) AppleWebKit/537.36 (KHTML, like Gecko) Chrome/145.0.0.0 Mobile Safari/537.36"
212.237.121.47 - - [24/Mar/2026:02:14:28 +0530] "GET / HTTP/2.0" 200 9055 "https://29571644-33181-36574.tentedienat.com/jSVBDYAyNAvnZtczvQOYbhxKk9RS5tiGZvtUX8icEJ4RPJyXyQQpq5gJwlMvvvnvxrV1GHg?_=070ab942-26f9-11f1-bb57-e74904311c19&d=BQ5qQHPepJWerzlZ0wEQ5dcqEgAwMFtE0X4txpPvmvslQC7FBBvTuXwm-iCsRKf-Rzcgw0J_lRO3k-mjEjIUdoST96bPaE3YN62KjM0iqYcbNExa2ghSCwEEVd7XCnaaNAF9fzmPZpqI-PLKS_6RJKUs9sWugfVf4EyjXYwvBPkgc3Uyeo_BAJCx647njq8e5mjzPcZYomcOnhXcOW2d40YPnIOoiKKcOi8mVDz4WFZfAJnLiKBkB1malglHmIE90bljPfNWMhr7QWP13DFPb8l1yXtt-qHe0XMmdAqWyETb1FFtGNt58bxDg7Q8n6a3m_1l7L6ETkZWTr0z0ZYqLXsDXSV8q55zJzBvaqsGVqWIhvFV44tchVXMwAk2L2FuUZb6q6VVPZ3n3hGnRSsYn0lhsocRWg6HBpMZgcTlvfafpPF_NjkOnzbEZoHOPp99D1mhRWXF6ZVY3pywIBPmUpE7aKPBahkjCOyVe-4AB9vSqE3KvmgmCC9I6EglZi74o_zW9hRSuWGywCxr9zpoPq5lFY6vpF3V1ryiA02J5HCb-3I4FAzsoc6ljv-wKtbEeNfnxtCLAUpTjBi7JXxr8MOFtc3XCBac8f6W-yAmoEwMA5tOtaqF55bMKHYRQJvp0wGMOMGGowatm7_mDYKS_Et4Y4PIi7ICQvPf2kg_5l1u6hJ4cjgAKVdL_GblZLEsPHPaRK1saTBf13bvtVeHsvS4hI7dbg8IjPlroKsN19nnjCEYb6YcoB0MBYvQWE1sM6DUSZxJaNigHLfhmGMf2akCgAg5Kl0zrGBav7WOIQ4J1tgxI6y8gf1lnQtdVTiMb1yuEpLcn8lv27tliwE8jrQjywA9a_DRyHvWm4W1QUfErWqqQugblwaNYcokYb9fUNbiSCcBmclLCGNjO4yXhe53asmBgpUwIMOeLr1uvx_1lY8_dGxaALv14ISjlpxdWgBtL-Q47GBWRANTGVRrgxgqc5M5avEiTNyHzoB_1Ah__BQ1aotyctLDWPlaQsNGy2JQCwtAwFIBw_i_xDJd4q8PNpm7v_pLjPPwteb6JRz6NNNh7UupOxHE4uJyGZ1xB6g7R6W0ZWF47xevXusdE1HkCUqwEtYR8NMShqVroUVyYgEeEKigGHgxe9Ht6jk813bR_A&_bbr=1" "Mozilla/5.0 (iPhone; CPU iPhone OS 18_7 like Mac OS X) AppleWebKit/605.1.15 (KHTML, like Gecko) Version/26.2 Mobile/15E148 Safari/604.1"
150.129.100.194 - - [24/Mar/2026:02:14:34 +0530] "GET /assets/img/favicon.png HTTP/2.0" 200 14733 "https://www.pathoworld.in/" "Mozilla/5.0 (Linux; Android 10; K) AppleWebKit/537.36 (KHTML, like Gecko) Chrome/146.0.0.0 Mobile Safari/537.36"
110.226.232.124 - - [24/Mar/2026:02:14:34 +0530] "GET /assets/img/icons/sugar.png HTTP/2.0" 200 14022 "https://www.pathoworld.in/" "Mozilla/5.0 (Linux; Android 10; K) AppleWebKit/537.36 (KHTML, like Gecko) Chrome/146.0.0.0 Mobile Safari/537.36"
181.176.42.170 - - [24/Mar/2026:02:14:34 +0530] "GET /assets/img/cta-bg.jpg HTTP/2.0" 200 604579 "https://www.pathoworld.in/assets/css/style.css" "Mozilla/5.0 (Linux; Android 10; K) AppleWebKit/537.36 (KHTML, like Gecko) Chrome/145.0.0.0 Mobile Safari/537.36"
110.226.232.124 - - [24/Mar/2026:02:14:34 +0530] "GET /assets/img/icons/family.png HTTP/2.0" 200 45194 "https://www.pathoworld.in/" "Mozilla/5.0 (Linux; Android 10; K) AppleWebKit/537.36 (KHTML, like Gecko) Chrome/146.0.0.0 Mobile Safari/537.36"
110.226.232.124 - - [24/Mar/2026:02:14:34 +0530] "GET /assets/img/shape-image/9.png HTTP/2.0" 200 3623 "https://www.pathoworld.in/" "Mozilla/5.0 (Linux; Android 10; K) AppleWebKit/537.36 (KHTML, like Gecko) Chrome/146.0.0.0 Mobile Safari/537.36"
102.206.120.29 - - [24/Mar/2026:02:14:34 +0530] "GET /assets/js/jquery.min.js HTTP/2.0" 200 30900 "https://www.pathoworld.in/" "Mozilla/5.0 (Linux; Android 9; SAMSUNG SM-G950F) AppleWebKit/537.36 (KHTML, like Gecko) SamsungBrowser/23.0 Chrome/115.0.0.0 Mobile Safari/537.36"
110.226.232.124 - - [24/Mar/2026:02:14:34 +0530] "GET /assets/img/shape-image/10.png HTTP/2.0" 200 1515 "https://www.pathoworld.in/" "Mozilla/5.0 (Linux; Android 10; K) AppleWebKit/537.36 (KHTML, like Gecko) Chrome/146.0.0.0 Mobile Safari/537.36"
110.226.232.124 - - [24/Mar/2026:02:14:34 +0530] "GET /assets/img/map1.png HTTP/2.0" 200 71706 "https://www.pathoworld.in/" "Mozilla/5.0 (Linux; Android 10; K) AppleWebKit/537.36 (KHTML, like Gecko) Chrome/146.0.0.0 Mobile Safari/537.36"
110.226.232.124 - - [24/Mar/2026:02:14:34 +0530] "GET /assets/img/user.png HTTP/2.0" 200 26361 "https://www.pathoworld.in/" "Mozilla/5.0 (Linux; Android 10; K) AppleWebKit/537.36 (KHTML, like Gecko) Chrome/146.0.0.0 Mobile Safari/537.36"
157.48.66.84 - - [24/Mar/2026:02:14:34 +0530] "GET /assets/img/shape-image/6.png HTTP/2.0" 200 8105 "https://www.pathoworld.in/" "Mozilla/5.0 (Linux; Android 10; K) AppleWebKit/537.36 (KHTML, like Gecko) Chrome/146.0.0.0 Mobile Safari/537.36"
152.59.147.42 - - [24/Mar/2026:02:14:34 +0530] "GET /assets/css/bootstrap.min.css HTTP/2.0" 200 22910 "https://www.pathoworld.in/" "Mozilla/5.0 (Linux; Android 10; K) AppleWebKit/537.36 (KHTML, like Gecko) Chrome/145.0.0.0 Mobile Safari/537.36"
152.59.147.42 - - [24/Mar/2026:02:14:34 +0530] "GET /assets/css/animate.min.css HTTP/2.0" 200 4324 "https://www.pathoworld.in/" "Mozilla/5.0 (Linux; Android 10; K) AppleWebKit/537.36 (KHTML, like Gecko) Chrome/145.0.0.0 Mobile Safari/537.36"
152.59.147.42 - - [24/Mar/2026:02:14:34 +0530] "GET /assets/css/fontawesome.min.css HTTP/2.0" 200 12063 "https://www.pathoworld.in/" "Mozilla/5.0 (Linux; Android 10; K) AppleWebKit/537.36 (KHTML, like Gecko) Chrome/145.0.0.0 Mobile Safari/537.36"
181.176.45.248 - - [24/Mar/2026:02:14:34 +0530] "GET /assets/img/shape-image/9.png HTTP/2.0" 200 3623 "https://www.pathoworld.in/" "Mozilla/5.0 (Linux; Android 10; K) AppleWebKit/537.36 (KHTML, like Gecko) Chrome/143.0.0.0 Mobile Safari/537.36"
181.176.45.248 - - [24/Mar/2026:02:14:34 +0530] "GET /assets/img/shape-image/10.png HTTP/2.0" 200 1515 "https://www.pathoworld.in/" "Mozilla/5.0 (Linux; Android 10; K) AppleWebKit/537.36 (KHTML, like Gecko) Chrome/143.0.0.0 Mobile Safari/537.36"
181.176.45.248 - - [24/Mar/2026:02:14:34 +0530] "GET /assets/img/map1.png HTTP/2.0" 200 71706 "https://www.pathoworld.in/" "Mozilla/5.0 (Linux; Android 10; K) AppleWebKit/537.36 (KHTML, like Gecko) Chrome/143.0.0.0 Mobile Safari/537.36"
152.59.147.42 - - [24/Mar/2026:02:14:34 +0530] "GET /assets/css/flaticon.css HTTP/2.0" 200 665 "https://www.pathoworld.in/" "Mozilla/5.0 (Linux; Android 10; K) AppleWebKit/537.36 (KHTML, like Gecko) Chrome/145.0.0.0 Mobile Safari/537.36"
106.67.182.218 - - [24/Mar/2026:02:14:34 +0530] "GET /assets/img/slider/web-benner-12.png HTTP/2.0" 200 444437 "https://www.pathoworld.in/" "Mozilla/5.0 (Linux; Android 10; K) AppleWebKit/537.36 (KHTML, like Gecko) Chrome/145.0.0.0 Mobile Safari/537.36"
106.67.182.218 - - [24/Mar/2026:02:14:35 +0530] "GET /admin/icon/healthcheckup.png HTTP/2.0" 200 42881 "https://www.pathoworld.in/" "Mozilla/5.0 (Linux; Android 10; K) AppleWebKit/537.36 (KHTML, like Gecko) Chrome/145.0.0.0 Mobile Safari/537.36"
95.216.190.205 - - [24/Mar/2026:02:14:20 +0530] "GET / HTTP/1.1" 200 9055 "https://29571644-35418-36574.squitoiages.com/" "Mozilla/5.0 (X11; Linux x86_64) AppleWebKit/534.24 (KHTML, like Gecko) Chrome/112.0.5615.136 Safari/534.24 XiaoMi/MiuiBrowser/14.10.1.3-gn"
152.59.147.42 - - [24/Mar/2026:02:14:35 +0530] "GET /assets/css/magnific-popup.min.css HTTP/2.0" 200 1566 "https://www.pathoworld.in/" "Mozilla/5.0 (Linux; Android 10; K) AppleWebKit/537.36 (KHTML, like Gecko) Chrome/145.0.0.0 Mobile Safari/537.36"
37.239.26.5 - - [24/Mar/2026:02:14:28 +0530] "GET / HTTP/2.0" 200 9055 "https://xlxx2.com/" "Mozilla/5.0 (Linux; Android 10; K) AppleWebKit/537.36 (KHTML, like Gecko) Chrome/146.0.0.0 Mobile Safari/537.36"
157.49.198.153 - - [24/Mar/2026:02:14:35 +0530] "GET /assets/fonts/fa-solid-900.woff2 HTTP/2.0" 200 74256 "https://www.pathoworld.in/assets/css/fontawesome.min.css" "Mozilla/5.0 (Linux; Android 10; K) AppleWebKit/537.36 (KHTML, like Gecko) Chrome/145.0.0.0 Mobile Safari/537.36"
157.49.198.153 - - [24/Mar/2026:02:14:35 +0530] "GET /assets/fonts/fa-solid-900.woff HTTP/2.0" 200 96256 "https://www.pathoworld.in/assets/css/fontawesome.min.css" "Mozilla/5.0 (Linux; Android 10; K) AppleWebKit/537.36 (KHTML, like Gecko) Chrome/145.0.0.0 Mobile Safari/537.36"
157.49.198.153 - - [24/Mar/2026:02:14:35 +0530] "GET /assets/fonts/fa-solid-900.ttf HTTP/2.0" 200 - "https://www.pathoworld.in/assets/css/fontawesome.min.css" "Mozilla/5.0 (Linux; Android 10; K) AppleWebKit/537.36 (KHTML, like Gecko) Chrome/145.0.0.0 Mobile Safari/537.36"
152.59.147.42 - - [24/Mar/2026:02:14:35 +0530] "GET /assets/css/odometer.min.css HTTP/2.0" 200 515 "https://www.pathoworld.in/" "Mozilla/5.0 (Linux; Android 10; K) AppleWebKit/537.36 (KHTML, like Gecko) Chrome/145.0.0.0 Mobile Safari/537.36"
152.59.147.42 - - [24/Mar/2026:02:14:35 +0530] "GET /assets/css/meanmenu.css HTTP/2.0" 200 986 "https://www.pathoworld.in/" "Mozilla/5.0 (Linux; Android 10; K) AppleWebKit/537.36 (KHTML, like Gecko) Chrome/145.0.0.0 Mobile Safari/537.36"
152.59.147.42 - - [24/Mar/2026:02:14:35 +0530] "GET /assets/css/owl.carousel.min.css HTTP/2.0" 200 1284 "https://www.pathoworld.in/" "Mozilla/5.0 (Linux; Android 10; K) AppleWebKit/537.36 (KHTML, like Gecko) Chrome/145.0.0.0 Mobile Safari/537.36"
152.59.147.42 - - [24/Mar/2026:02:14:35 +0530] "GET /assets/css/progressbar.min.css HTTP/2.0" 200 350 "https://www.pathoworld.in/" "Mozilla/5.0 (Linux; Android 10; K) AppleWebKit/537.36 (KHTML, like Gecko) Chrome/145.0.0.0 Mobile Safari/537.36"
106.67.182.218 - - [24/Mar/2026:02:14:35 +0530] "GET /admin/icon/eldermanhealthcheckup.png HTTP/2.0" 200 47535 "https://www.pathoworld.in/" "Mozilla/5.0 (Linux; Android 10; K) AppleWebKit/537.36 (KHTML, like Gecko) Chrome/145.0.0.0 Mobile Safari/537.36"
181.176.45.248 - - [24/Mar/2026:02:14:35 +0530] "GET /assets/img/user.png HTTP/2.0" 200 26361 "https://www.pathoworld.in/" "Mozilla/5.0 (Linux; Android 10; K) AppleWebKit/537.36 (KHTML, like Gecko) Chrome/143.0.0.0 Mobile Safari/537.36"
41.47.159.91 - - [24/Mar/2026:02:14:25 +0530] "GET / HTTP/2.0" 200 - "https://32251.ospariessolkaws.com/v2/a/pop/247617?subid=106676&_bbr=1" "Mozilla/5.0 (Linux; Android 15; V2440 Build/AP3A.240905.015.A2_V000L1; wv) AppleWebKit/537.36 (KHTML, like Gecko) Version/4.0 Chrome/146.0.7680.148 Mobile Safari/537.36 [FB_IAB/FB4A;FBAV/553.0.0.56.58;IABMV/1;]"
152.59.147.42 - - [24/Mar/2026:02:14:35 +0530] "GET /assets/css/style.css HTTP/2.0" 200 18238 "https://www.pathoworld.in/" "Mozilla/5.0 (Linux; Android 10; K) AppleWebKit/537.36 (KHTML, like Gecko) Chrome/145.0.0.0 Mobile Safari/537.36"
176.54.89.180 - - [24/Mar/2026:02:14:35 +0530] "GET /assets/img/favicon.png HTTP/2.0" 200 14733 "https://www.pathoworld.in/" "Mozilla/5.0 (Linux; Android 10; K) AppleWebKit/537.36 (KHTML, like Gecko) Chrome/146.0.0.0 Mobile Safari/537.36"
172.225.82.133 - - [24/Mar/2026:02:14:35 +0530] "GET /assets/img/favicon.png HTTP/2.0" 200 14733 "https://www.pathoworld.in/" "Mozilla/5.0 (iPhone; CPU iPhone OS 18_7 like Mac OS X) AppleWebKit/605.1.15 (KHTML, like Gecko) Version/26.3 Mobile/15E148 Safari/604.1"
152.59.147.42 - - [24/Mar/2026:02:14:35 +0530] "GET /assets/css/responsive.css HTTP/2.0" 200 5713 "https://www.pathoworld.in/" "Mozilla/5.0 (Linux; Android 10; K) AppleWebKit/537.36 (KHTML, like Gecko) Chrome/145.0.0.0 Mobile Safari/537.36"
110.226.232.124 - - [24/Mar/2026:02:14:35 +0530] "GET /assets/img/cta-bg.jpg HTTP/2.0" 200 604579 "https://www.pathoworld.in/assets/css/style.css" "Mozilla/5.0 (Linux; Android 10; K) AppleWebKit/537.36 (KHTML, like Gecko) Chrome/146.0.0.0 Mobile Safari/537.36"
152.59.147.42 - - [24/Mar/2026:02:14:35 +0530] "GET /assets/img/logo.png HTTP/2.0" 200 204319 "https://www.pathoworld.in/" "Mozilla/5.0 (Linux; Android 10; K) AppleWebKit/537.36 (KHTML, like Gecko) Chrome/145.0.0.0 Mobile Safari/537.36"
152.59.147.42 - - [24/Mar/2026:02:14:35 +0530] "GET /assets/cart-icon.png HTTP/2.0" 200 2855 "https://www.pathoworld.in/" "Mozilla/5.0 (Linux; Android 10; K) AppleWebKit/537.36 (KHTML, like Gecko) Chrome/145.0.0.0 Mobile Safari/537.36"
106.67.182.218 - - [24/Mar/2026:02:14:35 +0530] "GET /assets/js/main.js HTTP/2.0" 200 2464 "https://www.pathoworld.in/" "Mozilla/5.0 (Linux; Android 10; K) AppleWebKit/537.36 (KHTML, like Gecko) Chrome/145.0.0.0 Mobile Safari/537.36"
197.120.174.135 - - [24/Mar/2026:02:14:20 +0530] "GET / HTTP/2.0" 200 - "https://dlhotwow.pages.dev/" "Mozilla/5.0 (Linux; Android 9; SM-A145F) AppleWebKit/537.36 (KHTML, like Gecko) SamsungBrowser/28.0 Chrome/143.0.7499.34 Mobile Safari/537.36"
110.226.232.124 - - [24/Mar/2026:02:14:35 +0530] "GET /assets/img/favicon.png HTTP/2.0" 200 14733 "https://www.pathoworld.in/" "Mozilla/5.0 (Linux; Android 10; K) AppleWebKit/537.36 (KHTML, like Gecko) Chrome/146.0.0.0 Mobile Safari/537.36"
157.48.66.84 - - [24/Mar/2026:02:14:35 +0530] "GET /assets/img/shape-image/7.png HTTP/2.0" 200 4036 "https://www.pathoworld.in/" "Mozilla/5.0 (Linux; Android 10; K) AppleWebKit/537.36 (KHTML, like Gecko) Chrome/146.0.0.0 Mobile Safari/537.36"
106.67.182.218 - - [24/Mar/2026:02:14:35 +0530] "GET /assets/img/slider/s1.png HTTP/2.0" 200 104353 "https://www.pathoworld.in/" "Mozilla/5.0 (Linux; Android 10; K) AppleWebKit/537.36 (KHTML, like Gecko) Chrome/145.0.0.0 Mobile Safari/537.36"
181.176.42.170 - - [24/Mar/2026:02:14:35 +0530] "GET /assets/img/favicon.png HTTP/2.0" 200 14733 "https://www.pathoworld.in/" "Mozilla/5.0 (Linux; Android 10; K) AppleWebKit/537.36 (KHTML, like Gecko) Chrome/145.0.0.0 Mobile Safari/537.36"
157.48.66.84 - - [24/Mar/2026:02:14:35 +0530] "GET /assets/img/shape-image/8.png HTTP/2.0" 200 8181 "https://www.pathoworld.in/" "Mozilla/5.0 (Linux; Android 10; K) AppleWebKit/537.36 (KHTML, like Gecko) Chrome/146.0.0.0 Mobile Safari/537.36"
152.59.147.42 - - [24/Mar/2026:02:14:35 +0530] "GET /assets/img/imaging-pathoworld.png HTTP/2.0" 200 97252 "https://www.pathoworld.in/" "Mozilla/5.0 (Linux; Android 10; K) AppleWebKit/537.36 (KHTML, like Gecko) Chrome/145.0.0.0 Mobile Safari/537.36"
157.48.66.84 - - [24/Mar/2026:02:14:35 +0530] "GET /admin/icon/elderwomanhealthcheckup.png HTTP/2.0" 200 43513 "https://www.pathoworld.in/" "Mozilla/5.0 (Linux; Android 10; K) AppleWebKit/537.36 (KHTML, like Gecko) Chrome/146.0.0.0 Mobile Safari/537.36"
152.59.147.42 - - [24/Mar/2026:02:14:35 +0530] "GET /assets/js/jquery.min.js HTTP/2.0" 200 30900 "https://www.pathoworld.in/" "Mozilla/5.0 (Linux; Android 10; K) AppleWebKit/537.36 (KHTML, like Gecko) Chrome/145.0.0.0 Mobile Safari/537.36"
196.202.10.109 - - [24/Mar/2026:02:14:31 +0530] "GET / HTTP/2.0" 200 9055 "https://wowkawai.pages.dev/" "Mozilla/5.0 (Linux; Android 12; SAMSUNG SM-G970F) AppleWebKit/537.36 (KHTML, like Gecko) SamsungBrowser/23.0 Chrome/115.0.0.0 Mobile Safari/537.36"
106.67.182.218 - - [24/Mar/2026:02:14:35 +0530] "GET /assets/img/slider/s3.png HTTP/2.0" 200 124455 "https://www.pathoworld.in/" "Mozilla/5.0 (Linux; Android 10; K) AppleWebKit/537.36 (KHTML, like Gecko) Chrome/145.0.0.0 Mobile Safari/537.36"
152.59.147.42 - - [24/Mar/2026:02:14:36 +0530] "GET /assets/js/popper.min.js HTTP/2.0" 200 6623 "https://www.pathoworld.in/" "Mozilla/5.0 (Linux; Android 10; K) AppleWebKit/537.36 (KHTML, like Gecko) Chrome/145.0.0.0 Mobile Safari/537.36"
106.67.182.218 - - [24/Mar/2026:02:14:35 +0530] "GET /assets/img/slider/s2.png HTTP/2.0" 200 164012 "https://www.pathoworld.in/" "Mozilla/5.0 (Linux; Android 10; K) AppleWebKit/537.36 (KHTML, like Gecko) Chrome/145.0.0.0 Mobile Safari/537.36"
152.59.147.42 - - [24/Mar/2026:02:14:36 +0530] "GET /assets/js/bootstrap.min.js HTTP/2.0" 200 15918 "https://www.pathoworld.in/" "Mozilla/5.0 (Linux; Android 10; K) AppleWebKit/537.36 (KHTML, like Gecko) Chrome/145.0.0.0 Mobile Safari/537.36"
157.48.66.84 - - [24/Mar/2026:02:14:36 +0530] "GET /assets/img/worldhealth.png HTTP/2.0" 200 6557 "https://www.pathoworld.in/" "Mozilla/5.0 (Linux; Android 10; K) AppleWebKit/537.36 (KHTML, like Gecko) Chrome/146.0.0.0 Mobile Safari/537.36"
157.48.66.84 - - [24/Mar/2026:02:14:36 +0530] "GET /assets/img/icons/discount.png HTTP/2.0" 200 62356 "https://www.pathoworld.in/" "Mozilla/5.0 (Linux; Android 10; K) AppleWebKit/537.36 (KHTML, like Gecko) Chrome/146.0.0.0 Mobile Safari/537.36"
195.86.121.39 - - [24/Mar/2026:02:14:31 +0530] "GET /assets/fonts/Flaticon.woff2 HTTP/2.0" 200 7532 "https://www.pathoworld.in/assets/css/flaticon.css" "Mozilla/5.0 (Linux; Android 14; SM-F700F) AppleWebKit/537.36 (KHTML, like Gecko) SamsungBrowser/28.0 Chrome/143.0.7499.109 Mobile Safari/537.36"
195.86.121.39 - - [24/Mar/2026:02:14:31 +0530] "GET /assets/fonts/fa-solid-900.woff2 HTTP/2.0" 200 74256 "https://www.pathoworld.in/assets/css/fontawesome.min.css" "Mozilla/5.0 (Linux; Android 14; SM-F700F) AppleWebKit/537.36 (KHTML, like Gecko) SamsungBrowser/28.0 Chrome/143.0.7499.109 Mobile Safari/537.36"
157.48.66.84 - - [24/Mar/2026:02:14:36 +0530] "GET /assets/img/icons/blood.png HTTP/2.0" 200 10471 "https://www.pathoworld.in/" "Mozilla/5.0 (Linux; Android 10; K) AppleWebKit/537.36 (KHTML, like Gecko) Chrome/146.0.0.0 Mobile Safari/537.36"
152.59.147.42 - - [24/Mar/2026:02:14:36 +0530] "GET /assets/js/jquery.meanmenu.js HTTP/2.0" 200 1607 "https://www.pathoworld.in/" "Mozilla/5.0 (Linux; Android 10; K) AppleWebKit/537.36 (KHTML, like Gecko) Chrome/145.0.0.0 Mobile Safari/537.36"
152.59.147.42 - - [24/Mar/2026:02:14:36 +0530] "GET /assets/js/jquery.appear.js HTTP/2.0" 200 1360 "https://www.pathoworld.in/" "Mozilla/5.0 (Linux; Android 10; K) AppleWebKit/537.36 (KHTML, like Gecko) Chrome/145.0.0.0 Mobile Safari/537.36"
157.49.198.153 - - [24/Mar/2026:02:14:36 +0530] "GET /assets/img/cta-bg.jpg HTTP/2.0" 200 604579 "https://www.pathoworld.in/assets/css/style.css" "Mozilla/5.0 (Linux; Android 10; K) AppleWebKit/537.36 (KHTML, like Gecko) Chrome/145.0.0.0 Mobile Safari/537.36"
157.49.198.153 - - [24/Mar/2026:02:14:36 +0530] "GET /assets/fonts/Flaticon.woff2 HTTP/2.0" 200 7532 "https://www.pathoworld.in/assets/css/flaticon.css" "Mozilla/5.0 (Linux; Android 10; K) AppleWebKit/537.36 (KHTML, like Gecko) Chrome/145.0.0.0 Mobile Safari/537.36"
152.59.147.42 - - [24/Mar/2026:02:14:36 +0530] "GET /assets/js/odometer.min.js HTTP/2.0" 200 3631 "https://www.pathoworld.in/" "Mozilla/5.0 (Linux; Android 10; K) AppleWebKit/537.36 (KHTML, like Gecko) Chrome/145.0.0.0 Mobile Safari/537.36"
157.49.198.153 - - [24/Mar/2026:02:14:36 +0530] "GET /assets/fonts/fa-solid-900.woff2 HTTP/2.0" 200 74256 "https://www.pathoworld.in/assets/css/fontawesome.min.css" "Mozilla/5.0 (Linux; Android 10; K) AppleWebKit/537.36 (KHTML, like Gecko) Chrome/145.0.0.0 Mobile Safari/537.36"
152.59.147.42 - - [24/Mar/2026:02:14:36 +0530] "GET /assets/js/jquery.magnific-popup.min.js HTTP/2.0" 200 7346 "https://www.pathoworld.in/" "Mozilla/5.0 (Linux; Android 10; K) AppleWebKit/537.36 (KHTML, like Gecko) Chrome/145.0.0.0 Mobile Safari/537.36"
152.59.147.42 - - [24/Mar/2026:02:14:36 +0530] "GET /assets/js/parallax.min.js HTTP/2.0" 200 4001 "https://www.pathoworld.in/" "Mozilla/5.0 (Linux; Android 10; K) AppleWebKit/537.36 (KHTML, like Gecko) Chrome/145.0.0.0 Mobile Safari/537.36"
195.7.11.89 - - [24/Mar/2026:02:14:33 +0530] "GET /assets/img/cta-bg.jpg HTTP/2.0" 200 604579 "https://www.pathoworld.in/assets/css/style.css" "Mozilla/5.0 (Linux; Android 10; K) AppleWebKit/537.36 (KHTML, like Gecko) Chrome/146.0.0.0 Mobile Safari/537.36"
152.59.147.42 - - [24/Mar/2026:02:14:36 +0530] "GET /assets/js/owl.carousel.min.js HTTP/2.0" 200 11412 "https://www.pathoworld.in/" "Mozilla/5.0 (Linux; Android 10; K) AppleWebKit/537.36 (KHTML, like Gecko) Chrome/145.0.0.0 Mobile Safari/537.36"
152.59.147.42 - - [24/Mar/2026:02:14:36 +0530] "GET /assets/js/progressbar.min.js HTTP/2.0" 200 504 "https://www.pathoworld.in/" "Mozilla/5.0 (Linux; Android 10; K) AppleWebKit/537.36 (KHTML, like Gecko) Chrome/145.0.0.0 Mobile Safari/537.36"
152.59.147.42 - - [24/Mar/2026:02:14:36 +0530] "GET /assets/js/wow.min.js HTTP/2.0" 200 2702 "https://www.pathoworld.in/" "Mozilla/5.0 (Linux; Android 10; K) AppleWebKit/537.36 (KHTML, like Gecko) Chrome/145.0.0.0 Mobile Safari/537.36"
106.67.182.218 - - [24/Mar/2026:02:14:36 +0530] "GET /assets/img/slider/s4.png HTTP/2.0" 200 141080 "https://www.pathoworld.in/" "Mozilla/5.0 (Linux; Android 10; K) AppleWebKit/537.36 (KHTML, like Gecko) Chrome/145.0.0.0 Mobile Safari/537.36"
106.67.182.218 - - [24/Mar/2026:02:14:36 +0530] "GET /assets/img/shape-image/1.png HTTP/2.0" 200 4694 "https://www.pathoworld.in/" "Mozilla/5.0 (Linux; Android 10; K) AppleWebKit/537.36 (KHTML, like Gecko) Chrome/145.0.0.0 Mobile Safari/537.36"
106.67.182.218 - - [24/Mar/2026:02:14:36 +0530] "GET /assets/img/shape-image/2.png HTTP/2.0" 200 8055 "https://www.pathoworld.in/" "Mozilla/5.0 (Linux; Android 10; K) AppleWebKit/537.36 (KHTML, like Gecko) Chrome/145.0.0.0 Mobile Safari/537.36"
95.216.190.205 - - [24/Mar/2026:02:14:36 +0530] "GET / HTTP/1.1" 508 288 "https://29571644-34819-36574.tentedienat.com/" "Mozilla/5.0 (Linux; Android 10; POCOPHONE F1 Build/QKQ1.190828.002) AppleWebKit/537.36 (KHTML, like Gecko) Chrome/123.0.6312.118 Mobile Safari/537.36 XiaoMi/MiuiBrowser/14.47.1-gn"
157.48.66.84 - - [24/Mar/2026:02:14:36 +0530] "GET /assets/img/icons/mobile.png HTTP/2.0" 200 43677 "https://www.pathoworld.in/" "Mozilla/5.0 (Linux; Android 10; K) AppleWebKit/537.36 (KHTML, like Gecko) Chrome/146.0.0.0 Mobile Safari/537.36"
106.67.182.218 - - [24/Mar/2026:02:14:36 +0530] "GET /assets/img/shape-image/3.png HTTP/2.0" 200 4473 "https://www.pathoworld.in/" "Mozilla/5.0 (Linux; Android 10; K) AppleWebKit/537.36 (KHTML, like Gecko) Chrome/145.0.0.0 Mobile Safari/537.36"
106.67.182.218 - - [24/Mar/2026:02:14:36 +0530] "GET /assets/img/shape-image/4.png HTTP/2.0" 200 4607 "https://www.pathoworld.in/" "Mozilla/5.0 (Linux; Android 10; K) AppleWebKit/537.36 (KHTML, like Gecko) Chrome/145.0.0.0 Mobile Safari/537.36"
152.59.147.42 - - [24/Mar/2026:02:14:36 +0530] "GET /assets/fonts/fa-solid-900.woff2 HTTP/2.0" 200 74256 "https://www.pathoworld.in/assets/css/fontawesome.min.css" "Mozilla/5.0 (Linux; Android 10; K) AppleWebKit/537.36 (KHTML, like Gecko) Chrome/145.0.0.0 Mobile Safari/537.36"
157.51.206.196 - - [24/Mar/2026:02:14:36 +0530] "GET /assets/css/bootstrap.min.css HTTP/2.0" 200 22910 "https://www.pathoworld.in/" "Mozilla/5.0 (Linux; Android 10; K) AppleWebKit/537.36 (KHTML, like Gecko) SamsungBrowser/29.0 Chrome/136.0.0.0 Mobile Safari/537.36"
106.67.182.218 - - [24/Mar/2026:02:14:36 +0530] "GET /assets/img/shape-image/5.png HTTP/2.0" 200 3980 "https://www.pathoworld.in/" "Mozilla/5.0 (Linux; Android 10; K) AppleWebKit/537.36 (KHTML, like Gecko) Chrome/145.0.0.0 Mobile Safari/537.36"
157.51.206.196 - - [24/Mar/2026:02:14:27 +0530] "GET / HTTP/2.0" 200 9055 "https://29571644-25608-36574.tentedienat.com/hiBODoU2OQrkZtczvQOYbhxKk9RS5tiGZvtUX8icEJ4RPJyWyX2EBxIGAzahjXOQkDd4__c?_=06e4363b-26f9-11f1-ade0-c32c7618418e&d=BQ5qQHPeKJQuqTkZFBMR5TUqElT1EuWSxvt9Te63AXzKcv15jRrMBJb8mPgWShhf4KlaSfFhHFloHkTs6RzgepBMaI2EEmSGN42EjOdndxPfgEVVlHVpiFTqdlGIg6vdn0BLaMTmv7qfV0ZdrPrPHinrS8JUDyzBxAl0Qd2FIwSCsKWubkVzgI2-Qvfyi7g6UIzNZ1uGLcP5SkXNJ2h3fMa3ncjp3-_FXLixModnTxQ8adesFP7lkeeuD3JX-cziIkJxCUNMkPksNJTEo6glWb8kcyyYEGT6QLYfpxFGZpnfyKG4KGuZuId9wtXXLMpaGES_YMIS8--WzqxEeN8I18lDDWcXx9MjHM3h4dtSWjYuEHeSD_nFd7nlSUJkKLGRHOJP9Oi5_D0-M39CXbJFSpbvB9tcHVyKBZwfngFRdaeRpbkjBoTFNokLmhkjnwHpxQHVEt7VUDxTm52K35GoE8KJaGnVshdxSJw5GkJ2Mb8a2Nu1ucBnfmSgrnopkI6OfQLawh-gHc-lM0KLPXKIJlww459xeT-JULR6TCNnx4IXeb7LaSviAnAKpCKVt45EYxauehbptXaDm00PLoVKlSfpRq2ZE8eKS9-gHRjfFzh-X0te7ynQGcnpiFm05QOHABL8nJ2noWfagsoGeuataX-MSc3srGn97aVEJZJsoQtXLxG3cF2qmDxYkNjxDotuH7rOt2eHyF3QUuZ_eMIIOJCP87wSBfdJeqbW534QfHdvse_cSUgKRt85HQey7f9G6nWHGiLANkRg4FjmYIj-9QVxOsnTpT5XRD0-3cLteS4YrVvNJiFN-AjZEGRV2hx6jobm9WmEsVcLD_H09Lv_c4jwdAvT-Znp-Yytx_C_LFHbXItv7S6VgmjLI508HqZ335Mz_npBaloDgyzmZPgiMNax7YUgWa66-dS7wJpbKKhXjc_Ab_-MCYD8t6yFobNLg4xsc5MwIi_afu0UA1GHalgNgXhQ2fxWP3w9tw5Vjd2Mcxplftd9NXeGckhH3UuJUqK0GC9lSsbu4fCpa_hh5lBJMN4DFSBpICJppNQKirUQ4S9GXh8sH1B7UF5sgNR7omGf2DnPG74QRBERnaoNz-S7jF2m8Gz8AzOlZ2EJZlHGVd8TKwbjRTgAqWr1TRdWBXjGk2newSBJWNylUBtrCJsXUZX11VYcU_PzMdFCF6TfmiTKxVu814q_QBf__lBBKMF7tVlEkKSB0VvZVuSCJ0scg057jVzkcXQ_Csfk4H6wmw&_bbr=1" "Mozilla/5.0 (Linux; Android 10; K) AppleWebKit/537.36 (KHTML, like Gecko) SamsungBrowser/29.0 Chrome/136.0.0.0 Mobile Safari/537.36"
152.59.147.42 - - [24/Mar/2026:02:14:36 +0530] "GET /assets/fonts/Flaticon.woff2 HTTP/2.0" 200 7532 "https://www.pathoworld.in/assets/css/flaticon.css" "Mozilla/5.0 (Linux; Android 10; K) AppleWebKit/537.36 (KHTML, like Gecko) Chrome/145.0.0.0 Mobile Safari/537.36"
106.67.182.218 - - [24/Mar/2026:02:14:36 +0530] "GET /assets/img/shape-image/6.png HTTP/2.0" 200 8105 "https://www.pathoworld.in/" "Mozilla/5.0 (Linux; Android 10; K) AppleWebKit/537.36 (KHTML, like Gecko) Chrome/145.0.0.0 Mobile Safari/537.36"
157.51.206.196 - - [24/Mar/2026:02:14:36 +0530] "GET /assets/css/animate.min.css HTTP/2.0" 200 4324 "https://www.pathoworld.in/" "Mozilla/5.0 (Linux; Android 10; K) AppleWebKit/537.36 (KHTML, like Gecko) SamsungBrowser/29.0 Chrome/136.0.0.0 Mobile Safari/537.36"
