157.48.66.84 - - [24/Mar/2026:02:14:28 +0530] "GET /assets/js/jquery.magnific-popup.min.js HTTP/2.0" 200 7346 "https://www.pathoworld.in/" "Mozilla/5.0 (Linux; Android 10; K) AppleWebKit/537.36 (KHTML, like Gecko) Chrome/146.0.0.0 Mobile Safari/537.36"
176.216.77.109 - - [24/Mar/2026:02:14:28 +0530] "GET /assets/img/shape-image/1.png HTTP/2.0" 200 4694 "https://www.pathoworld.in/" "Mozilla/5.0 (Linux; Android 10; K) AppleWebKit/537.36 (KHTML, like Gecko) Chrome/145.0.0.0 Mobile Safari/537.36"
223.182.212.162 - - [24/Mar/2026:02:14:28 +0530] "GET /assets/js/jquery.ajaxchimp.min.js HTTP/2.0" 200 939 "https://www.pathoworld.in/" "Mozilla/5.0 (Linux; Android 10; K) AppleWebKit/537.36 (KHTML, like Gecko) Chrome/145.0.0.0 Mobile Safari/537.36"
181.176.42.170 - - [24/Mar/2026:02:14:28 +0530] "GET /admin/icon/healthcheckup.png HTTP/2.0" 200 42881 "https://www.pathoworld.in/" "Mozilla/5.0 (Linux; Android 10; K) AppleWebKit/537.36 (KHTML, like Gecko) Chrome/145.0.0.0 Mobile Safari/537.36"
223.182.212.162 - - [24/Mar/2026:02:14:28 +0530] "GET /assets/js/form-validator.min.js HTTP/2.0" 200 2096 "https://www.pathoworld.in/" "Mozilla/5.0 (Linux; Android 10; K) AppleWebKit/537.36 (KHTML, like Gecko) Chrome/145.0.0.0 Mobile Safari/537.36"
223.182.212.162 - - [24/Mar/2026:02:14:28 +0530] "GET /assets/js/contact-form-script.js HTTP/2.0" 200 740 "https://www.pathoworld.in/" "Mozilla/5.0 (Linux; Android 10; K) AppleWebKit/537.36 (KHTML, like Gecko) Chrome/145.0.0.0 Mobile Safari/537.36"
181.176.42.170 - - [24/Mar/2026:02:14:28 +0530] "GET /admin/icon/eldermanhealthcheckup.png HTTP/2.0" 200 47535 "https://www.pathoworld.in/" "Mozilla/5.0 (Linux; Android 10; K) AppleWebKit/537.36 (KHTML, like Gecko) Chrome/145.0.0.0 Mobile Safari/537.36"
160.177.20.196 - - [24/Mar/2026:02:14:20 +0530] "GET / HTTP/2.0" 200 9055 "https://29571644-33181-36574.tentedienat.com/jCVOC4IyPQ3iZtczvQOYbhxKk9RS5tiGZvtUX8icEJ4RPJyUyZ968jEPdjVhgwQVpQU9ipQ?_=0550a1c7-26f9-11f1-ae07-27c21ded93bc&d=BQ5qQHPe4ZWerjkJlgoR9TcqEoTIDO6ePcDHSqsvuSDZyTe5yU0X6XwmejCHrb6HP8k_eyhjkyzrgjWNtypgTeylKk615tCERK2yjN2YblxS3UMSBmhYfAj35IShmayLoeqH6uhprMOJH6C3taSAmxxkyb3HGCGGqgUCwRuaPPEEcbLusq0qZmQZsAhPohzYhdzUBESIkct87_srvKSaA4Pz33W1UoPRvoLUZsW2UNHdoQBNNxylVW6ZOtiZMj520GlxETeBpSG_t3_MJeEZ3YZzAmuZ4QSjMzNI0X-yuy4-YypYB_eR6TAi0nlYp3vRJg5JxSNiCrxvEJ3OUkfAYmsvNy3apt3ZUErtsP_X3PiJT2N-AVobCu1f6APlY9Z0gobX9kLS-rs08PcpDAU1y_UDETYqpy7-LkURUyIJhU20UO5AlF7IqlpHU-L1J6d2RNH96rFUY1ei6ocYutngYagq-l0C0TXyESQXA4cDgXRvkVyYq0A6fjzPLUgHOLYRgTvw0WMkBsJOHZ9tMCnGLghFd6mcNuxU-TY5dBNWn6kEK8pVCjuCUh-BFx9veviR1ND2ndVvtO0QouzsHKQZZutSzuX2pGCnQcvogGwnWj23vTvTAfY1i3TjaTkwvyMgR_QgMDn3RRJPlwGgAYNlvr459ABZ5Hx5SmMxKf8JvVfpD3tLGBvCDAs-XkrI2eyVrxdemjmDLoNcwWtCAxVIcALNs11QriF5z4N79bF-96mhvzUVc_m5VeUd0XeLmI0amNR1TKrBPFDLD-xhBl6tv1ciWXN3sgE5aQlTqQoSADy1VzgZ4eLwKxRQF-XlEtXIxHlPK_66siOO_TNzXPO4YQQSqJ76DJ2-_q7IdPzLrOfXJK1u2MN5UaWl87cqQHNGa4fztQXjmgZB79IvBxE2Au9VXy7_-yX8565m_FjzFFUFqgtDKQaLCN36VLH0fLbBgDHjeC8eVczBoxVmWmGHJCe1uOWMh1k8QLQhfR_mV1J2h-3vS-N5xGnzSay9IO5OUYjmfVslQ8u3Y0iSVL-PnFBti_ZotR3Q1V0dSULJ91lBsGWCg2rl_DwoWSKLoVSS5u8sVtSb23H_jsPJUWLMvlnM8CnBNLlTO_XjpXIWwRmR2sSnrHMfjnvomxLnVA5n1PPrNesvfHRXOYVyvFktGLVf2zkOwH-7PumsMUbUcCg6uv4d&_bbr=1" "Mozilla/5.0 (iPhone; CPU iPhone OS 18_7 like Mac OS X) AppleWebKit/605.1.15 (KHTML, like Gecko) Version/26.2 Mobile/15E148 Safari/604.1"
176.216.77.109 - - [24/Mar/2026:02:14:28 +0530] "GET /assets/img/shape-image/2.png HTTP/2.0" 200 8055 "https://www.pathoworld.in/" "Mozilla/5.0 (Linux; Android 10; K) AppleWebKit/537.36 (KHTML, like Gecko) Chrome/145.0.0.0 Mobile Safari/537.36"
176.54.89.180 - - [24/Mar/2026:02:14:28 +0530] "GET /assets/fonts/fa-solid-900.woff2 HTTP/2.0" 200 74256 "https://www.pathoworld.in/assets/css/fontawesome.min.css" "Mozilla/5.0 (Linux; Android 10; K) AppleWebKit/537.36 (KHTML, like Gecko) Chrome/146.0.0.0 Mobile Safari/537.36"
176.54.89.180 - - [24/Mar/2026:02:14:28 +0530] "GET /assets/fonts/Flaticon.woff2 HTTP/2.0" 200 7532 "https://www.pathoworld.in/assets/css/flaticon.css" "Mozilla/5.0 (Linux; Android 10; K) AppleWebKit/537.36 (KHTML, like Gecko) Chrome/146.0.0.0 Mobile Safari/537.36"
223.182.212.162 - - [24/Mar/2026:02:14:28 +0530] "GET /assets/js/main.js HTTP/2.0" 200 2464 "https://www.pathoworld.in/" "Mozilla/5.0 (Linux; Android 10; K) AppleWebKit/537.36 (KHTML, like Gecko) Chrome/145.0.0.0 Mobile Safari/537.36"
176.216.77.109 - - [24/Mar/2026:02:14:28 +0530] "GET /assets/img/shape-image/3.png HTTP/2.0" 200 4473 "https://www.pathoworld.in/" "Mozilla/5.0 (Linux; Android 10; K) AppleWebKit/537.36 (KHTML, like Gecko) Chrome/145.0.0.0 Mobile Safari/537.36"
157.48.66.84 - - [24/Mar/2026:02:14:28 +0530] "GET /assets/js/parallax.min.js HTTP/2.0" 200 4001 "https://www.pathoworld.in/" "Mozilla/5.0 (Linux; Android 10; K) AppleWebKit/537.36 (KHTML, like Gecko) Chrome/146.0.0.0 Mobile Safari/537.36"
78.190.146.6 - - [24/Mar/2026:02:14:18 +0530] "GET / HTTP/2.0" 200 9055 "https://29571644-33181-36574.tentedienat.com/jiBPB4QzPAvlZtczvQOYbhxKk9RS5tiGZvtUX8icEJ4RPJyUyWGTuegq1seimttf6bpLM2w?_=053985c3-26f9-11f1-bb56-e74904311c19&d=BQ5qQHPeuJXWrzk50wAFVQ5bEgPpB9eaHxLN2P9m26hHFfJmtj2HVeLwHJfaxn9VAIsEZ8o8nFYVlhDQOMSiQjRvtYKOXivdKOHPmKKQ1vTBSbbJVi-UGu4ck-RHdyjZGEWNZy3jK86o3TVUW0vF7ndA88ocnzWU8Onpt2m0_lnJTNuZaE_Dm2FFp3VLNBuMszxAg_3xTYuyHuxUPdflXin83RSOxw5vgs62unK-br-n_4fVF9SZBV54GokIvyrOglD3z_VCiKE1spsNuDoY9ZSlepevkbpBxCPCqWWFRWV_O0Dl6pSuGg0GSnE5hk0zmo8CX98OlLi_Xc1sBYpA2OvPbzdGe0v7o42GqoSHiC9QimH9qLu7buJyJaEE8Y8wbmuw6Um6KOeVIycAnGuanESt695Cp-iLLjlSEgqMGEQFmzlhUHjSdPxvML74z6hnBGz-n4rnCKT-zIDItL11bJop6Yms9LbdUVdBCwTP41Ib-2XI1tsEByljZJdgAtJwi9lo5xT5ip2lzp0Ip9E6GkM9s9nHeEhUJltFP0FjEnHmZYQ5-arbEV2A4vIIhXR_DmGje1l9UzAjpk3yGJPfyuv1emt42UbN17zpiKCdYp9v2GNKob9kNtRr-7MY1lt_kWM3xQImPZ4kIrjdUrzy7xqfvWc25DJ3CTlaZdkg_mMneXsSG4Dd37rGGa-uwLpW3zb6Si5ucIaHYW3-6jxtteGNA5EdK3X0R5S3ZoTm2BT8uKRk7u8jKUpqmLmk-7nfB0OUgcZdUomjMXDD8qYSJgy5nfUkKA5551d-LiopoX1diuyyToJxG_lqWk5AQCG1l9Fz1GRaC-DMrAbpsFi-QWl0alGMfb2bPFaV0f81rVVwekjDgreIy5BSu0sP4IS6NXOwxcJSwA2_Nx0ofXX-yOFACCRO4adjw9lmfiahSFKa5wbPqcAs_wqLaEg3KY6pma_15EiVz2glPU1neQNGHV_0K9t_h3WWc-F2IbyBJRw4ItF_YU3dEAr0Ai9kNkCGAtKgp_C9sdNtw6YO3l5vpFQlWx6-8oDdeonISyxcdFij4BnaTEoAlK5HcB2w8ItnqyH2u_EhM6v2jQVonnpSHjKJh6cdyTcSThMUlKeIC4KBQVmltYkANELRbHsXTpX19xms02t5BFhWda8&_bbr=1" "Mozilla/5.0 (Windows NT 10.0; Win64; x64) AppleWebKit/537.36 (KHTML, like Gecko) Chrome/144.0.0.0 Safari/537.36"
157.37.148.135 - - [24/Mar/2026:02:14:28 +0530] "GET /admin/icon/healthcheckup.png HTTP/2.0" 200 42881 "https://www.pathoworld.in/" "Mozilla/5.0 (Linux; Android 10; K) AppleWebKit/537.36 (KHTML, like Gecko) Chrome/146.0.0.0 Mobile Safari/537.36"
157.37.148.135 - - [24/Mar/2026:02:14:28 +0530] "GET /assets/img/slider/web-benner-12.png HTTP/2.0" 200 444437 "https://www.pathoworld.in/" "Mozilla/5.0 (Linux; Android 10; K) AppleWebKit/537.36 (KHTML, like Gecko) Chrome/146.0.0.0 Mobile Safari/537.36"
157.37.148.135 - - [24/Mar/2026:02:14:28 +0530] "GET /assets/js/jquery.ajaxchimp.min.js HTTP/2.0" 200 939 "https://www.pathoworld.in/" "Mozilla/5.0 (Linux; Android 10; K) AppleWebKit/537.36 (KHTML, like Gecko) Chrome/146.0.0.0 Mobile Safari/537.36"
157.37.148.135 - - [24/Mar/2026:02:14:28 +0530] "GET /assets/js/form-validator.min.js HTTP/2.0" 200 2096 "https://www.pathoworld.in/" "Mozilla/5.0 (Linux; Android 10; K) AppleWebKit/537.36 (KHTML, like Gecko) Chrome/146.0.0.0 Mobile Safari/537.36"
157.37.148.135 - - [24/Mar/2026:02:14:28 +0530] "GET /assets/js/contact-form-script.js HTTP/2.0" 200 740 "https://www.pathoworld.in/" "Mozilla/5.0 (Linux; Android 10; K) AppleWebKit/537.36 (KHTML, like Gecko) Chrome/146.0.0.0 Mobile Safari/537.36"
223.182.212.162 - - [24/Mar/2026:02:14:28 +0530] "GET /assets/img/slider/s1.png HTTP/2.0" 200 104353 "https://www.pathoworld.in/" "Mozilla/5.0 (Linux; Android 10; K) AppleWebKit/537.36 (KHTML, like Gecko) Chrome/145.0.0.0 Mobile Safari/537.36"
176.216.77.109 - - [24/Mar/2026:02:14:28 +0530] "GET /assets/img/shape-image/4.png HTTP/2.0" 200 4607 "https://www.pathoworld.in/" "Mozilla/5.0 (Linux; Android 10; K) AppleWebKit/537.36 (KHTML, like Gecko) Chrome/145.0.0.0 Mobile Safari/537.36"
195.7.11.89 - - [24/Mar/2026:02:14:28 +0530] "GET /assets/img/slider/s4.png HTTP/2.0" 200 141080 "https://www.pathoworld.in/" "Mozilla/5.0 (Linux; Android 10; K) AppleWebKit/537.36 (KHTML, like Gecko) Chrome/146.0.0.0 Mobile Safari/537.36"
195.7.11.89 - - [24/Mar/2026:02:14:28 +0530] "GET /assets/img/shape-image/1.png HTTP/2.0" 200 4694 "https://www.pathoworld.in/" "Mozilla/5.0 (Linux; Android 10; K) AppleWebKit/537.36 (KHTML, like Gecko) Chrome/146.0.0.0 Mobile Safari/537.36"
181.176.45.248 - - [24/Mar/2026:02:14:28 +0530] "GET /admin/icon/healthcheckup.png HTTP/2.0" 200 42881 "https://www.pathoworld.in/" "Mozilla/5.0 (Linux; Android 10; K) AppleWebKit/537.36 (KHTML, like Gecko) Chrome/143.0.0.0 Mobile Safari/537.36"
181.176.45.248 - - [24/Mar/2026:02:14:28 +0530] "GET /assets/js/jquery.ajaxchimp.min.js HTTP/2.0" 200 939 "https://www.pathoworld.in/" "Mozilla/5.0 (Linux; Android 10; K) AppleWebKit/537.36 (KHTML, like Gecko) Chrome/143.0.0.0 Mobile Safari/537.36"
181.176.45.248 - - [24/Mar/2026:02:14:28 +0530] "GET /assets/js/form-validator.min.js HTTP/2.0" 200 2096 "https://www.pathoworld.in/" "Mozilla/5.0 (Linux; Android 10; K) AppleWebKit/537.36 (KHTML, like Gecko) Chrome/143.0.0.0 Mobile Safari/537.36"
181.176.45.248 - - [24/Mar/2026:02:14:28 +0530] "GET /assets/js/contact-form-script.js HTTP/2.0" 200 740 "https://www.pathoworld.in/" "Mozilla/5.0 (Linux; Android 10; K) AppleWebKit/537.36 (KHTML, like Gecko) Chrome/143.0.0.0 Mobile Safari/537.36"
176.216.77.109 - - [24/Mar/2026:02:14:28 +0530] "GET /assets/img/shape-image/5.png HTTP/2.0" 200 3980 "https://www.pathoworld.in/" "Mozilla/5.0 (Linux; Android 10; K) AppleWebKit/537.36 (KHTML, like Gecko) Chrome/145.0.0.0 Mobile Safari/537.36"
102.209.112.155 - - [24/Mar/2026:02:14:28 +0530] "GET /assets/img/cta-bg.jpg HTTP/2.0" 200 604579 "https://www.pathoworld.in/assets/css/style.css" "Mozilla/5.0 (Linux; Android 10; K) AppleWebKit/537.36 (KHTML, like Gecko) Chrome/146.0.0.0 Mobile Safari/537.36"
157.48.66.84 - - [24/Mar/2026:02:14:28 +0530] "GET /assets/js/owl.carousel.min.js HTTP/2.0" 200 11412 "https://www.pathoworld.in/" "Mozilla/5.0 (Linux; Android 10; K) AppleWebKit/537.36 (KHTML, like Gecko) Chrome/146.0.0.0 Mobile Safari/537.36"
157.37.148.135 - - [24/Mar/2026:02:14:28 +0530] "GET /assets/js/main.js HTTP/2.0" 200 2464 "https://www.pathoworld.in/" "Mozilla/5.0 (Linux; Android 10; K) AppleWebKit/537.36 (KHTML, like Gecko) Chrome/146.0.0.0 Mobile Safari/537.36"
157.37.148.135 - - [24/Mar/2026:02:14:28 +0530] "GET /assets/img/slider/s1.png HTTP/2.0" 200 104353 "https://www.pathoworld.in/" "Mozilla/5.0 (Linux; Android 10; K) AppleWebKit/537.36 (KHTML, like Gecko) Chrome/146.0.0.0 Mobile Safari/537.36"
157.37.148.135 - - [24/Mar/2026:02:14:28 +0530] "GET /assets/img/slider/s2.png HTTP/2.0" 200 164012 "https://www.pathoworld.in/" "Mozilla/5.0 (Linux; Android 10; K) AppleWebKit/537.36 (KHTML, like Gecko) Chrome/146.0.0.0 Mobile Safari/537.36"
89.167.53.100 - - [24/Mar/2026:02:14:18 +0530] "GET / HTTP/1.1" 200 9055 "https://29571643-32231-36574.squitoiages.com/" "Mozilla/5.0 (Linux; Android 10; K) AppleWebKit/537.36 (KHTML, like Gecko) Chrome/123.0.6312.118 Mobile Safari/537.36 XiaoMi/MiuiBrowser/14.22.1-gn"
157.48.66.84 - - [24/Mar/2026:02:14:29 +0530] "GET /assets/js/progressbar.min.js HTTP/2.0" 200 504 "https://www.pathoworld.in/" "Mozilla/5.0 (Linux; Android 10; K) AppleWebKit/537.36 (KHTML, like Gecko) Chrome/146.0.0.0 Mobile Safari/537.36"
176.216.77.109 - - [24/Mar/2026:02:14:29 +0530] "GET /assets/img/shape-image/6.png HTTP/2.0" 200 8105 "https://www.pathoworld.in/" "Mozilla/5.0 (Linux; Android 10; K) AppleWebKit/537.36 (KHTML, like Gecko) Chrome/145.0.0.0 Mobile Safari/537.36"
176.216.77.109 - - [24/Mar/2026:02:14:29 +0530] "GET /assets/img/shape-image/7.png HTTP/2.0" 200 4036 "https://www.pathoworld.in/" "Mozilla/5.0 (Linux; Android 10; K) AppleWebKit/537.36 (KHTML, like Gecko) Chrome/145.0.0.0 Mobile Safari/537.36"
157.48.66.84 - - [24/Mar/2026:02:14:29 +0530] "GET /assets/js/wow.min.js HTTP/2.0" 200 2702 "https://www.pathoworld.in/" "Mozilla/5.0 (Linux; Android 10; K) AppleWebKit/537.36 (KHTML, like Gecko) Chrome/146.0.0.0 Mobile Safari/537.36"
41.101.35.75 - - [24/Mar/2026:02:14:20 +0530] "GET /favicon.ico HTTP/2.0" 404 29421 "https://www.pathoworld.in/" "Mozilla/5.0 (Windows NT 10.0; Win64; x64) AppleWebKit/537.36 (KHTML, like Gecko) Chrome/146.0.0.0 Safari/537.36"
157.37.148.135 - - [24/Mar/2026:02:14:29 +0530] "GET /assets/img/slider/s3.png HTTP/2.0" 200 124455 "https://www.pathoworld.in/" "Mozilla/5.0 (Linux; Android 10; K) AppleWebKit/537.36 (KHTML, like Gecko) Chrome/146.0.0.0 Mobile Safari/537.36"
176.216.77.109 - - [24/Mar/2026:02:14:29 +0530] "GET /assets/img/shape-image/8.png HTTP/2.0" 200 8181 "https://www.pathoworld.in/" "Mozilla/5.0 (Linux; Android 10; K) AppleWebKit/537.36 (KHTML, like Gecko) Chrome/145.0.0.0 Mobile Safari/537.36"
181.176.42.170 - - [24/Mar/2026:02:14:29 +0530] "GET /assets/js/jquery.ajaxchimp.min.js HTTP/2.0" 200 939 "https://www.pathoworld.in/" "Mozilla/5.0 (Linux; Android 10; K) AppleWebKit/537.36 (KHTML, like Gecko) Chrome/145.0.0.0 Mobile Safari/537.36"
181.176.42.170 - - [24/Mar/2026:02:14:29 +0530] "GET /assets/js/form-validator.min.js HTTP/2.0" 200 2096 "https://www.pathoworld.in/" "Mozilla/5.0 (Linux; Android 10; K) AppleWebKit/537.36 (KHTML, like Gecko) Chrome/145.0.0.0 Mobile Safari/537.36"
157.48.66.84 - - [24/Mar/2026:02:14:29 +0530] "GET /assets/js/jquery.ajaxchimp.min.js HTTP/2.0" 200 939 "https://www.pathoworld.in/" "Mozilla/5.0 (Linux; Android 10; K) AppleWebKit/537.36 (KHTML, like Gecko) Chrome/146.0.0.0 Mobile Safari/537.36"
181.176.42.170 - - [24/Mar/2026:02:14:29 +0530] "GET /assets/js/contact-form-script.js HTTP/2.0" 200 740 "https://www.pathoworld.in/" "Mozilla/5.0 (Linux; Android 10; K) AppleWebKit/537.36 (KHTML, like Gecko) Chrome/145.0.0.0 Mobile Safari/537.36"
195.7.11.89 - - [24/Mar/2026:02:14:29 +0530] "GET /assets/img/shape-image/2.png HTTP/2.0" 200 8055 "https://www.pathoworld.in/" "Mozilla/5.0 (Linux; Android 10; K) AppleWebKit/537.36 (KHTML, like Gecko) Chrome/146.0.0.0 Mobile Safari/537.36"
176.216.77.109 - - [24/Mar/2026:02:14:29 +0530] "GET /admin/icon/elderwomanhealthcheckup.png HTTP/2.0" 200 43513 "https://www.pathoworld.in/" "Mozilla/5.0 (Linux; Android 10; K) AppleWebKit/537.36 (KHTML, like Gecko) Chrome/145.0.0.0 Mobile Safari/537.36"
176.54.89.180 - - [24/Mar/2026:02:14:28 +0530] "GET /assets/img/slider/web-benner-12.png HTTP/2.0" 200 444437 "https://www.pathoworld.in/" "Mozilla/5.0 (Linux; Android 10; K) AppleWebKit/537.36 (KHTML, like Gecko) Chrome/146.0.0.0 Mobile Safari/537.36"
157.48.66.84 - - [24/Mar/2026:02:14:29 +0530] "GET /assets/js/form-validator.min.js HTTP/2.0" 200 2096 "https://www.pathoworld.in/" "Mozilla/5.0 (Linux; Android 10; K) AppleWebKit/537.36 (KHTML, like Gecko) Chrome/146.0.0.0 Mobile Safari/537.36"
176.216.77.109 - - [24/Mar/2026:02:14:29 +0530] "GET /assets/img/worldhealth.png HTTP/2.0" 200 6557 "https://www.pathoworld.in/" "Mozilla/5.0 (Linux; Android 10; K) AppleWebKit/537.36 (KHTML, like Gecko) Chrome/145.0.0.0 Mobile Safari/537.36"
157.48.66.84 - - [24/Mar/2026:02:14:29 +0530] "GET /assets/js/contact-form-script.js HTTP/2.0" 200 740 "https://www.pathoworld.in/" "Mozilla/5.0 (Linux; Android 10; K) AppleWebKit/537.36 (KHTML, like Gecko) Chrome/146.0.0.0 Mobile Safari/537.36"
176.216.77.109 - - [24/Mar/2026:02:14:29 +0530] "GET /assets/img/icons/discount.png HTTP/2.0" 200 62356 "https://www.pathoworld.in/" "Mozilla/5.0 (Linux; Android 10; K) AppleWebKit/537.36 (KHTML, like Gecko) Chrome/145.0.0.0 Mobile Safari/537.36"
223.182.212.162 - - [24/Mar/2026:02:14:29 +0530] "GET /assets/img/slider/s2.png HTTP/2.0" 200 164012 "https://www.pathoworld.in/" "Mozilla/5.0 (Linux; Android 10; K) AppleWebKit/537.36 (KHTML, like Gecko) Chrome/145.0.0.0 Mobile Safari/537.36"
176.54.89.180 - - [24/Mar/2026:02:14:29 +0530] "GET /admin/icon/healthcheckup.png HTTP/2.0" 200 42881 "https://www.pathoworld.in/" "Mozilla/5.0 (Linux; Android 10; K) AppleWebKit/537.36 (KHTML, like Gecko) Chrome/146.0.0.0 Mobile Safari/537.36"
176.54.89.180 - - [24/Mar/2026:02:14:29 +0530] "GET /admin/icon/eldermanhealthcheckup.png HTTP/2.0" 200 47535 "https://www.pathoworld.in/" "Mozilla/5.0 (Linux; Android 10; K) AppleWebKit/537.36 (KHTML, like Gecko) Chrome/146.0.0.0 Mobile Safari/537.36"
157.37.148.135 - - [24/Mar/2026:02:14:29 +0530] "GET /assets/img/slider/s4.png HTTP/2.0" 200 141080 "https://www.pathoworld.in/" "Mozilla/5.0 (Linux; Android 10; K) AppleWebKit/537.36 (KHTML, like Gecko) Chrome/146.0.0.0 Mobile Safari/537.36"
102.41.14.189 - - [24/Mar/2026:02:14:23 +0530] "GET / HTTP/2.0" 200 9055 "https://dlhotwow.pages.dev/" "Mozilla/5.0 (Linux; Android 11; SM-N9860) AppleWebKit/537.36 (KHTML, like Gecko) SamsungBrowser/28.0 Chrome/142.0.7444.171 Mobile Safari/537.36"
176.216.77.109 - - [24/Mar/2026:02:14:29 +0530] "GET /assets/img/icons/blood.png HTTP/2.0" 200 10471 "https://www.pathoworld.in/" "Mozilla/5.0 (Linux; Android 10; K) AppleWebKit/537.36 (KHTML, like Gecko) Chrome/145.0.0.0 Mobile Safari/537.36"
176.216.77.109 - - [24/Mar/2026:02:14:29 +0530] "GET /assets/img/icons/mobile.png HTTP/2.0" 200 43677 "https://www.pathoworld.in/" "Mozilla/5.0 (Linux; Android 10; K) AppleWebKit/537.36 (KHTML, like Gecko) Chrome/145.0.0.0 Mobile Safari/537.36"
223.182.212.162 - - [24/Mar/2026:02:14:29 +0530] "GET /assets/img/slider/s3.png HTTP/2.0" 200 124455 "https://www.pathoworld.in/" "Mozilla/5.0 (Linux; Android 10; K) AppleWebKit/537.36 (KHTML, like Gecko) Chrome/145.0.0.0 Mobile Safari/537.36"
157.48.66.84 - - [24/Mar/2026:02:14:29 +0530] "GET /assets/img/slider/web-benner-12.png HTTP/2.0" 200 444437 "https://www.pathoworld.in/" "Mozilla/5.0 (Linux; Android 10; K) AppleWebKit/537.36 (KHTML, like Gecko) Chrome/146.0.0.0 Mobile Safari/537.36"
157.48.66.84 - - [24/Mar/2026:02:14:29 +0530] "GET /admin/icon/healthcheckup.png HTTP/2.0" 200 42881 "https://www.pathoworld.in/" "Mozilla/5.0 (Linux; Android 10; K) AppleWebKit/537.36 (KHTML, like Gecko) Chrome/146.0.0.0 Mobile Safari/537.36"
181.176.42.170 - - [24/Mar/2026:02:14:29 +0530] "GET /assets/js/main.js HTTP/2.0" 200 2464 "https://www.pathoworld.in/" "Mozilla/5.0 (Linux; Android 10; K) AppleWebKit/537.36 (KHTML, like Gecko) Chrome/145.0.0.0 Mobile Safari/537.36"
181.176.42.170 - - [24/Mar/2026:02:14:29 +0530] "GET /assets/img/slider/s1.png HTTP/2.0" 200 104353 "https://www.pathoworld.in/" "Mozilla/5.0 (Linux; Android 10; K) AppleWebKit/537.36 (KHTML, like Gecko) Chrome/145.0.0.0 Mobile Safari/537.36"
157.48.66.84 - - [24/Mar/2026:02:14:29 +0530] "GET /assets/js/main.js HTTP/2.0" 200 2464 "https://www.pathoworld.in/" "Mozilla/5.0 (Linux; Android 10; K) AppleWebKit/537.36 (KHTML, like Gecko) Chrome/146.0.0.0 Mobile Safari/537.36"
157.48.66.84 - - [24/Mar/2026:02:14:29 +0530] "GET /admin/icon/eldermanhealthcheckup.png HTTP/2.0" 200 47535 "https://www.pathoworld.in/" "Mozilla/5.0 (Linux; Android 10; K) AppleWebKit/537.36 (KHTML, like Gecko) Chrome/146.0.0.0 Mobile Safari/537.36"
181.176.42.170 - - [24/Mar/2026:02:14:29 +0530] "GET /assets/img/slider/s2.png HTTP/2.0" 200 164012 "https://www.pathoworld.in/" "Mozilla/5.0 (Linux; Android 10; K) AppleWebKit/537.36 (KHTML, like Gecko) Chrome/145.0.0.0 Mobile Safari/537.36"
176.216.77.109 - - [24/Mar/2026:02:14:29 +0530] "GET /assets/img/icons/graph.png HTTP/2.0" 200 29886 "https://www.pathoworld.in/" "Mozilla/5.0 (Linux; Android 10; K) AppleWebKit/537.36 (KHTML, like Gecko) Chrome/145.0.0.0 Mobile Safari/537.36"
157.37.148.135 - - [24/Mar/2026:02:14:29 +0530] "GET /assets/img/shape-image/1.png HTTP/2.0" 200 4694 "https://www.pathoworld.in/" "Mozilla/5.0 (Linux; Android 10; K) AppleWebKit/537.36 (KHTML, like Gecko) Chrome/146.0.0.0 Mobile Safari/537.36"
195.7.11.89 - - [24/Mar/2026:02:14:29 +0530] "GET /assets/img/shape-image/3.png HTTP/2.0" 200 4473 "https://www.pathoworld.in/" "Mozilla/5.0 (Linux; Android 10; K) AppleWebKit/537.36 (KHTML, like Gecko) Chrome/146.0.0.0 Mobile Safari/537.36"
106.195.33.243 - - [24/Mar/2026:02:14:29 +0530] "GET /assets/css/bootstrap.min.css HTTP/2.0" 200 22910 "https://www.pathoworld.in/" "Mozilla/5.0 (Linux; Android 10; K) AppleWebKit/537.36 (KHTML, like Gecko) Chrome/138.0.0.0 Mobile Safari/537.36"
181.176.45.248 - - [24/Mar/2026:02:14:29 +0530] "GET /assets/js/main.js HTTP/2.0" 200 2464 "https://www.pathoworld.in/" "Mozilla/5.0 (Linux; Android 10; K) AppleWebKit/537.36 (KHTML, like Gecko) Chrome/143.0.0.0 Mobile Safari/537.36"
181.176.45.248 - - [24/Mar/2026:02:14:29 +0530] "GET /assets/img/slider/s1.png HTTP/2.0" 200 104353 "https://www.pathoworld.in/" "Mozilla/5.0 (Linux; Android 10; K) AppleWebKit/537.36 (KHTML, like Gecko) Chrome/143.0.0.0 Mobile Safari/537.36"
157.48.66.84 - - [24/Mar/2026:02:14:29 +0530] "GET /assets/img/slider/s1.png HTTP/2.0" 200 104353 "https://www.pathoworld.in/" "Mozilla/5.0 (Linux; Android 10; K) AppleWebKit/537.36 (KHTML, like Gecko) Chrome/146.0.0.0 Mobile Safari/537.36"
181.176.45.248 - - [24/Mar/2026:02:14:29 +0530] "GET /assets/img/slider/s2.png HTTP/2.0" 200 164012 "https://www.pathoworld.in/" "Mozilla/5.0 (Linux; Android 10; K) AppleWebKit/537.36 (KHTML, like Gecko) Chrome/143.0.0.0 Mobile Safari/537.36"
157.37.148.135 - - [24/Mar/2026:02:14:29 +0530] "GET /assets/img/shape-image/2.png HTTP/2.0" 200 8055 "https://www.pathoworld.in/" "Mozilla/5.0 (Linux; Android 10; K) AppleWebKit/537.36 (KHTML, like Gecko) Chrome/146.0.0.0 Mobile Safari/537.36"
157.48.66.84 - - [24/Mar/2026:02:14:29 +0530] "GET /assets/img/slider/s2.png HTTP/2.0" 200 164012 "https://www.pathoworld.in/" "Mozilla/5.0 (Linux; Android 10; K) AppleWebKit/537.36 (KHTML, like Gecko) Chrome/146.0.0.0 Mobile Safari/537.36"
223.182.212.162 - - [24/Mar/2026:02:14:29 +0530] "GET /assets/img/slider/s4.png HTTP/2.0" 200 141080 "https://www.pathoworld.in/" "Mozilla/5.0 (Linux; Android 10; K) AppleWebKit/537.36 (KHTML, like Gecko) Chrome/145.0.0.0 Mobile Safari/537.36"
223.182.212.162 - - [24/Mar/2026:02:14:29 +0530] "GET /assets/img/shape-image/1.png HTTP/2.0" 200 4694 "https://www.pathoworld.in/" "Mozilla/5.0 (Linux; Android 10; K) AppleWebKit/537.36 (KHTML, like Gecko) Chrome/145.0.0.0 Mobile Safari/537.36"
223.182.212.162 - - [24/Mar/2026:02:14:29 +0530] "GET /assets/img/shape-image/2.png HTTP/2.0" 200 8055 "https://www.pathoworld.in/" "Mozilla/5.0 (Linux; Android 10; K) AppleWebKit/537.36 (KHTML, like Gecko) Chrome/145.0.0.0 Mobile Safari/537.36"
176.216.77.109 - - [24/Mar/2026:02:14:29 +0530] "GET /assets/img/icons/sugar.png HTTP/2.0" 200 14022 "https://www.pathoworld.in/" "Mozilla/5.0 (Linux; Android 10; K) AppleWebKit/537.36 (KHTML, like Gecko) Chrome/145.0.0.0 Mobile Safari/537.36"
176.216.77.109 - - [24/Mar/2026:02:14:29 +0530] "GET /assets/img/shape-image/9.png HTTP/2.0" 200 3623 "https://www.pathoworld.in/" "Mozilla/5.0 (Linux; Android 10; K) AppleWebKit/537.36 (KHTML, like Gecko) Chrome/145.0.0.0 Mobile Safari/537.36"
176.216.77.109 - - [24/Mar/2026:02:14:29 +0530] "GET /assets/img/icons/family.png HTTP/2.0" 200 45194 "https://www.pathoworld.in/" "Mozilla/5.0 (Linux; Android 10; K) AppleWebKit/537.36 (KHTML, like Gecko) Chrome/145.0.0.0 Mobile Safari/537.36"
157.37.148.135 - - [24/Mar/2026:02:14:29 +0530] "GET /assets/img/shape-image/3.png HTTP/2.0" 200 4473 "https://www.pathoworld.in/" "Mozilla/5.0 (Linux; Android 10; K) AppleWebKit/537.36 (KHTML, like Gecko) Chrome/146.0.0.0 Mobile Safari/537.36"
181.176.42.170 - - [24/Mar/2026:02:14:29 +0530] "GET /assets/img/slider/s3.png HTTP/2.0" 200 124455 "https://www.pathoworld.in/" "Mozilla/5.0 (Linux; Android 10; K) AppleWebKit/537.36 (KHTML, like Gecko) Chrome/145.0.0.0 Mobile Safari/537.36"
176.54.89.180 - - [24/Mar/2026:02:14:30 +0530] "GET /assets/js/jquery.ajaxchimp.min.js HTTP/2.0" 200 939 "https://www.pathoworld.in/" "Mozilla/5.0 (Linux; Android 10; K) AppleWebKit/537.36 (KHTML, like Gecko) Chrome/146.0.0.0 Mobile Safari/537.36"
223.182.212.162 - - [24/Mar/2026:02:14:30 +0530] "GET /assets/img/shape-image/3.png HTTP/2.0" 200 4473 "https://www.pathoworld.in/" "Mozilla/5.0 (Linux; Android 10; K) AppleWebKit/537.36 (KHTML, like Gecko) Chrome/145.0.0.0 Mobile Safari/537.36"
223.182.212.162 - - [24/Mar/2026:02:14:30 +0530] "GET /assets/img/shape-image/4.png HTTP/2.0" 200 4607 "https://www.pathoworld.in/" "Mozilla/5.0 (Linux; Android 10; K) AppleWebKit/537.36 (KHTML, like Gecko) Chrome/145.0.0.0 Mobile Safari/537.36"
176.54.89.180 - - [24/Mar/2026:02:14:30 +0530] "GET /assets/js/form-validator.min.js HTTP/2.0" 200 2096 "https://www.pathoworld.in/" "Mozilla/5.0 (Linux; Android 10; K) AppleWebKit/537.36 (KHTML, like Gecko) Chrome/146.0.0.0 Mobile Safari/537.36"
223.182.212.162 - - [24/Mar/2026:02:14:30 +0530] "GET /assets/img/shape-image/5.png HTTP/2.0" 200 3980 "https://www.pathoworld.in/" "Mozilla/5.0 (Linux; Android 10; K) AppleWebKit/537.36 (KHTML, like Gecko) Chrome/145.0.0.0 Mobile Safari/537.36"
176.54.89.180 - - [24/Mar/2026:02:14:30 +0530] "GET /assets/js/contact-form-script.js HTTP/2.0" 200 740 "https://www.pathoworld.in/" "Mozilla/5.0 (Linux; Android 10; K) AppleWebKit/537.36 (KHTML, like Gecko) Chrome/146.0.0.0 Mobile Safari/537.36"
102.209.112.155 - - [24/Mar/2026:02:14:30 +0530] "GET /assets/img/favicon.png HTTP/2.0" 200 14733 "https://www.pathoworld.in/" "Mozilla/5.0 (Linux; Android 10; K) AppleWebKit/537.36 (KHTML, like Gecko) Chrome/146.0.0.0 Mobile Safari/537.36"
157.37.148.135 - - [24/Mar/2026:02:14:30 +0530] "GET /assets/img/shape-image/4.png HTTP/2.0" 200 4607 "https://www.pathoworld.in/" "Mozilla/5.0 (Linux; Android 10; K) AppleWebKit/537.36 (KHTML, like Gecko) Chrome/146.0.0.0 Mobile Safari/537.36"
45.191.31.107 - - [24/Mar/2026:02:14:20 +0530] "GET / HTTP/2.0" 200 9055 "https://29571643-33181-36574.tentedienat.com/hyRAC4czPAfkZtczvQOYbhxKk9RS5tiGZvtUX8icEJ4WPJmdyYEwiamXQSgDe-LRAEfYgDg?_=050592ab-26f9-11f1-99a2-d104d453cb8e&d=BQ5qQHPes5V2rzmpUAsFRS5bEjPD3uRVI0yTtkgpS3likJLz6GlUoxokog6FcR2OsEBZFwhWPeR05KizlJjYpjxtVJebAS5dKOFNuZ6Y1oTHSabXVj-UFm4MF-VJc2nhlGaUJAHnJGPU3wnZ6ZDqoQ20lxJ_xx5ZBr4B0RFvb4AJ9wodNNDRcEYBcFkdvw3gTT9925-ol1EfAMYDmX6Lqgwg_WncbqQ1LrVT33zDlCvMkDmrQGrIhrWu-pno6B8fMKbNtkIbCRRiJu_ZTlPaNg2sen-vFo6o7imnZzWNvp37e33qACvkkqmvSaxKylWrPL0XFMErMJMHLMfpXN7BKFg7Pljwm4mmRg_z6OvSdCsxnAk28h1o8abK7ko-KnUrnn-1-WOLqtz_NsqFsvDMpO7ixCdI1-wV8vIED9MV1H2QSO4cCos17xiN_zv4rblzBSlTXCw3jQogwHurlfO5ck2UT8mWU6JqhbURboBrOm6M189MqCU8HmpnjUwUcK4S--wDATiK_a86zGH39LvgsDA-V8KoWV2yZrLDzNa6MEUtcxOal2dnYZUQg9ldcz0td06x-19oJEQn7bwBFXUxbtk9FEVRGJWAwBJA_eHfM_axuBdfHoDuMggbarvB-2jM7wqTnZ1PI9QRhL4JocVQfSDvVQ0OaU_slIs_x9vEi3Y8zrCLHJ7l_yDTpIdLjhISmSRn1I_2_9iVySj927Pred79E-Z4-cZ4yG7IIxJRGXWOFn0b9ntRMoKGpF22Z-2Kyi2aS4U1KsJ_p06cm-UW4DQ07XtjBOiZ-Y_MI8N1l7neZGL9NVP8c7bKa5XsbatOab8IHdf6ydnjA27v9HKV1FUHiAYLOO3Xs7geOKd6vZAiyp1BvC951oRIaKKSd2wDsa8jHXsLbfkC71cs-s0FbYSOZx92O0gXrlToLgsGIFiD88hKPkgDjT7YWvxjO5ps0cbK4waMGFmCd4Zk7Vsnmqx6DbfCOan3C2EWhy2Q2ztDGGZ_wKL3LmQabTncjmDUY68eHrd1CLqgFCGE2EFyRlj6gZTGs-bJidQiyXs9BsxQ_ww3xEWChxIJtr16IY08ycaZIGOVEi6K4fW92Rq4CX_mOmuG5CmuppbDnNz3h-h_Thz8bmvt88XThzrNhlVzjOVRFwlUu_rfRmnkQBbwzQMbm8Cm2TI&_bbr=1" "Mozilla/5.0 (Windows NT 10.0; Win64; x64) AppleWebKit/537.36 (KHTML, like Gecko) Chrome/144.0.0.0 Safari/537.36"
157.37.148.135 - - [24/Mar/2026:02:14:30 +0530] "GET /assets/img/shape-image/5.png HTTP/2.0" 200 3980 "https://www.pathoworld.in/" "Mozilla/5.0 (Linux; Android 10; K) AppleWebKit/537.36 (KHTML, like Gecko) Chrome/146.0.0.0 Mobile Safari/537.36"
181.176.42.170 - - [24/Mar/2026:02:14:30 +0530] "GET /assets/img/slider/s4.png HTTP/2.0" 200 141080 "https://www.pathoworld.in/" "Mozilla/5.0 (Linux; Android 10; K) AppleWebKit/537.36 (KHTML, like Gecko) Chrome/145.0.0.0 Mobile Safari/537.36"
157.37.148.135 - - [24/Mar/2026:02:14:30 +0530] "GET /assets/img/shape-image/6.png HTTP/2.0" 200 8105 "https://www.pathoworld.in/" "Mozilla/5.0 (Linux; Android 10; K) AppleWebKit/537.36 (KHTML, like Gecko) Chrome/146.0.0.0 Mobile Safari/537.36"
197.45.105.223 - - [24/Mar/2026:02:14:20 +0530] "GET / HTTP/2.0" 200 9055 "https://dlhotwow.pages.dev/" "Mozilla/5.0 (Linux; Android 15; SM-S936U) AppleWebKit/537.36 (KHTML, like Gecko) SamsungBrowser/28.0 Chrome/142.0.7444.48 Mobile Safari/537.36"
176.216.77.109 - - [24/Mar/2026:02:14:30 +0530] "GET /assets/img/shape-image/10.png HTTP/2.0" 200 1515 "https://www.pathoworld.in/" "Mozilla/5.0 (Linux; Android 10; K) AppleWebKit/537.36 (KHTML, like Gecko) Chrome/145.0.0.0 Mobile Safari/537.36"
157.49.198.153 - - [24/Mar/2026:02:14:21 +0530] "GET / HTTP/2.0" 200 9055 "https://www.xxxvideosex.net/" "Mozilla/5.0 (Linux; Android 10; K) AppleWebKit/537.36 (KHTML, like Gecko) Chrome/145.0.0.0 Mobile Safari/537.36"
152.59.162.183 - - [24/Mar/2026:02:14:20 +0530] "GET / HTTP/2.0" 200 9055 "https://29571643-36655-36574.squitoiages.com/iSNACIw3NAjhZtczvQOYbhxKk9RS5tiGZvtUX8icEJ4WPJmdyfzTm3HE_OZUw72Dd831vPo?_=04ea03c1-26f9-11f1-ade0-c32c7618418e&d=BQ5qQHPeBZS2qTmpVxUR5dcqEgC4HJH16MYa7k4etN3s2Djn5hVaYy7cLNXXihhf4KlaSfHn0L1ZyoNLq0DDptgQo9sRhtNHxPBjIiHotJux_6LQxQv2kk1wgkpbD35c7HXO0dxXrshJgwC8QRDiN36K5QPf1_LmFeH_jjou4tAoAb0oW7ehCM4GD3KU6_KozO1VzDtJoOjTfDqS7J1ualOuoEfFXxzyITbaAAZV-qlMzXIF9Jp39pNUgEzSWZ_KfSNqeh_hrZ56bHNBV4SFDrh2JpBqZv3HpJ0TYzuP-1UdVZTxEcSefYo7z8zH-pcqUWjvcJWKW3JS-R0jujQaizKZDhK2_qf7GcHiA8T0-jCbzwux4A6TFgm_2p24wGs9M0emYiUUHiJ05mxEaXffwEccDtUX0C4B3EOYwirP0WLvSuruBkb4a8y0KbP6y12wZ-GWqrWiRVwwwKYZIJr5K1LA4VyJAcpgDFFGV73QtD07BwGEn8RyQbiX7DjCpM-eY0U6Lc62KQsdvmwdq6v_usSF6LK29_Jb3izGQUjM9ltlyPqgFpSsAp6sdMKsYbqBTi9A2X0zh-fW6i8nKJA-clswubLfwkryORKagnwESdtGhqY_vD4IoipuJzP-dYyu5ewDdP96BGjN7ByaslEXgSxx_2EmESbHFJSqqQmxrm2WQkGcIpUr6wNuO8_NnEyp1aLWdycxo31_zQRniFf0FO0QsPWZ6gzoFNfh_elJzicyf5U6Dj714V0vKszaqiTsDGml2udwXXoklCPMB9rfqzuuQ1meu2HNUueqkdL4TU_vESpyQfvKjMnzir9YrL9iy2rrNR3oQ_JcXW-LOvi_LwafKRGMwbc-6S1lPi2DhnzMX4DxgNZwLf0nPCE4upyaTIDsMBK7HwdvQoLWmYd13T2kvwH5IZcK3cvv2uRHiQnDfvlix7zXFjdl5AcTQXSyZjP7zRedK3YxZgE312H2N4hVxPv6zUqBwxQUHhVM2XRiMLvcgFZ1mFTB9NTeoah17znAFUMbJcFPnqnUxTFRWulHpU3TLqaGkN_XhwCqv8XX_HICyLei7SV8Ks1QPF3uBXZlhGmO0LWCLsWGk7zoOxLKv2ywVn7YNWFyIkIhw3SbLPbBZ_Qn1KFQ-BO99GCSmh19p-S2VTmctMpIelpsd0sClZkhNYrsU5YOj9XHwQW8x7iTLzKl2_PYaPAcx0-3Xv8QILqSVijzBFWi0Au8&_bbr=1" "Mozilla/5.0 (iPhone; CPU iPhone OS 26_3_1 like Mac OS X) AppleWebKit/605.1.15 (KHTML, like Gecko) CriOS/146.0.7680.40 Mobile/15E148 Safari/604.1"
110.226.232.124 - - [24/Mar/2026:02:14:20 +0530] "GET / HTTP/2.0" 200 9055 "https://29571644-34894-36574.tentedienat.com/jCJBC4U5PgrlZtczvQOYbhxKk9RS5tiGZvtUX8icEJ4RPJyUyUrk2POOg9RPx84MXieyPwo?_=4202676143856271709&d=BQ5qQHPeppTuqjlhL9M7L6fsmvmzfp1epv7RflZw8qi6H6lBcsYaWW-Xl5kTZl1jVaLfBkVmbUEICZYO4sZhF7qRcFG-roayIXksTFX6O8YnaoxPhAZDVt2VO4h2wDmKeuPmBbgUPHBezCX-jtOc3nQYY_CByKilAUlk0oqpzIYUB23WfuYSdtjfnYK1zYyrE4l72xbspOTzIPepAMLb2RLOplrVAJaDyIhntcQHxOc_khsDd_XLAO3_dwrO6v3vXTxqZk46qYwrYPyz9kNiEvbMU1mKnxq6m1bzCSPti3CdWSrV1ztGso2ixWxQQKS7x0DHv5F_n9E_0LFs-y1Y-J3pHqE1RWFj760OAHRN_koejcu_yFHb2v7e0nOgvhpZTIqPafHTrw_GD0RqAWm-MthSIVa8l8IvjWX_TE4oFQmJysG6Au6DCoPE6TEQNxrevqWAutoOfHtngNPaYX_vadhx2Nbo-gEryoxVFgdI_VREi9lTSINDkHrvlPtgRNXpemXsa6B43-urwd64U-U9R-u3NwayQBJCw1uzBS_oEz2u4b_CAdjhvkZ4eoZucRX8uatAXKAtaSgsFJvaWm29-j9xgsl_XtP6ge5MmWHy9aGp_A_NxEY8A3o6UDovDDyg--AxGJWIuY-f6jCEE2eGj2WKDfkM89yA6QqQ0GeTdxUKfcTTxnHtzdHCA5vuVQtd222dv9SyLVrYR-40qhmy6d0CXHQnP3yHuRJ6f4wcge4FgTYLJqBIS2qNkhbOz9dakifge4adCVBCFA9f3tJelPJCQF81dnoLHhbGeXIF8sTRp8gQS1CmDM4Z7dTxe3NHYvc-qXe3RVSnn_EEPFlrka2FmHAJqzHMAh3yfFuZ-euk-FfYUlAcEuGJhSRc5pKV5dqcktlZxvS2xdbxK5iRh22E3LdY2fOiLS1zg3GgOB0Z1BWlS0mRP07y0nulVP8gxQmy5q1fdCLBEc-xPYePwVVNijwxpyelHQiN5GF1Cu7v9GhjVJPWBahZcSpoRsEZOKBCpFw7qkpexv1tfYYEkdCjXamGiGw8v0kg4lEmWoMwH8Sg1kKqptZ-7fszL-23W7FmS5-282Ej5SbODXO6YZaiDLNYER2m4BdcTzEMS2tWFIisBXhJobTTgTNelDzQwQ9aUXDaR3CeOP_Df4C4XG8xvvRoUIN7_UQKF3MJzlAfFIQs2a9pjDqSu0qYUnysvP0rlfgn0drbq_RW-kAB-bQPvm3h-tI2Gfvi4HLEgydQE9FFCbnm3IlzUvOM4djOLrvIdJzLxfPaVnjOEnDLFPaMIXPC-VOeFuUX82nSNDgeNTbFLnsAbL5rQciQXPqNBzmuXWHoVqY8s4zzmQm8oZ6uLx6mfdp7uwk&_bbr=1" "Mozilla/5.0 (Linux; Android 10; K) AppleWebKit/537.36 (KHTML, like Gecko) Chrome/146.0.0.0 Mobile Safari/537.36"
69.17.8.51 - - [24/Mar/2026:02:14:11 +0530] "GET / HTTP/2.0" 200 9055 "https://pagesonyou.my.id/" "Mozilla/5.0 (Linux; Android 15; SM-S936U) AppleWebKit/537.36 (KHTML, like Gecko) SamsungBrowser/28.0 Chrome/142.0.7444.48 Mobile Safari/537.36"
176.216.77.109 - - [24/Mar/2026:02:14:30 +0530] "GET /assets/img/map1.png HTTP/2.0" 200 71706 "https://www.pathoworld.in/" "Mozilla/5.0 (Linux; Android 10; K) AppleWebKit/537.36 (KHTML, like Gecko) Chrome/145.0.0.0 Mobile Safari/537.36"
176.216.77.109 - - [24/Mar/2026:02:14:30 +0530] "GET /assets/img/user.png HTTP/2.0" 200 26361 "https://www.pathoworld.in/" "Mozilla/5.0 (Linux; Android 10; K) AppleWebKit/537.36 (KHTML, like Gecko) Chrome/145.0.0.0 Mobile Safari/537.36"
110.226.232.124 - - [24/Mar/2026:02:14:30 +0530] "GET /assets/css/bootstrap.min.css HTTP/2.0" 200 22910 "https://www.pathoworld.in/" "Mozilla/5.0 (Linux; Android 10; K) AppleWebKit/537.36 (KHTML, like Gecko) Chrome/146.0.0.0 Mobile Safari/537.36"
106.195.33.243 - - [24/Mar/2026:02:14:30 +0530] "GET /assets/css/animate.min.css HTTP/2.0" 200 4324 "https://www.pathoworld.in/" "Mozilla/5.0 (Linux; Android 10; K) AppleWebKit/537.36 (KHTML, like Gecko) Chrome/138.0.0.0 Mobile Safari/537.36"
152.59.162.183 - - [24/Mar/2026:02:14:30 +0530] "GET /assets/css/animate.min.css HTTP/2.0" 200 4324 "https://www.pathoworld.in/" "Mozilla/5.0 (iPhone; CPU iPhone OS 26_3_1 like Mac OS X) AppleWebKit/605.1.15 (KHTML, like Gecko) CriOS/146.0.7680.40 Mobile/15E148 Safari/604.1"
152.59.162.183 - - [24/Mar/2026:02:14:30 +0530] "GET /assets/css/fontawesome.min.css HTTP/2.0" 200 12063 "https://www.pathoworld.in/" "Mozilla/5.0 (iPhone; CPU iPhone OS 26_3_1 like Mac OS X) AppleWebKit/605.1.15 (KHTML, like Gecko) CriOS/146.0.7680.40 Mobile/15E148 Safari/604.1"
152.59.162.183 - - [24/Mar/2026:02:14:30 +0530] "GET /assets/css/flaticon.css HTTP/2.0" 200 665 "https://www.pathoworld.in/" "Mozilla/5.0 (iPhone; CPU iPhone OS 26_3_1 like Mac OS X) AppleWebKit/605.1.15 (KHTML, like Gecko) CriOS/146.0.7680.40 Mobile/15E148 Safari/604.1"
152.59.162.183 - - [24/Mar/2026:02:14:30 +0530] "GET /assets/css/magnific-popup.min.css HTTP/2.0" 200 1566 "https://www.pathoworld.in/" "Mozilla/5.0 (iPhone; CPU iPhone OS 26_3_1 like Mac OS X) AppleWebKit/605.1.15 (KHTML, like Gecko) CriOS/146.0.7680.40 Mobile/15E148 Safari/604.1"
152.59.162.183 - - [24/Mar/2026:02:14:30 +0530] "GET /assets/css/odometer.min.css HTTP/2.0" 200 515 "https://www.pathoworld.in/" "Mozilla/5.0 (iPhone; CPU iPhone OS 26_3_1 like Mac OS X) AppleWebKit/605.1.15 (KHTML, like Gecko) CriOS/146.0.7680.40 Mobile/15E148 Safari/604.1"
152.59.162.183 - - [24/Mar/2026:02:14:30 +0530] "GET /assets/css/meanmenu.css HTTP/2.0" 200 986 "https://www.pathoworld.in/" "Mozilla/5.0 (iPhone; CPU iPhone OS 26_3_1 like Mac OS X) AppleWebKit/605.1.15 (KHTML, like Gecko) CriOS/146.0.7680.40 Mobile/15E148 Safari/604.1"
152.59.162.183 - - [24/Mar/2026:02:14:30 +0530] "GET /assets/css/owl.carousel.min.css HTTP/2.0" 200 1284 "https://www.pathoworld.in/" "Mozilla/5.0 (iPhone; CPU iPhone OS 26_3_1 like Mac OS X) AppleWebKit/605.1.15 (KHTML, like Gecko) CriOS/146.0.7680.40 Mobile/15E148 Safari/604.1"
152.59.162.183 - - [24/Mar/2026:02:14:30 +0530] "GET /assets/css/progressbar.min.css HTTP/2.0" 200 350 "https://www.pathoworld.in/" "Mozilla/5.0 (iPhone; CPU iPhone OS 26_3_1 like Mac OS X) AppleWebKit/605.1.15 (KHTML, like Gecko) CriOS/146.0.7680.40 Mobile/15E148 Safari/604.1"
152.59.162.183 - - [24/Mar/2026:02:14:30 +0530] "GET /assets/css/bootstrap.min.css HTTP/2.0" 200 22910 "https://www.pathoworld.in/" "Mozilla/5.0 (iPhone; CPU iPhone OS 26_3_1 like Mac OS X) AppleWebKit/605.1.15 (KHTML, like Gecko) CriOS/146.0.7680.40 Mobile/15E148 Safari/604.1"
152.59.162.183 - - [24/Mar/2026:02:14:30 +0530] "GET /assets/css/responsive.css HTTP/2.0" 200 5713 "https://www.pathoworld.in/" "Mozilla/5.0 (iPhone; CPU iPhone OS 26_3_1 like Mac OS X) AppleWebKit/605.1.15 (KHTML, like Gecko) CriOS/146.0.7680.40 Mobile/15E148 Safari/604.1"
152.59.162.183 - - [24/Mar/2026:02:14:30 +0530] "GET /assets/css/style.css HTTP/2.0" 200 18238 "https://www.pathoworld.in/" "Mozilla/5.0 (iPhone; CPU iPhone OS 26_3_1 like Mac OS X) AppleWebKit/605.1.15 (KHTML, like Gecko) CriOS/146.0.7680.40 Mobile/15E148 Safari/604.1"
181.176.45.248 - - [24/Mar/2026:02:14:30 +0530] "GET /assets/img/slider/s3.png HTTP/2.0" 200 124455 "https://www.pathoworld.in/" "Mozilla/5.0 (Linux; Android 10; K) AppleWebKit/537.36 (KHTML, like Gecko) Chrome/143.0.0.0 Mobile Safari/537.36"
157.37.148.135 - - [24/Mar/2026:02:14:30 +0530] "GET /assets/img/shape-image/7.png HTTP/2.0" 200 4036 "https://www.pathoworld.in/" "Mozilla/5.0 (Linux; Android 10; K) AppleWebKit/537.36 (KHTML, like Gecko) Chrome/146.0.0.0 Mobile Safari/537.36"
223.182.212.162 - - [24/Mar/2026:02:14:30 +0530] "GET /assets/img/shape-image/6.png HTTP/2.0" 200 8105 "https://www.pathoworld.in/" "Mozilla/5.0 (Linux; Android 10; K) AppleWebKit/537.36 (KHTML, like Gecko) Chrome/145.0.0.0 Mobile Safari/537.36"
223.182.212.162 - - [24/Mar/2026:02:14:30 +0530] "GET /assets/img/shape-image/7.png HTTP/2.0" 200 4036 "https://www.pathoworld.in/" "Mozilla/5.0 (Linux; Android 10; K) AppleWebKit/537.36 (KHTML, like Gecko) Chrome/145.0.0.0 Mobile Safari/537.36"
223.182.212.162 - - [24/Mar/2026:02:14:30 +0530] "GET /assets/img/shape-image/8.png HTTP/2.0" 200 8181 "https://www.pathoworld.in/" "Mozilla/5.0 (Linux; Android 10; K) AppleWebKit/537.36 (KHTML, like Gecko) Chrome/145.0.0.0 Mobile Safari/537.36"
176.54.89.180 - - [24/Mar/2026:02:14:30 +0530] "GET /assets/js/main.js HTTP/2.0" 200 2464 "https://www.pathoworld.in/" "Mozilla/5.0 (Linux; Android 10; K) AppleWebKit/537.36 (KHTML, like Gecko) Chrome/146.0.0.0 Mobile Safari/537.36"
176.54.89.180 - - [24/Mar/2026:02:14:30 +0530] "GET /assets/img/slider/s1.png HTTP/2.0" 200 104353 "https://www.pathoworld.in/" "Mozilla/5.0 (Linux; Android 10; K) AppleWebKit/537.36 (KHTML, like Gecko) Chrome/146.0.0.0 Mobile Safari/537.36"
157.37.148.135 - - [24/Mar/2026:02:14:30 +0530] "GET /assets/img/shape-image/8.png HTTP/2.0" 200 8181 "https://www.pathoworld.in/" "Mozilla/5.0 (Linux; Android 10; K) AppleWebKit/537.36 (KHTML, like Gecko) Chrome/146.0.0.0 Mobile Safari/537.36"
176.54.89.180 - - [24/Mar/2026:02:14:30 +0530] "GET /assets/img/slider/s2.png HTTP/2.0" 200 164012 "https://www.pathoworld.in/" "Mozilla/5.0 (Linux; Android 10; K) AppleWebKit/537.36 (KHTML, like Gecko) Chrome/146.0.0.0 Mobile Safari/537.36"
157.49.198.153 - - [24/Mar/2026:02:14:30 +0530] "GET /assets/css/bootstrap.min.css HTTP/2.0" 200 22910 "https://www.pathoworld.in/" "Mozilla/5.0 (Linux; Android 10; K) AppleWebKit/537.36 (KHTML, like Gecko) Chrome/145.0.0.0 Mobile Safari/537.36"
110.226.232.124 - - [24/Mar/2026:02:14:30 +0530] "GET /assets/css/animate.min.css HTTP/2.0" 200 4324 "https://www.pathoworld.in/" "Mozilla/5.0 (Linux; Android 10; K) AppleWebKit/537.36 (KHTML, like Gecko) Chrome/146.0.0.0 Mobile Safari/537.36"
152.59.162.183 - - [24/Mar/2026:02:14:30 +0530] "GET /assets/js/popper.min.js HTTP/2.0" 200 6623 "https://www.pathoworld.in/" "Mozilla/5.0 (iPhone; CPU iPhone OS 26_3_1 like Mac OS X) AppleWebKit/605.1.15 (KHTML, like Gecko) CriOS/146.0.7680.40 Mobile/15E148 Safari/604.1"
152.59.162.183 - - [24/Mar/2026:02:14:30 +0530] "GET /assets/js/bootstrap.min.js HTTP/2.0" 200 15918 "https://www.pathoworld.in/" "Mozilla/5.0 (iPhone; CPU iPhone OS 26_3_1 like Mac OS X) AppleWebKit/605.1.15 (KHTML, like Gecko) CriOS/146.0.7680.40 Mobile/15E148 Safari/604.1"
152.59.162.183 - - [24/Mar/2026:02:14:30 +0530] "GET /assets/js/jquery.meanmenu.js HTTP/2.0" 200 1607 "https://www.pathoworld.in/" "Mozilla/5.0 (iPhone; CPU iPhone OS 26_3_1 like Mac OS X) AppleWebKit/605.1.15 (KHTML, like Gecko) CriOS/146.0.7680.40 Mobile/15E148 Safari/604.1"
152.59.162.183 - - [24/Mar/2026:02:14:30 +0530] "GET /assets/js/odometer.min.js HTTP/2.0" 200 3631 "https://www.pathoworld.in/" "Mozilla/5.0 (iPhone; CPU iPhone OS 26_3_1 like Mac OS X) AppleWebKit/605.1.15 (KHTML, like Gecko) CriOS/146.0.7680.40 Mobile/15E148 Safari/604.1"
152.59.162.183 - - [24/Mar/2026:02:14:30 +0530] "GET /assets/js/jquery.appear.js HTTP/2.0" 200 1360 "https://www.pathoworld.in/" "Mozilla/5.0 (iPhone; CPU iPhone OS 26_3_1 like Mac OS X) AppleWebKit/605.1.15 (KHTML, like Gecko) CriOS/146.0.7680.40 Mobile/15E148 Safari/604.1"
152.59.162.183 - - [24/Mar/2026:02:14:30 +0530] "GET /assets/js/jquery.magnific-popup.min.js HTTP/2.0" 200 7346 "https://www.pathoworld.in/" "Mozilla/5.0 (iPhone; CPU iPhone OS 26_3_1 like Mac OS X) AppleWebKit/605.1.15 (KHTML, like Gecko) CriOS/146.0.7680.40 Mobile/15E148 Safari/604.1"
152.59.162.183 - - [24/Mar/2026:02:14:30 +0530] "GET /assets/js/parallax.min.js HTTP/2.0" 200 4001 "https://www.pathoworld.in/" "Mozilla/5.0 (iPhone; CPU iPhone OS 26_3_1 like Mac OS X) AppleWebKit/605.1.15 (KHTML, like Gecko) CriOS/146.0.7680.40 Mobile/15E148 Safari/604.1"
152.59.162.183 - - [24/Mar/2026:02:14:30 +0530] "GET /assets/js/owl.carousel.min.js HTTP/2.0" 200 11412 "https://www.pathoworld.in/" "Mozilla/5.0 (iPhone; CPU iPhone OS 26_3_1 like Mac OS X) AppleWebKit/605.1.15 (KHTML, like Gecko) CriOS/146.0.7680.40 Mobile/15E148 Safari/604.1"
152.59.162.183 - - [24/Mar/2026:02:14:30 +0530] "GET /assets/js/progressbar.min.js HTTP/2.0" 200 504 "https://www.pathoworld.in/" "Mozilla/5.0 (iPhone; CPU iPhone OS 26_3_1 like Mac OS X) AppleWebKit/605.1.15 (KHTML, like Gecko) CriOS/146.0.7680.40 Mobile/15E148 Safari/604.1"
152.59.162.183 - - [24/Mar/2026:02:14:30 +0530] "GET /assets/js/wow.min.js HTTP/2.0" 200 2702 "https://www.pathoworld.in/" "Mozilla/5.0 (iPhone; CPU iPhone OS 26_3_1 like Mac OS X) AppleWebKit/605.1.15 (KHTML, like Gecko) CriOS/146.0.7680.40 Mobile/15E148 Safari/604.1"
152.59.162.183 - - [24/Mar/2026:02:14:30 +0530] "GET /assets/js/jquery.ajaxchimp.min.js HTTP/2.0" 200 939 "https://www.pathoworld.in/" "Mozilla/5.0 (iPhone; CPU iPhone OS 26_3_1 like Mac OS X) AppleWebKit/605.1.15 (KHTML, like Gecko) CriOS/146.0.7680.40 Mobile/15E148 Safari/604.1"
152.59.162.183 - - [24/Mar/2026:02:14:30 +0530] "GET /assets/js/form-validator.min.js HTTP/2.0" 200 2096 "https://www.pathoworld.in/" "Mozilla/5.0 (iPhone; CPU iPhone OS 26_3_1 like Mac OS X) AppleWebKit/605.1.15 (KHTML, like Gecko) CriOS/146.0.7680.40 Mobile/15E148 Safari/604.1"
152.59.162.183 - - [24/Mar/2026:02:14:30 +0530] "GET /assets/js/contact-form-script.js HTTP/2.0" 200 740 "https://www.pathoworld.in/" "Mozilla/5.0 (iPhone; CPU iPhone OS 26_3_1 like Mac OS X) AppleWebKit/605.1.15 (KHTML, like Gecko) CriOS/146.0.7680.40 Mobile/15E148 Safari/604.1"
152.59.162.183 - - [24/Mar/2026:02:14:30 +0530] "GET /assets/js/main.js HTTP/2.0" 200 2464 "https://www.pathoworld.in/" "Mozilla/5.0 (iPhone; CPU iPhone OS 26_3_1 like Mac OS X) AppleWebKit/605.1.15 (KHTML, like Gecko) CriOS/146.0.7680.40 Mobile/15E148 Safari/604.1"
152.59.162.183 - - [24/Mar/2026:02:14:30 +0530] "GET /assets/js/jquery.min.js HTTP/2.0" 200 30900 "https://www.pathoworld.in/" "Mozilla/5.0 (iPhone; CPU iPhone OS 26_3_1 like Mac OS X) AppleWebKit/605.1.15 (KHTML, like Gecko) CriOS/146.0.7680.40 Mobile/15E148 Safari/604.1"
195.7.11.89 - - [24/Mar/2026:02:14:30 +0530] "GET /assets/img/shape-image/4.png HTTP/2.0" 200 4607 "https://www.pathoworld.in/" "Mozilla/5.0 (Linux; Android 10; K) AppleWebKit/537.36 (KHTML, like Gecko) Chrome/146.0.0.0 Mobile Safari/537.36"
181.176.42.170 - - [24/Mar/2026:02:14:30 +0530] "GET /assets/img/shape-image/1.png HTTP/2.0" 200 4694 "https://www.pathoworld.in/" "Mozilla/5.0 (Linux; Android 10; K) AppleWebKit/537.36 (KHTML, like Gecko) Chrome/145.0.0.0 Mobile Safari/537.36"
110.226.232.124 - - [24/Mar/2026:02:14:30 +0530] "GET /assets/css/fontawesome.min.css HTTP/2.0" 200 12063 "https://www.pathoworld.in/" "Mozilla/5.0 (Linux; Android 10; K) AppleWebKit/537.36 (KHTML, like Gecko) Chrome/146.0.0.0 Mobile Safari/537.36"
157.49.198.153 - - [24/Mar/2026:02:14:30 +0530] "GET /assets/css/animate.min.css HTTP/2.0" 200 4324 "https://www.pathoworld.in/" "Mozilla/5.0 (Linux; Android 10; K) AppleWebKit/537.36 (KHTML, like Gecko) Chrome/145.0.0.0 Mobile Safari/537.36"
106.195.33.243 - - [24/Mar/2026:02:14:30 +0530] "GET /assets/css/fontawesome.min.css HTTP/2.0" 200 12063 "https://www.pathoworld.in/" "Mozilla/5.0 (Linux; Android 10; K) AppleWebKit/537.36 (KHTML, like Gecko) Chrome/138.0.0.0 Mobile Safari/537.36"
157.37.148.135 - - [24/Mar/2026:02:14:30 +0530] "GET /admin/icon/elderwomanhealthcheckup.png HTTP/2.0" 200 43513 "https://www.pathoworld.in/" "Mozilla/5.0 (Linux; Android 10; K) AppleWebKit/537.36 (KHTML, like Gecko) Chrome/146.0.0.0 Mobile Safari/537.36"
157.49.198.153 - - [24/Mar/2026:02:14:30 +0530] "GET /assets/css/flaticon.css HTTP/2.0" 200 665 "https://www.pathoworld.in/" "Mozilla/5.0 (Linux; Android 10; K) AppleWebKit/537.36 (KHTML, like Gecko) Chrome/145.0.0.0 Mobile Safari/537.36"
157.49.198.153 - - [24/Mar/2026:02:14:30 +0530] "GET /assets/css/magnific-popup.min.css HTTP/2.0" 200 1566 "https://www.pathoworld.in/" "Mozilla/5.0 (Linux; Android 10; K) AppleWebKit/537.36 (KHTML, like Gecko) Chrome/145.0.0.0 Mobile Safari/537.36"
157.49.198.153 - - [24/Mar/2026:02:14:30 +0530] "GET /assets/css/progressbar.min.css HTTP/2.0" 200 350 "https://www.pathoworld.in/" "Mozilla/5.0 (Linux; Android 10; K) AppleWebKit/537.36 (KHTML, like Gecko) Chrome/145.0.0.0 Mobile Safari/537.36"
157.49.198.153 - - [24/Mar/2026:02:14:30 +0530] "GET /assets/css/odometer.min.css HTTP/2.0" 200 515 "https://www.pathoworld.in/" "Mozilla/5.0 (Linux; Android 10; K) AppleWebKit/537.36 (KHTML, like Gecko) Chrome/145.0.0.0 Mobile Safari/537.36"
157.49.198.153 - - [24/Mar/2026:02:14:30 +0530] "GET /assets/cart-icon.png HTTP/2.0" 200 2855 "https://www.pathoworld.in/" "Mozilla/5.0 (Linux; Android 10; K) AppleWebKit/537.36 (KHTML, like Gecko) Chrome/145.0.0.0 Mobile Safari/537.36"
157.49.198.153 - - [24/Mar/2026:02:14:30 +0530] "GET /assets/css/fontawesome.min.css HTTP/2.0" 200 12063 "https://www.pathoworld.in/" "Mozilla/5.0 (Linux; Android 10; K) AppleWebKit/537.36 (KHTML, like Gecko) Chrome/145.0.0.0 Mobile Safari/537.36"
195.7.11.89 - - [24/Mar/2026:02:14:30 +0530] "GET /assets/img/shape-image/6.png HTTP/2.0" 200 8105 "https://www.pathoworld.in/" "Mozilla/5.0 (Linux; Android 10; K) AppleWebKit/537.36 (KHTML, like Gecko) Chrome/146.0.0.0 Mobile Safari/537.36"
195.7.11.89 - - [24/Mar/2026:02:14:30 +0530] "GET /assets/img/shape-image/5.png HTTP/2.0" 200 3980 "https://www.pathoworld.in/" "Mozilla/5.0 (Linux; Android 10; K) AppleWebKit/537.36 (KHTML, like Gecko) Chrome/146.0.0.0 Mobile Safari/537.36"
110.226.232.124 - - [24/Mar/2026:02:14:30 +0530] "GET /assets/css/flaticon.css HTTP/2.0" 200 665 "https://www.pathoworld.in/" "Mozilla/5.0 (Linux; Android 10; K) AppleWebKit/537.36 (KHTML, like Gecko) Chrome/146.0.0.0 Mobile Safari/537.36"
157.48.66.84 - - [24/Mar/2026:02:14:30 +0530] "GET /assets/img/slider/s3.png HTTP/2.0" 200 124455 "https://www.pathoworld.in/" "Mozilla/5.0 (Linux; Android 10; K) AppleWebKit/537.36 (KHTML, like Gecko) Chrome/146.0.0.0 Mobile Safari/537.36"
157.49.198.153 - - [24/Mar/2026:02:14:30 +0530] "GET /assets/img/logo.png HTTP/2.0" 200 204319 "https://www.pathoworld.in/" "Mozilla/5.0 (Linux; Android 10; K) AppleWebKit/537.36 (KHTML, like Gecko) Chrome/145.0.0.0 Mobile Safari/537.36"
157.49.198.153 - - [24/Mar/2026:02:14:30 +0530] "GET /assets/css/meanmenu.css HTTP/2.0" 200 986 "https://www.pathoworld.in/" "Mozilla/5.0 (Linux; Android 10; K) AppleWebKit/537.36 (KHTML, like Gecko) Chrome/145.0.0.0 Mobile Safari/537.36"
157.49.198.153 - - [24/Mar/2026:02:14:30 +0530] "GET /assets/css/owl.carousel.min.css HTTP/2.0" 200 1284 "https://www.pathoworld.in/" "Mozilla/5.0 (Linux; Android 10; K) AppleWebKit/537.36 (KHTML, like Gecko) Chrome/145.0.0.0 Mobile Safari/537.36"
157.49.198.153 - - [24/Mar/2026:02:14:30 +0530] "GET /assets/css/style.css HTTP/2.0" 200 18238 "https://www.pathoworld.in/" "Mozilla/5.0 (Linux; Android 10; K) AppleWebKit/537.36 (KHTML, like Gecko) Chrome/145.0.0.0 Mobile Safari/537.36"
157.49.198.153 - - [24/Mar/2026:02:14:30 +0530] "GET /assets/css/responsive.css HTTP/2.0" 200 5713 "https://www.pathoworld.in/" "Mozilla/5.0 (Linux; Android 10; K) AppleWebKit/537.36 (KHTML, like Gecko) Chrome/145.0.0.0 Mobile Safari/537.36"
157.37.148.135 - - [24/Mar/2026:02:14:30 +0530] "GET /assets/img/worldhealth.png HTTP/2.0" 200 6557 "https://www.pathoworld.in/" "Mozilla/5.0 (Linux; Android 10; K) AppleWebKit/537.36 (KHTML, like Gecko) Chrome/146.0.0.0 Mobile Safari/537.36"
110.226.232.124 - - [24/Mar/2026:02:14:30 +0530] "GET /assets/css/magnific-popup.min.css HTTP/2.0" 200 1566 "https://www.pathoworld.in/" "Mozilla/5.0 (Linux; Android 10; K) AppleWebKit/537.36 (KHTML, like Gecko) Chrome/146.0.0.0 Mobile Safari/537.36"
