103.155.198.101 - - [24/Mar/2026:02:14:47 +0530] "GET /assets/cart-icon.png HTTP/2.0" 200 2855 "https://www.pathoworld.in/" "Mozilla/5.0 (iPhone14,0; CPU iPhone OS 16_0_3 like Mac OS X) AppleWebKit/605.1.15 (KHTML, like Gecko) Version/16.0 Mobile/15E148 Safari/604.1"
103.155.198.101 - - [24/Mar/2026:02:14:47 +0530] "GET /assets/img/shape-image/1.png HTTP/2.0" 200 4694 "https://www.pathoworld.in/" "Mozilla/5.0 (iPhone14,0; CPU iPhone OS 16_0_3 like Mac OS X) AppleWebKit/605.1.15 (KHTML, like Gecko) Version/16.0 Mobile/15E148 Safari/604.1"
103.155.198.101 - - [24/Mar/2026:02:14:47 +0530] "GET /assets/img/shape-image/2.png HTTP/2.0" 200 8055 "https://www.pathoworld.in/" "Mozilla/5.0 (iPhone14,0; CPU iPhone OS 16_0_3 like Mac OS X) AppleWebKit/605.1.15 (KHTML, like Gecko) Version/16.0 Mobile/15E148 Safari/604.1"
103.155.198.101 - - [24/Mar/2026:02:14:47 +0530] "GET /assets/img/shape-image/3.png HTTP/2.0" 200 4473 "https://www.pathoworld.in/" "Mozilla/5.0 (iPhone14,0; CPU iPhone OS 16_0_3 like Mac OS X) AppleWebKit/605.1.15 (KHTML, like Gecko) Version/16.0 Mobile/15E148 Safari/604.1"
103.155.198.101 - - [24/Mar/2026:02:14:47 +0530] "GET /assets/img/shape-image/4.png HTTP/2.0" 200 4607 "https://www.pathoworld.in/" "Mozilla/5.0 (iPhone14,0; CPU iPhone OS 16_0_3 like Mac OS X) AppleWebKit/605.1.15 (KHTML, like Gecko) Version/16.0 Mobile/15E148 Safari/604.1"
103.155.198.101 - - [24/Mar/2026:02:14:47 +0530] "GET /assets/img/shape-image/6.png HTTP/2.0" 200 8105 "https://www.pathoworld.in/" "Mozilla/5.0 (iPhone14,0; CPU iPhone OS 16_0_3 like Mac OS X) AppleWebKit/605.1.15 (KHTML, like Gecko) Version/16.0 Mobile/15E148 Safari/604.1"
103.155.198.101 - - [24/Mar/2026:02:14:47 +0530] "GET /assets/img/icons/graph.png HTTP/2.0" 200 29886 "https://www.pathoworld.in/" "Mozilla/5.0 (iPhone14,0; CPU iPhone OS 16_0_3 like Mac OS X) AppleWebKit/605.1.15 (KHTML, like Gecko) Version/16.0 Mobile/15E148 Safari/604.1"
103.155.198.101 - - [24/Mar/2026:02:14:47 +0530] "GET /admin/icon/healthcheckup.png HTTP/2.0" 200 42881 "https://www.pathoworld.in/" "Mozilla/5.0 (iPhone14,0; CPU iPhone OS 16_0_3 like Mac OS X) AppleWebKit/605.1.15 (KHTML, like Gecko) Version/16.0 Mobile/15E148 Safari/604.1"
103.155.198.101 - - [24/Mar/2026:02:14:47 +0530] "GET /admin/icon/eldermanhealthcheckup.png HTTP/2.0" 200 47535 "https://www.pathoworld.in/" "Mozilla/5.0 (iPhone14,0; CPU iPhone OS 16_0_3 like Mac OS X) AppleWebKit/605.1.15 (KHTML, like Gecko) Version/16.0 Mobile/15E148 Safari/604.1"
103.155.198.101 - - [24/Mar/2026:02:14:47 +0530] "GET /assets/img/imaging-pathoworld.png HTTP/2.0" 200 97252 "https://www.pathoworld.in/" "Mozilla/5.0 (iPhone14,0; CPU iPhone OS 16_0_3 like Mac OS X) AppleWebKit/605.1.15 (KHTML, like Gecko) Version/16.0 Mobile/15E148 Safari/604.1"
103.155.198.101 - - [24/Mar/2026:02:14:47 +0530] "GET /assets/img/slider/s1.png HTTP/2.0" 200 104353 "https://www.pathoworld.in/" "Mozilla/5.0 (iPhone14,0; CPU iPhone OS 16_0_3 like Mac OS X) AppleWebKit/605.1.15 (KHTML, like Gecko) Version/16.0 Mobile/15E148 Safari/604.1"
103.155.198.101 - - [24/Mar/2026:02:14:47 +0530] "GET /assets/img/slider/s3.png HTTP/2.0" 200 124455 "https://www.pathoworld.in/" "Mozilla/5.0 (iPhone14,0; CPU iPhone OS 16_0_3 like Mac OS X) AppleWebKit/605.1.15 (KHTML, like Gecko) Version/16.0 Mobile/15E148 Safari/604.1"
103.155.198.101 - - [24/Mar/2026:02:14:47 +0530] "GET /assets/img/slider/s4.png HTTP/2.0" 200 141080 "https://www.pathoworld.in/" "Mozilla/5.0 (iPhone14,0; CPU iPhone OS 16_0_3 like Mac OS X) AppleWebKit/605.1.15 (KHTML, like Gecko) Version/16.0 Mobile/15E148 Safari/604.1"
103.155.198.101 - - [24/Mar/2026:02:14:47 +0530] "GET /assets/img/slider/s2.png HTTP/2.0" 200 164012 "https://www.pathoworld.in/" "Mozilla/5.0 (iPhone14,0; CPU iPhone OS 16_0_3 like Mac OS X) AppleWebKit/605.1.15 (KHTML, like Gecko) Version/16.0 Mobile/15E148 Safari/604.1"
103.155.198.101 - - [24/Mar/2026:02:14:47 +0530] "GET /assets/img/logo.png HTTP/2.0" 200 204319 "https://www.pathoworld.in/" "Mozilla/5.0 (iPhone14,0; CPU iPhone OS 16_0_3 like Mac OS X) AppleWebKit/605.1.15 (KHTML, like Gecko) Version/16.0 Mobile/15E148 Safari/604.1"
103.155.198.101 - - [24/Mar/2026:02:14:47 +0530] "GET /assets/img/slider/web-benner-12.png HTTP/2.0" 200 444437 "https://www.pathoworld.in/" "Mozilla/5.0 (iPhone14,0; CPU iPhone OS 16_0_3 like Mac OS X) AppleWebKit/605.1.15 (KHTML, like Gecko) Version/16.0 Mobile/15E148 Safari/604.1"
152.58.154.75 - - [24/Mar/2026:02:14:50 +0530] "GET /assets/img/shape-image/9.png HTTP/2.0" 200 3623 "https://www.pathoworld.in/" "Mozilla/5.0 (Linux; Android 10; K) AppleWebKit/537.36 (KHTML, like Gecko) Chrome/145.0.0.0 Mobile Safari/537.36"
152.58.154.75 - - [24/Mar/2026:02:14:50 +0530] "GET /assets/img/shape-image/10.png HTTP/2.0" 200 1515 "https://www.pathoworld.in/" "Mozilla/5.0 (Linux; Android 10; K) AppleWebKit/537.36 (KHTML, like Gecko) Chrome/145.0.0.0 Mobile Safari/537.36"
106.196.7.83 - - [24/Mar/2026:02:14:50 +0530] "GET /assets/css/owl.carousel.min.css HTTP/2.0" 200 1284 "https://www.pathoworld.in/" "Mozilla/5.0 (Linux; Android 10; K) AppleWebKit/537.36 (KHTML, like Gecko) Chrome/138.0.0.0 Mobile Safari/537.36"
152.58.154.75 - - [24/Mar/2026:02:14:50 +0530] "GET /assets/img/map1.png HTTP/2.0" 200 71706 "https://www.pathoworld.in/" "Mozilla/5.0 (Linux; Android 10; K) AppleWebKit/537.36 (KHTML, like Gecko) Chrome/145.0.0.0 Mobile Safari/537.36"
223.178.80.146 - - [24/Mar/2026:02:14:50 +0530] "GET /admin/icon/elderwomanhealthcheckup.png HTTP/2.0" 200 43513 "https://www.pathoworld.in/" "Mozilla/5.0 (Linux; Android 10; K) AppleWebKit/537.36 (KHTML, like Gecko) Chrome/146.0.0.0 Mobile Safari/537.36"
223.178.80.146 - - [24/Mar/2026:02:14:50 +0530] "GET /assets/img/worldhealth.png HTTP/2.0" 200 6557 "https://www.pathoworld.in/" "Mozilla/5.0 (Linux; Android 10; K) AppleWebKit/537.36 (KHTML, like Gecko) Chrome/146.0.0.0 Mobile Safari/537.36"
223.178.80.146 - - [24/Mar/2026:02:14:50 +0530] "GET /assets/img/icons/discount.png HTTP/2.0" 200 62356 "https://www.pathoworld.in/" "Mozilla/5.0 (Linux; Android 10; K) AppleWebKit/537.36 (KHTML, like Gecko) Chrome/146.0.0.0 Mobile Safari/537.36"
152.59.223.116 - - [24/Mar/2026:02:14:50 +0530] "GET /assets/img/shape-image/5.png HTTP/2.0" 200 3980 "https://www.pathoworld.in/" "Mozilla/5.0 (iPhone; CPU iPhone OS 18_6_2 like Mac OS X) AppleWebKit/605.1.15 (KHTML, like Gecko) GSA/412.0.882869339 Mobile/15E148 Safari/604.1"
152.59.223.116 - - [24/Mar/2026:02:14:50 +0530] "GET /assets/img/shape-image/6.png HTTP/2.0" 200 8105 "https://www.pathoworld.in/" "Mozilla/5.0 (iPhone; CPU iPhone OS 18_6_2 like Mac OS X) AppleWebKit/605.1.15 (KHTML, like Gecko) GSA/412.0.882869339 Mobile/15E148 Safari/604.1"
152.59.223.116 - - [24/Mar/2026:02:14:50 +0530] "GET /assets/img/shape-image/7.png HTTP/2.0" 200 4036 "https://www.pathoworld.in/" "Mozilla/5.0 (iPhone; CPU iPhone OS 18_6_2 like Mac OS X) AppleWebKit/605.1.15 (KHTML, like Gecko) GSA/412.0.882869339 Mobile/15E148 Safari/604.1"
152.59.223.116 - - [24/Mar/2026:02:14:50 +0530] "GET /assets/img/shape-image/8.png HTTP/2.0" 200 8181 "https://www.pathoworld.in/" "Mozilla/5.0 (iPhone; CPU iPhone OS 18_6_2 like Mac OS X) AppleWebKit/605.1.15 (KHTML, like Gecko) GSA/412.0.882869339 Mobile/15E148 Safari/604.1"
152.59.223.116 - - [24/Mar/2026:02:14:50 +0530] "GET /admin/icon/healthcheckup.png HTTP/2.0" 200 42881 "https://www.pathoworld.in/" "Mozilla/5.0 (iPhone; CPU iPhone OS 18_6_2 like Mac OS X) AppleWebKit/605.1.15 (KHTML, like Gecko) GSA/412.0.882869339 Mobile/15E148 Safari/604.1"
152.59.223.116 - - [24/Mar/2026:02:14:50 +0530] "GET /admin/icon/eldermanhealthcheckup.png HTTP/2.0" 200 47535 "https://www.pathoworld.in/" "Mozilla/5.0 (iPhone; CPU iPhone OS 18_6_2 like Mac OS X) AppleWebKit/605.1.15 (KHTML, like Gecko) GSA/412.0.882869339 Mobile/15E148 Safari/604.1"
152.59.223.116 - - [24/Mar/2026:02:14:50 +0530] "GET /admin/icon/elderwomanhealthcheckup.png HTTP/2.0" 200 43513 "https://www.pathoworld.in/" "Mozilla/5.0 (iPhone; CPU iPhone OS 18_6_2 like Mac OS X) AppleWebKit/605.1.15 (KHTML, like Gecko) GSA/412.0.882869339 Mobile/15E148 Safari/604.1"
152.59.223.116 - - [24/Mar/2026:02:14:50 +0530] "GET /assets/img/worldhealth.png HTTP/2.0" 200 6557 "https://www.pathoworld.in/" "Mozilla/5.0 (iPhone; CPU iPhone OS 18_6_2 like Mac OS X) AppleWebKit/605.1.15 (KHTML, like Gecko) GSA/412.0.882869339 Mobile/15E148 Safari/604.1"
152.59.223.116 - - [24/Mar/2026:02:14:50 +0530] "GET /assets/img/icons/discount.png HTTP/2.0" 200 62356 "https://www.pathoworld.in/" "Mozilla/5.0 (iPhone; CPU iPhone OS 18_6_2 like Mac OS X) AppleWebKit/605.1.15 (KHTML, like Gecko) GSA/412.0.882869339 Mobile/15E148 Safari/604.1"
152.59.223.116 - - [24/Mar/2026:02:14:50 +0530] "GET /assets/img/icons/blood.png HTTP/2.0" 200 10471 "https://www.pathoworld.in/" "Mozilla/5.0 (iPhone; CPU iPhone OS 18_6_2 like Mac OS X) AppleWebKit/605.1.15 (KHTML, like Gecko) GSA/412.0.882869339 Mobile/15E148 Safari/604.1"
152.59.223.116 - - [24/Mar/2026:02:14:50 +0530] "GET /assets/img/icons/mobile.png HTTP/2.0" 200 43677 "https://www.pathoworld.in/" "Mozilla/5.0 (iPhone; CPU iPhone OS 18_6_2 like Mac OS X) AppleWebKit/605.1.15 (KHTML, like Gecko) GSA/412.0.882869339 Mobile/15E148 Safari/604.1"
152.59.223.116 - - [24/Mar/2026:02:14:50 +0530] "GET /assets/img/icons/graph.png HTTP/2.0" 200 29886 "https://www.pathoworld.in/" "Mozilla/5.0 (iPhone; CPU iPhone OS 18_6_2 like Mac OS X) AppleWebKit/605.1.15 (KHTML, like Gecko) GSA/412.0.882869339 Mobile/15E148 Safari/604.1"
152.59.223.116 - - [24/Mar/2026:02:14:50 +0530] "GET /assets/img/icons/sugar.png HTTP/2.0" 200 14022 "https://www.pathoworld.in/" "Mozilla/5.0 (iPhone; CPU iPhone OS 18_6_2 like Mac OS X) AppleWebKit/605.1.15 (KHTML, like Gecko) GSA/412.0.882869339 Mobile/15E148 Safari/604.1"
152.59.223.116 - - [24/Mar/2026:02:14:50 +0530] "GET /assets/img/icons/family.png HTTP/2.0" 200 45194 "https://www.pathoworld.in/" "Mozilla/5.0 (iPhone; CPU iPhone OS 18_6_2 like Mac OS X) AppleWebKit/605.1.15 (KHTML, like Gecko) GSA/412.0.882869339 Mobile/15E148 Safari/604.1"
152.59.223.116 - - [24/Mar/2026:02:14:50 +0530] "GET /assets/img/shape-image/9.png HTTP/2.0" 200 3623 "https://www.pathoworld.in/" "Mozilla/5.0 (iPhone; CPU iPhone OS 18_6_2 like Mac OS X) AppleWebKit/605.1.15 (KHTML, like Gecko) GSA/412.0.882869339 Mobile/15E148 Safari/604.1"
152.59.223.116 - - [24/Mar/2026:02:14:50 +0530] "GET /assets/img/shape-image/10.png HTTP/2.0" 200 1515 "https://www.pathoworld.in/" "Mozilla/5.0 (iPhone; CPU iPhone OS 18_6_2 like Mac OS X) AppleWebKit/605.1.15 (KHTML, like Gecko) GSA/412.0.882869339 Mobile/15E148 Safari/604.1"
152.59.223.116 - - [24/Mar/2026:02:14:50 +0530] "GET /assets/img/map1.png HTTP/2.0" 200 71706 "https://www.pathoworld.in/" "Mozilla/5.0 (iPhone; CPU iPhone OS 18_6_2 like Mac OS X) AppleWebKit/605.1.15 (KHTML, like Gecko) GSA/412.0.882869339 Mobile/15E148 Safari/604.1"
152.59.223.116 - - [24/Mar/2026:02:14:50 +0530] "GET /assets/img/user.png HTTP/2.0" 200 26361 "https://www.pathoworld.in/" "Mozilla/5.0 (iPhone; CPU iPhone OS 18_6_2 like Mac OS X) AppleWebKit/605.1.15 (KHTML, like Gecko) GSA/412.0.882869339 Mobile/15E148 Safari/604.1"
152.59.223.116 - - [24/Mar/2026:02:14:50 +0530] "GET /assets/img/cta-bg.jpg HTTP/2.0" 200 604579 "https://www.pathoworld.in/" "Mozilla/5.0 (iPhone; CPU iPhone OS 18_6_2 like Mac OS X) AppleWebKit/605.1.15 (KHTML, like Gecko) GSA/412.0.882869339 Mobile/15E148 Safari/604.1"
185.242.97.235 - - [24/Mar/2026:02:14:50 +0530] "GET /assets/js/jquery.meanmenu.js HTTP/2.0" 200 1607 "https://www.pathoworld.in/" "Mozilla/5.0 (Linux; Android 10; K) AppleWebKit/537.36 (KHTML, like Gecko) Chrome/146.0.0.0 Mobile Safari/537.36"
185.242.97.235 - - [24/Mar/2026:02:14:50 +0530] "GET /assets/js/jquery.appear.js HTTP/2.0" 200 1360 "https://www.pathoworld.in/" "Mozilla/5.0 (Linux; Android 10; K) AppleWebKit/537.36 (KHTML, like Gecko) Chrome/146.0.0.0 Mobile Safari/537.36"
176.240.84.182 - - [24/Mar/2026:02:14:50 +0530] "GET /assets/js/owl.carousel.min.js HTTP/2.0" 200 11412 "https://www.pathoworld.in/" "Mozilla/5.0 (Linux; Android 10; K) AppleWebKit/537.36 (KHTML, like Gecko) Chrome/146.0.0.0 Mobile Safari/537.36"
106.196.7.83 - - [24/Mar/2026:02:14:50 +0530] "GET /assets/css/progressbar.min.css HTTP/2.0" 200 350 "https://www.pathoworld.in/" "Mozilla/5.0 (Linux; Android 10; K) AppleWebKit/537.36 (KHTML, like Gecko) Chrome/138.0.0.0 Mobile Safari/537.36"
223.178.80.146 - - [24/Mar/2026:02:14:50 +0530] "GET /assets/img/icons/blood.png HTTP/2.0" 200 10471 "https://www.pathoworld.in/" "Mozilla/5.0 (Linux; Android 10; K) AppleWebKit/537.36 (KHTML, like Gecko) Chrome/146.0.0.0 Mobile Safari/537.36"
185.242.97.235 - - [24/Mar/2026:02:14:50 +0530] "GET /assets/js/odometer.min.js HTTP/2.0" 200 3631 "https://www.pathoworld.in/" "Mozilla/5.0 (Linux; Android 10; K) AppleWebKit/537.36 (KHTML, like Gecko) Chrome/146.0.0.0 Mobile Safari/537.36"
223.178.80.146 - - [24/Mar/2026:02:14:50 +0530] "GET /assets/img/icons/mobile.png HTTP/2.0" 200 43677 "https://www.pathoworld.in/" "Mozilla/5.0 (Linux; Android 10; K) AppleWebKit/537.36 (KHTML, like Gecko) Chrome/146.0.0.0 Mobile Safari/537.36"
223.178.80.146 - - [24/Mar/2026:02:14:50 +0530] "GET /assets/img/icons/graph.png HTTP/2.0" 200 29886 "https://www.pathoworld.in/" "Mozilla/5.0 (Linux; Android 10; K) AppleWebKit/537.36 (KHTML, like Gecko) Chrome/146.0.0.0 Mobile Safari/537.36"
152.58.154.75 - - [24/Mar/2026:02:14:50 +0530] "GET /assets/img/user.png HTTP/2.0" 200 26361 "https://www.pathoworld.in/" "Mozilla/5.0 (Linux; Android 10; K) AppleWebKit/537.36 (KHTML, like Gecko) Chrome/145.0.0.0 Mobile Safari/537.36"
176.29.59.36 - - [24/Mar/2026:02:14:50 +0530] "GET /assets/img/shape-image/8.png HTTP/2.0" 200 8181 "https://www.pathoworld.in/" "Mozilla/5.0 (Linux; Android 10; K) AppleWebKit/537.36 (KHTML, like Gecko) Chrome/146.0.0.0 Mobile Safari/537.36"
152.171.29.10 - - [24/Mar/2026:02:14:50 +0530] "GET /assets/img/shape-image/6.png HTTP/2.0" 200 8105 "https://www.pathoworld.in/" "Mozilla/5.0 (Linux; Android 10; K) AppleWebKit/537.36 (KHTML, like Gecko) Chrome/146.0.0.0 Mobile Safari/537.36"
152.171.29.10 - - [24/Mar/2026:02:14:50 +0530] "GET /assets/img/shape-image/7.png HTTP/2.0" 200 4036 "https://www.pathoworld.in/" "Mozilla/5.0 (Linux; Android 10; K) AppleWebKit/537.36 (KHTML, like Gecko) Chrome/146.0.0.0 Mobile Safari/537.36"
152.171.29.10 - - [24/Mar/2026:02:14:50 +0530] "GET /assets/img/shape-image/5.png HTTP/2.0" 200 3980 "https://www.pathoworld.in/" "Mozilla/5.0 (Linux; Android 10; K) AppleWebKit/537.36 (KHTML, like Gecko) Chrome/146.0.0.0 Mobile Safari/537.36"
176.29.59.36 - - [24/Mar/2026:02:14:50 +0530] "GET /assets/img/worldhealth.png HTTP/2.0" 200 6557 "https://www.pathoworld.in/" "Mozilla/5.0 (Linux; Android 10; K) AppleWebKit/537.36 (KHTML, like Gecko) Chrome/146.0.0.0 Mobile Safari/537.36"
176.29.59.36 - - [24/Mar/2026:02:14:50 +0530] "GET /admin/icon/elderwomanhealthcheckup.png HTTP/2.0" 200 43513 "https://www.pathoworld.in/" "Mozilla/5.0 (Linux; Android 10; K) AppleWebKit/537.36 (KHTML, like Gecko) Chrome/146.0.0.0 Mobile Safari/537.36"
223.178.80.146 - - [24/Mar/2026:02:14:50 +0530] "GET /assets/img/icons/sugar.png HTTP/2.0" 200 14022 "https://www.pathoworld.in/" "Mozilla/5.0 (Linux; Android 10; K) AppleWebKit/537.36 (KHTML, like Gecko) Chrome/146.0.0.0 Mobile Safari/537.36"
223.178.80.146 - - [24/Mar/2026:02:14:50 +0530] "GET /assets/img/icons/family.png HTTP/2.0" 200 45194 "https://www.pathoworld.in/" "Mozilla/5.0 (Linux; Android 10; K) AppleWebKit/537.36 (KHTML, like Gecko) Chrome/146.0.0.0 Mobile Safari/537.36"
223.178.80.146 - - [24/Mar/2026:02:14:50 +0530] "GET /assets/img/shape-image/9.png HTTP/2.0" 200 3623 "https://www.pathoworld.in/" "Mozilla/5.0 (Linux; Android 10; K) AppleWebKit/537.36 (KHTML, like Gecko) Chrome/146.0.0.0 Mobile Safari/537.36"
106.196.7.83 - - [24/Mar/2026:02:14:50 +0530] "GET /assets/css/responsive.css HTTP/2.0" 200 5713 "https://www.pathoworld.in/" "Mozilla/5.0 (Linux; Android 10; K) AppleWebKit/537.36 (KHTML, like Gecko) Chrome/138.0.0.0 Mobile Safari/537.36"
106.196.7.83 - - [24/Mar/2026:02:14:50 +0530] "GET /assets/css/style.css HTTP/2.0" 200 18238 "https://www.pathoworld.in/" "Mozilla/5.0 (Linux; Android 10; K) AppleWebKit/537.36 (KHTML, like Gecko) Chrome/138.0.0.0 Mobile Safari/537.36"
78.190.7.149 - - [24/Mar/2026:02:14:45 +0530] "GET / HTTP/2.0" 200 9055 "https://www.sexhikayeleri3.shop/" "Mozilla/5.0 (Linux; Android 10; K) AppleWebKit/537.36 (KHTML, like Gecko) Chrome/146.0.0.0 Mobile Safari/537.36"
116.58.200.76 - - [24/Mar/2026:02:14:45 +0530] "GET / HTTP/2.0" 200 9055 "https://chgas.org/video/8795/%E0%A6%AC%E0%A6%A1-%E0%A6%AE-%E0%A6%87-%E0%A6%B8-%E0%A6%A8-%E0%A6%A6%E0%A6%B0-%E0%A6%B8-%E0%A6%95-%E0%A6%B8-%E0%A6%B8-%E0%A6%95-%E0%A6%B8-%E0%A6%AC-%E0%A6%8F%E0%A6%AB-%E0%A6%B8-%E0%A6%95-%E0%A6%B8-%E0%A6%AE%E0%A6%B9-%E0%A6%B2-%E0%A6%B0/" "Mozilla/5.0 (Linux; Android 10; K) AppleWebKit/537.36 (KHTML, like Gecko) Chrome/145.0.0.0 Mobile Safari/537.36"
176.240.84.182 - - [24/Mar/2026:02:14:50 +0530] "GET /assets/js/progressbar.min.js HTTP/2.0" 200 504 "https://www.pathoworld.in/" "Mozilla/5.0 (Linux; Android 10; K) AppleWebKit/537.36 (KHTML, like Gecko) Chrome/146.0.0.0 Mobile Safari/537.36"
105.235.128.240 - - [24/Mar/2026:02:14:50 +0530] "GET /assets/css/flaticon.css HTTP/2.0" 200 665 "https://www.pathoworld.in/" "Mozilla/5.0 (Linux; Android 10; K) AppleWebKit/537.36 (KHTML, like Gecko) Chrome/130.0.0.0 Mobile Safari/537.36"
1.39.210.4 - - [24/Mar/2026:02:14:50 +0530] "GET /assets/cart-icon.png HTTP/2.0" 200 2855 "https://www.pathoworld.in/" "Mozilla/5.0 (Linux; Android 10; K) AppleWebKit/537.36 (KHTML, like Gecko) Chrome/146.0.0.0 Mobile Safari/537.36"
1.39.210.4 - - [24/Mar/2026:02:14:50 +0530] "GET /assets/img/logo.png HTTP/2.0" 200 204319 "https://www.pathoworld.in/" "Mozilla/5.0 (Linux; Android 10; K) AppleWebKit/537.36 (KHTML, like Gecko) Chrome/146.0.0.0 Mobile Safari/537.36"
223.178.80.146 - - [24/Mar/2026:02:14:50 +0530] "GET /assets/img/shape-image/10.png HTTP/2.0" 200 1515 "https://www.pathoworld.in/" "Mozilla/5.0 (Linux; Android 10; K) AppleWebKit/537.36 (KHTML, like Gecko) Chrome/146.0.0.0 Mobile Safari/537.36"
223.178.80.146 - - [24/Mar/2026:02:14:50 +0530] "GET /assets/img/map1.png HTTP/2.0" 200 71706 "https://www.pathoworld.in/" "Mozilla/5.0 (Linux; Android 10; K) AppleWebKit/537.36 (KHTML, like Gecko) Chrome/146.0.0.0 Mobile Safari/537.36"
223.178.80.146 - - [24/Mar/2026:02:14:50 +0530] "GET /assets/img/user.png HTTP/2.0" 200 26361 "https://www.pathoworld.in/" "Mozilla/5.0 (Linux; Android 10; K) AppleWebKit/537.36 (KHTML, like Gecko) Chrome/146.0.0.0 Mobile Safari/537.36"
106.196.7.83 - - [24/Mar/2026:02:14:50 +0530] "GET /assets/img/logo.png HTTP/2.0" 200 204319 "https://www.pathoworld.in/" "Mozilla/5.0 (Linux; Android 10; K) AppleWebKit/537.36 (KHTML, like Gecko) Chrome/138.0.0.0 Mobile Safari/537.36"
106.196.7.83 - - [24/Mar/2026:02:14:50 +0530] "GET /assets/cart-icon.png HTTP/2.0" 200 2855 "https://www.pathoworld.in/" "Mozilla/5.0 (Linux; Android 10; K) AppleWebKit/537.36 (KHTML, like Gecko) Chrome/138.0.0.0 Mobile Safari/537.36"
105.235.128.240 - - [24/Mar/2026:02:14:50 +0530] "GET /assets/css/magnific-popup.min.css HTTP/2.0" 200 1566 "https://www.pathoworld.in/" "Mozilla/5.0 (Linux; Android 10; K) AppleWebKit/537.36 (KHTML, like Gecko) Chrome/130.0.0.0 Mobile Safari/537.36"
185.242.97.235 - - [24/Mar/2026:02:14:50 +0530] "GET /assets/js/jquery.magnific-popup.min.js HTTP/2.0" 200 7346 "https://www.pathoworld.in/" "Mozilla/5.0 (Linux; Android 10; K) AppleWebKit/537.36 (KHTML, like Gecko) Chrome/146.0.0.0 Mobile Safari/537.36"
151.245.198.10 - - [24/Mar/2026:02:14:50 +0530] "GET /assets/css/flaticon.css HTTP/2.0" 200 665 "https://www.pathoworld.in/" "Mozilla/5.0 (Linux; Android 10; K) AppleWebKit/537.36 (KHTML, like Gecko) Chrome/146.0.0.0 Mobile Safari/537.36"
185.242.97.235 - - [24/Mar/2026:02:14:50 +0530] "GET /assets/js/parallax.min.js HTTP/2.0" 200 4001 "https://www.pathoworld.in/" "Mozilla/5.0 (Linux; Android 10; K) AppleWebKit/537.36 (KHTML, like Gecko) Chrome/146.0.0.0 Mobile Safari/537.36"
185.242.97.235 - - [24/Mar/2026:02:14:50 +0530] "GET /assets/js/owl.carousel.min.js HTTP/2.0" 200 11412 "https://www.pathoworld.in/" "Mozilla/5.0 (Linux; Android 10; K) AppleWebKit/537.36 (KHTML, like Gecko) Chrome/146.0.0.0 Mobile Safari/537.36"
176.240.84.182 - - [24/Mar/2026:02:14:50 +0530] "GET /assets/js/wow.min.js HTTP/2.0" 200 2702 "https://www.pathoworld.in/" "Mozilla/5.0 (Linux; Android 10; K) AppleWebKit/537.36 (KHTML, like Gecko) Chrome/146.0.0.0 Mobile Safari/537.36"
105.235.128.240 - - [24/Mar/2026:02:14:50 +0530] "GET /assets/css/odometer.min.css HTTP/2.0" 200 515 "https://www.pathoworld.in/" "Mozilla/5.0 (Linux; Android 10; K) AppleWebKit/537.36 (KHTML, like Gecko) Chrome/130.0.0.0 Mobile Safari/537.36"
176.29.59.36 - - [24/Mar/2026:02:14:50 +0530] "GET /assets/img/icons/discount.png HTTP/2.0" 200 62356 "https://www.pathoworld.in/" "Mozilla/5.0 (Linux; Android 10; K) AppleWebKit/537.36 (KHTML, like Gecko) Chrome/146.0.0.0 Mobile Safari/537.36"
176.29.59.36 - - [24/Mar/2026:02:14:50 +0530] "GET /assets/img/icons/blood.png HTTP/2.0" 200 10471 "https://www.pathoworld.in/" "Mozilla/5.0 (Linux; Android 10; K) AppleWebKit/537.36 (KHTML, like Gecko) Chrome/146.0.0.0 Mobile Safari/537.36"
176.29.59.36 - - [24/Mar/2026:02:14:50 +0530] "GET /assets/img/icons/mobile.png HTTP/2.0" 200 43677 "https://www.pathoworld.in/" "Mozilla/5.0 (Linux; Android 10; K) AppleWebKit/537.36 (KHTML, like Gecko) Chrome/146.0.0.0 Mobile Safari/537.36"
180.211.174.102 - - [24/Mar/2026:02:14:42 +0530] "GET / HTTP/2.0" 200 - "https://pagesonyou.my.id/" "Mozilla/5.0 (Linux; Android 14; SM-F700F) AppleWebKit/537.36 (KHTML, like Gecko) SamsungBrowser/28.0 Chrome/143.0.7499.109 Mobile Safari/537.36"
78.190.7.149 - - [24/Mar/2026:02:14:50 +0530] "GET /assets/css/bootstrap.min.css HTTP/2.0" 200 22910 "https://www.pathoworld.in/" "Mozilla/5.0 (Linux; Android 10; K) AppleWebKit/537.36 (KHTML, like Gecko) Chrome/146.0.0.0 Mobile Safari/537.36"
116.58.200.76 - - [24/Mar/2026:02:14:50 +0530] "GET /assets/css/animate.min.css HTTP/2.0" 200 4324 "https://www.pathoworld.in/" "Mozilla/5.0 (Linux; Android 10; K) AppleWebKit/537.36 (KHTML, like Gecko) Chrome/145.0.0.0 Mobile Safari/537.36"
116.58.200.76 - - [24/Mar/2026:02:14:50 +0530] "GET /assets/css/fontawesome.min.css HTTP/2.0" 200 12063 "https://www.pathoworld.in/" "Mozilla/5.0 (Linux; Android 10; K) AppleWebKit/537.36 (KHTML, like Gecko) Chrome/145.0.0.0 Mobile Safari/537.36"
116.58.200.76 - - [24/Mar/2026:02:14:50 +0530] "GET /assets/css/flaticon.css HTTP/2.0" 200 665 "https://www.pathoworld.in/" "Mozilla/5.0 (Linux; Android 10; K) AppleWebKit/537.36 (KHTML, like Gecko) Chrome/145.0.0.0 Mobile Safari/537.36"
116.58.200.76 - - [24/Mar/2026:02:14:50 +0530] "GET /assets/css/odometer.min.css HTTP/2.0" 200 515 "https://www.pathoworld.in/" "Mozilla/5.0 (Linux; Android 10; K) AppleWebKit/537.36 (KHTML, like Gecko) Chrome/145.0.0.0 Mobile Safari/537.36"
116.58.200.76 - - [24/Mar/2026:02:14:50 +0530] "GET /assets/css/progressbar.min.css HTTP/2.0" 200 350 "https://www.pathoworld.in/" "Mozilla/5.0 (Linux; Android 10; K) AppleWebKit/537.36 (KHTML, like Gecko) Chrome/145.0.0.0 Mobile Safari/537.36"
116.58.200.76 - - [24/Mar/2026:02:14:50 +0530] "GET /assets/css/meanmenu.css HTTP/2.0" 200 986 "https://www.pathoworld.in/" "Mozilla/5.0 (Linux; Android 10; K) AppleWebKit/537.36 (KHTML, like Gecko) Chrome/145.0.0.0 Mobile Safari/537.36"
185.242.97.235 - - [24/Mar/2026:02:14:50 +0530] "GET /assets/js/progressbar.min.js HTTP/2.0" 200 504 "https://www.pathoworld.in/" "Mozilla/5.0 (Linux; Android 10; K) AppleWebKit/537.36 (KHTML, like Gecko) Chrome/146.0.0.0 Mobile Safari/537.36"
185.242.97.235 - - [24/Mar/2026:02:14:50 +0530] "GET /assets/js/wow.min.js HTTP/2.0" 200 2702 "https://www.pathoworld.in/" "Mozilla/5.0 (Linux; Android 10; K) AppleWebKit/537.36 (KHTML, like Gecko) Chrome/146.0.0.0 Mobile Safari/537.36"
105.235.133.174 - - [24/Mar/2026:02:14:50 +0530] "GET /assets/img/logo.png HTTP/2.0" 200 204319 "https://www.pathoworld.in/" "Mozilla/5.0 (Linux; Android 10; K) AppleWebKit/537.36 (KHTML, like Gecko) Chrome/144.0.0.0 Mobile Safari/537.36"
105.235.128.240 - - [24/Mar/2026:02:14:50 +0530] "GET /assets/css/owl.carousel.min.css HTTP/2.0" 200 1284 "https://www.pathoworld.in/" "Mozilla/5.0 (Linux; Android 10; K) AppleWebKit/537.36 (KHTML, like Gecko) Chrome/130.0.0.0 Mobile Safari/537.36"
105.235.128.240 - - [24/Mar/2026:02:14:50 +0530] "GET /assets/css/meanmenu.css HTTP/2.0" 200 986 "https://www.pathoworld.in/" "Mozilla/5.0 (Linux; Android 10; K) AppleWebKit/537.36 (KHTML, like Gecko) Chrome/130.0.0.0 Mobile Safari/537.36"
105.235.128.240 - - [24/Mar/2026:02:14:50 +0530] "GET /assets/css/progressbar.min.css HTTP/2.0" 200 350 "https://www.pathoworld.in/" "Mozilla/5.0 (Linux; Android 10; K) AppleWebKit/537.36 (KHTML, like Gecko) Chrome/130.0.0.0 Mobile Safari/537.36"
176.29.59.36 - - [24/Mar/2026:02:14:50 +0530] "GET /assets/img/icons/graph.png HTTP/2.0" 200 29886 "https://www.pathoworld.in/" "Mozilla/5.0 (Linux; Android 10; K) AppleWebKit/537.36 (KHTML, like Gecko) Chrome/146.0.0.0 Mobile Safari/537.36"
176.29.59.36 - - [24/Mar/2026:02:14:50 +0530] "GET /assets/img/icons/family.png HTTP/2.0" 200 45194 "https://www.pathoworld.in/" "Mozilla/5.0 (Linux; Android 10; K) AppleWebKit/537.36 (KHTML, like Gecko) Chrome/146.0.0.0 Mobile Safari/537.36"
105.235.133.174 - - [24/Mar/2026:02:14:50 +0530] "GET /assets/cart-icon.png HTTP/2.0" 200 2855 "https://www.pathoworld.in/" "Mozilla/5.0 (Linux; Android 10; K) AppleWebKit/537.36 (KHTML, like Gecko) Chrome/144.0.0.0 Mobile Safari/537.36"
152.171.29.10 - - [24/Mar/2026:02:14:50 +0530] "GET /assets/img/shape-image/8.png HTTP/2.0" 200 8181 "https://www.pathoworld.in/" "Mozilla/5.0 (Linux; Android 10; K) AppleWebKit/537.36 (KHTML, like Gecko) Chrome/146.0.0.0 Mobile Safari/537.36"
152.171.29.10 - - [24/Mar/2026:02:14:50 +0530] "GET /assets/img/worldhealth.png HTTP/2.0" 200 6557 "https://www.pathoworld.in/" "Mozilla/5.0 (Linux; Android 10; K) AppleWebKit/537.36 (KHTML, like Gecko) Chrome/146.0.0.0 Mobile Safari/537.36"
152.171.29.10 - - [24/Mar/2026:02:14:50 +0530] "GET /assets/img/icons/discount.png HTTP/2.0" 200 62356 "https://www.pathoworld.in/" "Mozilla/5.0 (Linux; Android 10; K) AppleWebKit/537.36 (KHTML, like Gecko) Chrome/146.0.0.0 Mobile Safari/537.36"
152.58.154.75 - - [24/Mar/2026:02:14:50 +0530] "GET /assets/img/cta-bg.jpg HTTP/2.0" 200 604579 "https://www.pathoworld.in/assets/css/style.css" "Mozilla/5.0 (Linux; Android 10; K) AppleWebKit/537.36 (KHTML, like Gecko) Chrome/145.0.0.0 Mobile Safari/537.36"
37.239.26.5 - - [24/Mar/2026:02:14:46 +0530] "GET /assets/img/imaging-pathoworld.png HTTP/2.0" 200 97252 "https://www.pathoworld.in/" "Mozilla/5.0 (Linux; Android 10; K) AppleWebKit/537.36 (KHTML, like Gecko) Chrome/146.0.0.0 Mobile Safari/537.36"
37.239.26.5 - - [24/Mar/2026:02:14:50 +0530] "GET /assets/js/popper.min.js HTTP/2.0" 200 6623 "https://www.pathoworld.in/" "Mozilla/5.0 (Linux; Android 10; K) AppleWebKit/537.36 (KHTML, like Gecko) Chrome/146.0.0.0 Mobile Safari/537.36"
151.245.198.10 - - [24/Mar/2026:02:14:50 +0530] "GET /assets/css/magnific-popup.min.css HTTP/2.0" 200 1566 "https://www.pathoworld.in/" "Mozilla/5.0 (Linux; Android 10; K) AppleWebKit/537.36 (KHTML, like Gecko) Chrome/146.0.0.0 Mobile Safari/537.36"
143.255.103.22 - - [24/Mar/2026:02:14:43 +0530] "GET / HTTP/2.0" 200 9055 "https://29571644-33181-36574.squitoiages.com/iSNCDoA0PwfaQ8wo-weFFCRIkdBJ-9uYefozOcqWHp4fN5z-WGaZPHLfI0EYwiiA6tTgMA?_=0b21795e-26f9-11f1-ade0-c32c7618418e&d=BQ5qQHPe8JXOrjlpVgkQ5dXYErT2HcACdXa2QTQBO4uewZO34hpNuM_wgQSsTaTtP9ehROJ8EVAmMaEVxC7u1G-ngm_fr5zE2n5RfMpad2w6FrysHQsh5M4uORV3FWqgP_2EWjtDdWd89KsspvBx9QBYbYQAQ5vRQRmAjHXP11R6e9-XvoX2YuEjmLyooRZpKR9xgkLq7KfO-WxGIS-2xtUn73hR1GleWtBXztD4SyORpn58G8ZYLRi6gyEuNju3Vsdg-YpiJcohNyAw4NTw2u8yyokmd5z1OFlykrHi1ihhCapRPm9f7RMNa3Wis435kthN_EGxavquWXMk9yWS0MQNFHNg8eQd7h0C8VlxlghZzkxukRpF8uLnVwsoXIR4cjVQkzoyyifrTYnszUeSG-sQaACQqLL02FcJCIJFjpzxOp8y_F8J_n7mBZvoDHYIC4fUbjDzgutcr9sIexqmMb74fZFkxxFVYh1adMbE875D2Yw4vH_RewI9d8kS8GH_RyGq2Hj9cBBQ7kO2brNqWqWsg8fkMTsdH0wr-x4y1ZnLeFhhmtZ9zxAgfFy7WCTQPoF5QzLgpjzavCK_KGNsRsGqNRzmqdYMsiUaayjbDI0dgkujMdCGswK9_eJEwlJ9ip7QMFMt5bXPjYyPHtsacZv3jcP0gz6XK6VIG2ELZmuD9ErL629uVp5n_IzSmJPqREhJS8tkbRiojR0q0oLYbkcbPYkW-d-v__nd8pMEpWUALWR4oKr_eEf9CoPGDxuBPEOyTFhhjtIQRET4JTqYTFruBLsLd6FoqL4YN0EZq-pT44y464p78FkS23vZV3JA_WkqLMAwGwymxWITlFfzotBLerlYqDmnwox8sZeiaSOAL8Erqeei0-S0WKFAsRGxWIvbPNtvOAZ5R33uTQXsyEkgDiDNmHpXtPj55Q9iryNU01Bs303sKL-6jzFsVqopPK5cwmKyAU1v2JDKgb7AZ5o2QgN4b4RTjWC67kuTwUVcQyNDM7V0cR7TqSnhwliScMBSm58y_683Lcxn0dmHIVD1vsO3edYM-3ozXMHeweLQkTafsRlHpc4GErUkAKutKkgIPSjdJJr789EQove1FQ_lxNrGaDEN801bXpfaiJrYKVForqNiaTr7uIAVrPcH_WPe29E4WiZr9MhHoukCC-CKbmjUZ7YiRkJa2-R-lwI1cI4F0UDOLVv057cy-Q&_bbr=1" "Mozilla/5.0 (iPhone; CPU iPhone OS 18_7 like Mac OS X) AppleWebKit/605.1.15 (KHTML, like Gecko) Version/26.2 Mobile/15E148 Safari/604.1"
1.39.210.4 - - [24/Mar/2026:02:14:50 +0530] "GET /assets/img/imaging-pathoworld.png HTTP/2.0" 200 97252 "https://www.pathoworld.in/" "Mozilla/5.0 (Linux; Android 10; K) AppleWebKit/537.36 (KHTML, like Gecko) Chrome/146.0.0.0 Mobile Safari/537.36"
165.51.101.209 - - [24/Mar/2026:02:14:48 +0530] "GET /assets/img/cta-bg.jpg HTTP/2.0" 200 604579 "https://www.pathoworld.in/assets/css/style.css" "Mozilla/5.0 (Linux; Android 10; K) AppleWebKit/537.36 (KHTML, like Gecko) Chrome/146.0.0.0 Mobile Safari/537.36"
116.58.200.76 - - [24/Mar/2026:02:14:50 +0530] "GET /assets/css/owl.carousel.min.css HTTP/2.0" 200 1284 "https://www.pathoworld.in/" "Mozilla/5.0 (Linux; Android 10; K) AppleWebKit/537.36 (KHTML, like Gecko) Chrome/145.0.0.0 Mobile Safari/537.36"
116.58.200.76 - - [24/Mar/2026:02:14:50 +0530] "GET /assets/cart-icon.png HTTP/2.0" 200 2855 "https://www.pathoworld.in/" "Mozilla/5.0 (Linux; Android 10; K) AppleWebKit/537.36 (KHTML, like Gecko) Chrome/145.0.0.0 Mobile Safari/537.36"
116.58.200.76 - - [24/Mar/2026:02:14:50 +0530] "GET /assets/img/logo.png HTTP/2.0" 200 204319 "https://www.pathoworld.in/" "Mozilla/5.0 (Linux; Android 10; K) AppleWebKit/537.36 (KHTML, like Gecko) Chrome/145.0.0.0 Mobile Safari/537.36"
223.178.80.146 - - [24/Mar/2026:02:14:50 +0530] "GET /assets/img/cta-bg.jpg HTTP/2.0" 200 604579 "https://www.pathoworld.in/assets/css/style.css" "Mozilla/5.0 (Linux; Android 10; K) AppleWebKit/537.36 (KHTML, like Gecko) Chrome/146.0.0.0 Mobile Safari/537.36"
176.29.59.36 - - [24/Mar/2026:02:14:50 +0530] "GET /assets/img/icons/sugar.png HTTP/2.0" 200 14022 "https://www.pathoworld.in/" "Mozilla/5.0 (Linux; Android 10; K) AppleWebKit/537.36 (KHTML, like Gecko) Chrome/146.0.0.0 Mobile Safari/537.36"
176.29.59.36 - - [24/Mar/2026:02:14:50 +0530] "GET /assets/img/shape-image/9.png HTTP/2.0" 200 3623 "https://www.pathoworld.in/" "Mozilla/5.0 (Linux; Android 10; K) AppleWebKit/537.36 (KHTML, like Gecko) Chrome/146.0.0.0 Mobile Safari/537.36"
185.242.97.235 - - [24/Mar/2026:02:14:50 +0530] "GET /assets/fonts/Flaticon.woff2 HTTP/2.0" 200 7532 "https://www.pathoworld.in/assets/css/flaticon.css" "Mozilla/5.0 (Linux; Android 10; K) AppleWebKit/537.36 (KHTML, like Gecko) Chrome/146.0.0.0 Mobile Safari/537.36"
176.29.59.36 - - [24/Mar/2026:02:14:50 +0530] "GET /assets/img/shape-image/10.png HTTP/2.0" 200 1515 "https://www.pathoworld.in/" "Mozilla/5.0 (Linux; Android 10; K) AppleWebKit/537.36 (KHTML, like Gecko) Chrome/146.0.0.0 Mobile Safari/537.36"
176.29.59.36 - - [24/Mar/2026:02:14:50 +0530] "GET /assets/img/map1.png HTTP/2.0" 200 71706 "https://www.pathoworld.in/" "Mozilla/5.0 (Linux; Android 10; K) AppleWebKit/537.36 (KHTML, like Gecko) Chrome/146.0.0.0 Mobile Safari/537.36"
103.155.198.101 - - [24/Mar/2026:02:14:47 +0530] "GET /assets/img/shape-image/5.png HTTP/2.0" 200 3980 "https://www.pathoworld.in/" "Mozilla/5.0 (iPhone14,0; CPU iPhone OS 16_0_3 like Mac OS X) AppleWebKit/605.1.15 (KHTML, like Gecko) Version/16.0 Mobile/15E148 Safari/604.1"
103.155.198.101 - - [24/Mar/2026:02:14:47 +0530] "GET /assets/img/shape-image/7.png HTTP/2.0" 200 4036 "https://www.pathoworld.in/" "Mozilla/5.0 (iPhone14,0; CPU iPhone OS 16_0_3 like Mac OS X) AppleWebKit/605.1.15 (KHTML, like Gecko) Version/16.0 Mobile/15E148 Safari/604.1"
103.155.198.101 - - [24/Mar/2026:02:14:47 +0530] "GET /assets/img/shape-image/8.png HTTP/2.0" 200 8181 "https://www.pathoworld.in/" "Mozilla/5.0 (iPhone14,0; CPU iPhone OS 16_0_3 like Mac OS X) AppleWebKit/605.1.15 (KHTML, like Gecko) Version/16.0 Mobile/15E148 Safari/604.1"
103.155.198.101 - - [24/Mar/2026:02:14:47 +0530] "GET /assets/img/worldhealth.png HTTP/2.0" 200 6557 "https://www.pathoworld.in/" "Mozilla/5.0 (iPhone14,0; CPU iPhone OS 16_0_3 like Mac OS X) AppleWebKit/605.1.15 (KHTML, like Gecko) Version/16.0 Mobile/15E148 Safari/604.1"
103.155.198.101 - - [24/Mar/2026:02:14:47 +0530] "GET /assets/img/icons/blood.png HTTP/2.0" 200 10471 "https://www.pathoworld.in/" "Mozilla/5.0 (iPhone14,0; CPU iPhone OS 16_0_3 like Mac OS X) AppleWebKit/605.1.15 (KHTML, like Gecko) Version/16.0 Mobile/15E148 Safari/604.1"
103.155.198.101 - - [24/Mar/2026:02:14:47 +0530] "GET /assets/img/icons/sugar.png HTTP/2.0" 200 14022 "https://www.pathoworld.in/" "Mozilla/5.0 (iPhone14,0; CPU iPhone OS 16_0_3 like Mac OS X) AppleWebKit/605.1.15 (KHTML, like Gecko) Version/16.0 Mobile/15E148 Safari/604.1"
103.155.198.101 - - [24/Mar/2026:02:14:47 +0530] "GET /assets/img/shape-image/9.png HTTP/2.0" 200 3623 "https://www.pathoworld.in/" "Mozilla/5.0 (iPhone14,0; CPU iPhone OS 16_0_3 like Mac OS X) AppleWebKit/605.1.15 (KHTML, like Gecko) Version/16.0 Mobile/15E148 Safari/604.1"
103.155.198.101 - - [24/Mar/2026:02:14:47 +0530] "GET /assets/img/shape-image/10.png HTTP/2.0" 200 1515 "https://www.pathoworld.in/" "Mozilla/5.0 (iPhone14,0; CPU iPhone OS 16_0_3 like Mac OS X) AppleWebKit/605.1.15 (KHTML, like Gecko) Version/16.0 Mobile/15E148 Safari/604.1"
103.155.198.101 - - [24/Mar/2026:02:14:47 +0530] "GET /assets/img/user.png HTTP/2.0" 200 26361 "https://www.pathoworld.in/" "Mozilla/5.0 (iPhone14,0; CPU iPhone OS 16_0_3 like Mac OS X) AppleWebKit/605.1.15 (KHTML, like Gecko) Version/16.0 Mobile/15E148 Safari/604.1"
103.155.198.101 - - [24/Mar/2026:02:14:47 +0530] "GET /admin/icon/elderwomanhealthcheckup.png HTTP/2.0" 200 43513 "https://www.pathoworld.in/" "Mozilla/5.0 (iPhone14,0; CPU iPhone OS 16_0_3 like Mac OS X) AppleWebKit/605.1.15 (KHTML, like Gecko) Version/16.0 Mobile/15E148 Safari/604.1"
103.155.198.101 - - [24/Mar/2026:02:14:47 +0530] "GET /assets/img/icons/mobile.png HTTP/2.0" 200 43677 "https://www.pathoworld.in/" "Mozilla/5.0 (iPhone14,0; CPU iPhone OS 16_0_3 like Mac OS X) AppleWebKit/605.1.15 (KHTML, like Gecko) Version/16.0 Mobile/15E148 Safari/604.1"
103.155.198.101 - - [24/Mar/2026:02:14:47 +0530] "GET /assets/img/icons/family.png HTTP/2.0" 200 45194 "https://www.pathoworld.in/" "Mozilla/5.0 (iPhone14,0; CPU iPhone OS 16_0_3 like Mac OS X) AppleWebKit/605.1.15 (KHTML, like Gecko) Version/16.0 Mobile/15E148 Safari/604.1"
103.155.198.101 - - [24/Mar/2026:02:14:47 +0530] "GET /assets/img/icons/discount.png HTTP/2.0" 200 62356 "https://www.pathoworld.in/" "Mozilla/5.0 (iPhone14,0; CPU iPhone OS 16_0_3 like Mac OS X) AppleWebKit/605.1.15 (KHTML, like Gecko) Version/16.0 Mobile/15E148 Safari/604.1"
103.155.198.101 - - [24/Mar/2026:02:14:47 +0530] "GET /assets/img/map1.png HTTP/2.0" 200 71706 "https://www.pathoworld.in/" "Mozilla/5.0 (iPhone14,0; CPU iPhone OS 16_0_3 like Mac OS X) AppleWebKit/605.1.15 (KHTML, like Gecko) Version/16.0 Mobile/15E148 Safari/604.1"
103.155.198.101 - - [24/Mar/2026:02:14:47 +0530] "GET /assets/js/jquery.min.js HTTP/2.0" 200 30900 "https://www.pathoworld.in/" "Mozilla/5.0 (iPhone14,0; CPU iPhone OS 16_0_3 like Mac OS X) AppleWebKit/605.1.15 (KHTML, like Gecko) Version/16.0 Mobile/15E148 Safari/604.1"
103.155.198.101 - - [24/Mar/2026:02:14:50 +0530] "GET /assets/js/jquery.meanmenu.js HTTP/2.0" 200 1607 "https://www.pathoworld.in/" "Mozilla/5.0 (iPhone14,0; CPU iPhone OS 16_0_3 like Mac OS X) AppleWebKit/605.1.15 (KHTML, like Gecko) Version/16.0 Mobile/15E148 Safari/604.1"
103.155.198.101 - - [24/Mar/2026:02:14:50 +0530] "GET /assets/js/jquery.appear.js HTTP/2.0" 200 1360 "https://www.pathoworld.in/" "Mozilla/5.0 (iPhone14,0; CPU iPhone OS 16_0_3 like Mac OS X) AppleWebKit/605.1.15 (KHTML, like Gecko) Version/16.0 Mobile/15E148 Safari/604.1"
103.155.198.101 - - [24/Mar/2026:02:14:50 +0530] "GET /assets/js/bootstrap.min.js HTTP/2.0" 200 15918 "https://www.pathoworld.in/" "Mozilla/5.0 (iPhone14,0; CPU iPhone OS 16_0_3 like Mac OS X) AppleWebKit/605.1.15 (KHTML, like Gecko) Version/16.0 Mobile/15E148 Safari/604.1"
103.155.198.101 - - [24/Mar/2026:02:14:50 +0530] "GET /assets/js/odometer.min.js HTTP/2.0" 200 3631 "https://www.pathoworld.in/" "Mozilla/5.0 (iPhone14,0; CPU iPhone OS 16_0_3 like Mac OS X) AppleWebKit/605.1.15 (KHTML, like Gecko) Version/16.0 Mobile/15E148 Safari/604.1"
103.155.198.101 - - [24/Mar/2026:02:14:50 +0530] "GET /assets/js/parallax.min.js HTTP/2.0" 200 4001 "https://www.pathoworld.in/" "Mozilla/5.0 (iPhone14,0; CPU iPhone OS 16_0_3 like Mac OS X) AppleWebKit/605.1.15 (KHTML, like Gecko) Version/16.0 Mobile/15E148 Safari/604.1"
116.58.200.76 - - [24/Mar/2026:02:14:50 +0530] "GET /assets/css/bootstrap.min.css HTTP/2.0" 200 22910 "https://www.pathoworld.in/" "Mozilla/5.0 (Linux; Android 10; K) AppleWebKit/537.36 (KHTML, like Gecko) Chrome/145.0.0.0 Mobile Safari/537.36"
116.58.200.76 - - [24/Mar/2026:02:14:50 +0530] "GET /assets/css/magnific-popup.min.css HTTP/2.0" 200 1566 "https://www.pathoworld.in/" "Mozilla/5.0 (Linux; Android 10; K) AppleWebKit/537.36 (KHTML, like Gecko) Chrome/145.0.0.0 Mobile Safari/537.36"
116.58.200.76 - - [24/Mar/2026:02:14:50 +0530] "GET /assets/css/style.css HTTP/2.0" 200 18238 "https://www.pathoworld.in/" "Mozilla/5.0 (Linux; Android 10; K) AppleWebKit/537.36 (KHTML, like Gecko) Chrome/145.0.0.0 Mobile Safari/537.36"
116.58.200.76 - - [24/Mar/2026:02:14:50 +0530] "GET /assets/css/responsive.css HTTP/2.0" 200 5713 "https://www.pathoworld.in/" "Mozilla/5.0 (Linux; Android 10; K) AppleWebKit/537.36 (KHTML, like Gecko) Chrome/145.0.0.0 Mobile Safari/537.36"
151.245.198.10 - - [24/Mar/2026:02:14:50 +0530] "GET /assets/css/odometer.min.css HTTP/2.0" 200 515 "https://www.pathoworld.in/" "Mozilla/5.0 (Linux; Android 10; K) AppleWebKit/537.36 (KHTML, like Gecko) Chrome/146.0.0.0 Mobile Safari/537.36"
151.245.198.10 - - [24/Mar/2026:02:14:50 +0530] "GET /assets/css/meanmenu.css HTTP/2.0" 200 986 "https://www.pathoworld.in/" "Mozilla/5.0 (Linux; Android 10; K) AppleWebKit/537.36 (KHTML, like Gecko) Chrome/146.0.0.0 Mobile Safari/537.36"
1.39.210.4 - - [24/Mar/2026:02:14:50 +0530] "GET /assets/js/jquery.min.js HTTP/2.0" 200 30900 "https://www.pathoworld.in/" "Mozilla/5.0 (Linux; Android 10; K) AppleWebKit/537.36 (KHTML, like Gecko) Chrome/146.0.0.0 Mobile Safari/537.36"
106.196.7.83 - - [24/Mar/2026:02:14:50 +0530] "GET /assets/img/imaging-pathoworld.png HTTP/2.0" 200 97252 "https://www.pathoworld.in/" "Mozilla/5.0 (Linux; Android 10; K) AppleWebKit/537.36 (KHTML, like Gecko) Chrome/138.0.0.0 Mobile Safari/537.36"
176.29.59.36 - - [24/Mar/2026:02:14:50 +0530] "GET /assets/img/user.png HTTP/2.0" 200 26361 "https://www.pathoworld.in/" "Mozilla/5.0 (Linux; Android 10; K) AppleWebKit/537.36 (KHTML, like Gecko) Chrome/146.0.0.0 Mobile Safari/537.36"
78.190.7.149 - - [24/Mar/2026:02:14:50 +0530] "GET /assets/css/animate.min.css HTTP/2.0" 200 4324 "https://www.pathoworld.in/" "Mozilla/5.0 (Linux; Android 10; K) AppleWebKit/537.36 (KHTML, like Gecko) Chrome/146.0.0.0 Mobile Safari/537.36"
116.58.200.76 - - [24/Mar/2026:02:14:50 +0530] "GET /assets/js/jquery.min.js HTTP/2.0" 200 30900 "https://www.pathoworld.in/" "Mozilla/5.0 (Linux; Android 10; K) AppleWebKit/537.36 (KHTML, like Gecko) Chrome/145.0.0.0 Mobile Safari/537.36"
116.58.200.76 - - [24/Mar/2026:02:14:50 +0530] "GET /assets/img/imaging-pathoworld.png HTTP/2.0" 200 97252 "https://www.pathoworld.in/" "Mozilla/5.0 (Linux; Android 10; K) AppleWebKit/537.36 (KHTML, like Gecko) Chrome/145.0.0.0 Mobile Safari/537.36"
116.58.200.76 - - [24/Mar/2026:02:14:50 +0530] "GET /assets/js/popper.min.js HTTP/2.0" 200 6623 "https://www.pathoworld.in/" "Mozilla/5.0 (Linux; Android 10; K) AppleWebKit/537.36 (KHTML, like Gecko) Chrome/145.0.0.0 Mobile Safari/537.36"
116.58.200.76 - - [24/Mar/2026:02:14:50 +0530] "GET /assets/js/jquery.meanmenu.js HTTP/2.0" 200 1607 "https://www.pathoworld.in/" "Mozilla/5.0 (Linux; Android 10; K) AppleWebKit/537.36 (KHTML, like Gecko) Chrome/145.0.0.0 Mobile Safari/537.36"
45.163.202.222 - - [24/Mar/2026:02:14:43 +0530] "GET / HTTP/2.0" 200 9055 "https://29571644-33181-36574.tentedienat.com/jidCD400PAjoZtczvQOYbhxKk9RS5tiGZvtUX8icEJ4RPJ2VyT1kYiK5DgTBjXuLYVKXAcQ?_=0bc2f08f-26f9-11f1-8f0d-9a0d8bb17e01&d=BQ5qQHPey5Xmrjmp0QgERS5bEjOD6uFBc9yRtkgpS3lisJPz6GnUA55fMXWIdwR1E9JFE8g6mlle1FrNgaONqu16ik0PvD2_RDSiU9mgn8MQBe6bgMwO9xlk570RSYXfNXZ_hL7rtDtnU1txvH5aQUwIEs-TWd-lo9Shy-d0_mdHN5cSW9AnMLPjtkBz-pzYWDjY2laIrI0vjU3cFUA8oH16y8GsyMYzyptzfjGUdGkFQoBAw_8o7WOsbw35hTNH-7D5ecfnaLACCyhNVYFTEmSmyM3QL4pdSrxUQRi0QtZLgX8Sd5ORmvAPTWprgbH4B7olzHCYpd3wLplqKiFrGBeGkwBSwtcnb3NF_5CCZPBF-N5pHyoFwsAHqc_-ZQcUOfupRBsvElu7fPFB-nJUAvnwvRO-SiMQFRkP4Stk3WZD-sH6wAgKPlwNNbB5lzmjFzXiEmnwQL8g2q4Gaob7O5YKobH1-MJNWBFpLCmL2COONboObSFTTsTyOW1D4YrEV-4BqUYyq01W9wKC2IQetGKBmSTjbz0qJVG-KHVL52ei9ugExGaZKUvQ47vXH_H3h3HNYRlrtxupVHFF35IMGPNEBeIrRN_Kj-2cG8Fv9PaiZY0YW7qJ700N5sQXSutaOgnJZ2wk0O9vxZ9nbyN15aWvs7jZi25IPRnd6Z3CnnixqbXCVPi5Piz8O0RLBGtlgbIHM8QEmRVWEMFr_ephyk4gCuPo1JNHN6TmqwWnSn4SIPXYQGMYPhp3GloFZWdnnksdPKkVj1sk4GnUxr9Q1My-w9e14KWvJTt_Ewf-LSGLlQduiQhe_sWZrQ_gPKpteeHmdMQEG0uPggWUhGqaf3hKr1rR834eBCyqkS5Zl9fEA6VXeQJY_qSx5eejbKjiPOnTPcj3Y9bJWY1IyOwLs8hkrBTYnBD5OVj9_R-8I5W_qjtsAAr2Y35mNcC6b-43Kn6nsBbWVx3mdHSIyMq9zMWCerMucAp4ATKD5PomXbSOqwDTxN1vNt0K0yyIXmgYZI4gaDJdTwMcFABGCxPTy7YdXinSLtr9SyOT3NWfCMy2TVp9oX8vRCFcIKi76aVx7OkPfpYT7IaIVlVf2-x6eG_-KM7pWbTobxwdfdgyZsjvODWE4gUC5kMFlqzaoeS7YvGFYsc5FQreQKrzsDF2KR6tWffRalkkDJ7Za_s-3bA9pTh9MMiovXw&_bbr=1" "Mozilla/5.0 (Macintosh; Intel Mac OS X 10_15_7) AppleWebKit/537.36 (KHTML, like Gecko) Chrome/144.0.0.0 Safari/537.36"
151.245.198.10 - - [24/Mar/2026:02:14:50 +0530] "GET /assets/css/owl.carousel.min.css HTTP/2.0" 200 1284 "https://www.pathoworld.in/" "Mozilla/5.0 (Linux; Android 10; K) AppleWebKit/537.36 (KHTML, like Gecko) Chrome/146.0.0.0 Mobile Safari/537.36"
78.190.7.149 - - [24/Mar/2026:02:14:50 +0530] "GET /assets/css/fontawesome.min.css HTTP/2.0" 200 12063 "https://www.pathoworld.in/" "Mozilla/5.0 (Linux; Android 10; K) AppleWebKit/537.36 (KHTML, like Gecko) Chrome/146.0.0.0 Mobile Safari/537.36"
185.242.97.235 - - [24/Mar/2026:02:14:50 +0530] "GET /assets/img/slider/web-benner-12.png HTTP/2.0" 200 444437 "https://www.pathoworld.in/" "Mozilla/5.0 (Linux; Android 10; K) AppleWebKit/537.36 (KHTML, like Gecko) Chrome/146.0.0.0 Mobile Safari/537.36"
188.72.11.17 - - [24/Mar/2026:02:14:49 +0530] "GET /assets/css/style.css HTTP/2.0" 200 18238 "https://www.pathoworld.in/" "Mozilla/5.0 (Linux; Android 10; K) AppleWebKit/537.36 (KHTML, like Gecko) SamsungBrowser/29.0 Chrome/136.0.0.0 Mobile Safari/537.36"
188.72.11.17 - - [24/Mar/2026:02:14:49 +0530] "GET /assets/css/responsive.css HTTP/2.0" 200 5713 "https://www.pathoworld.in/" "Mozilla/5.0 (Linux; Android 10; K) AppleWebKit/537.36 (KHTML, like Gecko) SamsungBrowser/29.0 Chrome/136.0.0.0 Mobile Safari/537.36"
188.72.11.17 - - [24/Mar/2026:02:14:49 +0530] "GET /assets/img/logo.png HTTP/2.0" 200 204319 "https://www.pathoworld.in/" "Mozilla/5.0 (Linux; Android 10; K) AppleWebKit/537.36 (KHTML, like Gecko) SamsungBrowser/29.0 Chrome/136.0.0.0 Mobile Safari/537.36"
188.72.11.17 - - [24/Mar/2026:02:14:49 +0530] "GET /assets/js/jquery.min.js HTTP/2.0" 200 30900 "https://www.pathoworld.in/" "Mozilla/5.0 (Linux; Android 10; K) AppleWebKit/537.36 (KHTML, like Gecko) SamsungBrowser/29.0 Chrome/136.0.0.0 Mobile Safari/537.36"
188.72.11.17 - - [24/Mar/2026:02:14:49 +0530] "GET /assets/js/popper.min.js HTTP/2.0" 200 6623 "https://www.pathoworld.in/" "Mozilla/5.0 (Linux; Android 10; K) AppleWebKit/537.36 (KHTML, like Gecko) SamsungBrowser/29.0 Chrome/136.0.0.0 Mobile Safari/537.36"
188.72.11.17 - - [24/Mar/2026:02:14:50 +0530] "GET /assets/js/jquery.meanmenu.js HTTP/2.0" 200 1607 "https://www.pathoworld.in/" "Mozilla/5.0 (Linux; Android 10; K) AppleWebKit/537.36 (KHTML, like Gecko) SamsungBrowser/29.0 Chrome/136.0.0.0 Mobile Safari/537.36"
188.72.11.17 - - [24/Mar/2026:02:14:50 +0530] "GET /assets/js/jquery.appear.js HTTP/2.0" 200 1360 "https://www.pathoworld.in/" "Mozilla/5.0 (Linux; Android 10; K) AppleWebKit/537.36 (KHTML, like Gecko) SamsungBrowser/29.0 Chrome/136.0.0.0 Mobile Safari/537.36"
188.72.11.17 - - [24/Mar/2026:02:14:50 +0530] "GET /assets/js/jquery.magnific-popup.min.js HTTP/2.0" 200 7346 "https://www.pathoworld.in/" "Mozilla/5.0 (Linux; Android 10; K) AppleWebKit/537.36 (KHTML, like Gecko) SamsungBrowser/29.0 Chrome/136.0.0.0 Mobile Safari/537.36"
188.72.11.17 - - [24/Mar/2026:02:14:50 +0530] "GET /assets/js/parallax.min.js HTTP/2.0" 200 4001 "https://www.pathoworld.in/" "Mozilla/5.0 (Linux; Android 10; K) AppleWebKit/537.36 (KHTML, like Gecko) SamsungBrowser/29.0 Chrome/136.0.0.0 Mobile Safari/537.36"
223.178.80.146 - - [24/Mar/2026:02:14:50 +0530] "GET /assets/img/favicon.png HTTP/2.0" 200 14733 "https://www.pathoworld.in/" "Mozilla/5.0 (Linux; Android 10; K) AppleWebKit/537.36 (KHTML, like Gecko) Chrome/146.0.0.0 Mobile Safari/537.36"
78.190.7.149 - - [24/Mar/2026:02:14:50 +0530] "GET /assets/css/flaticon.css HTTP/2.0" 200 665 "https://www.pathoworld.in/" "Mozilla/5.0 (Linux; Android 10; K) AppleWebKit/537.36 (KHTML, like Gecko) Chrome/146.0.0.0 Mobile Safari/537.36"
105.235.128.240 - - [24/Mar/2026:02:14:50 +0530] "GET /assets/img/logo.png HTTP/2.0" 200 204319 "https://www.pathoworld.in/" "Mozilla/5.0 (Linux; Android 10; K) AppleWebKit/537.36 (KHTML, like Gecko) Chrome/130.0.0.0 Mobile Safari/537.36"
105.235.128.240 - - [24/Mar/2026:02:14:50 +0530] "GET /assets/css/style.css HTTP/2.0" 200 18238 "https://www.pathoworld.in/" "Mozilla/5.0 (Linux; Android 10; K) AppleWebKit/537.36 (KHTML, like Gecko) Chrome/130.0.0.0 Mobile Safari/537.36"
105.235.128.240 - - [24/Mar/2026:02:14:50 +0530] "GET /assets/css/responsive.css HTTP/2.0" 200 5713 "https://www.pathoworld.in/" "Mozilla/5.0 (Linux; Android 10; K) AppleWebKit/537.36 (KHTML, like Gecko) Chrome/130.0.0.0 Mobile Safari/537.36"
105.235.128.240 - - [24/Mar/2026:02:14:50 +0530] "GET /assets/cart-icon.png HTTP/2.0" 200 2855 "https://www.pathoworld.in/" "Mozilla/5.0 (Linux; Android 10; K) AppleWebKit/537.36 (KHTML, like Gecko) Chrome/130.0.0.0 Mobile Safari/537.36"
185.242.97.235 - - [24/Mar/2026:02:14:50 +0530] "GET /admin/icon/healthcheckup.png HTTP/2.0" 200 42881 "https://www.pathoworld.in/" "Mozilla/5.0 (Linux; Android 10; K) AppleWebKit/537.36 (KHTML, like Gecko) Chrome/146.0.0.0 Mobile Safari/537.36"
78.171.43.229 - - [24/Mar/2026:02:14:50 +0530] "GET /assets/js/jquery.ajaxchimp.min.js HTTP/2.0" 200 939 "https://www.pathoworld.in/" "Mozilla/5.0 (Linux; Android 10; K) AppleWebKit/537.36 (KHTML, like Gecko) Chrome/146.0.0.0 Mobile Safari/537.36"
78.171.43.229 - - [24/Mar/2026:02:14:50 +0530] "GET /assets/js/form-validator.min.js HTTP/2.0" 200 2096 "https://www.pathoworld.in/" "Mozilla/5.0 (Linux; Android 10; K) AppleWebKit/537.36 (KHTML, like Gecko) Chrome/146.0.0.0 Mobile Safari/537.36"
78.171.43.229 - - [24/Mar/2026:02:14:50 +0530] "GET /assets/js/contact-form-script.js HTTP/2.0" 200 740 "https://www.pathoworld.in/" "Mozilla/5.0 (Linux; Android 10; K) AppleWebKit/537.36 (KHTML, like Gecko) Chrome/146.0.0.0 Mobile Safari/537.36"
198.160.164.130 - - [24/Mar/2026:02:14:50 +0530] "GET /assets/css/flaticon.css HTTP/2.0" 200 665 "https://www.pathoworld.in/" "Mozilla/5.0 (Linux; Android 14; en; Infinix X6833B Build/SP1A.210812.016) AppleWebKit/537.36 (KHTML, like Gecko) Chrome/145.0.7632.159 HiBrowser/v2.25.11.1;lang=ar;nation=IQ;locale=ar_EG UWS/ Mobile Safari/537.36"
152.171.29.10 - - [24/Mar/2026:02:14:50 +0530] "GET /assets/img/icons/blood.png HTTP/2.0" 200 10471 "https://www.pathoworld.in/" "Mozilla/5.0 (Linux; Android 10; K) AppleWebKit/537.36 (KHTML, like Gecko) Chrome/146.0.0.0 Mobile Safari/537.36"
88.231.166.234 - - [24/Mar/2026:02:14:47 +0530] "GET / HTTP/2.0" 200 9055 "https://cdnx445.com/eee/992560?vhash=eGhhbXN0ZXIvdmlkZW9zL3Jpc2t5LXNleC1teS1iaWctYXNzLW1hZGUtaGltLWN1bS10d2ljZS13aGlsZS1teS1kYWQtd2FzLWhvbWUteGg3NWJ5Rg&vid=992560&qt=%5B240,480,720%5D&subs=0" "Mozilla/5.0 (iPhone; CPU iPhone OS 16_7_12 like Mac OS X) AppleWebKit/605.1.15 (KHTML, like Gecko) GSA/352.0.715618234 Mobile/15E148 Safari/604.1"
88.229.83.145 - - [24/Mar/2026:02:14:43 +0530] "GET / HTTP/2.0" 200 9055 "https://dlhotwow.pages.dev/" "Mozilla/5.0 (Linux; Android 14; SM-N9002) AppleWebKit/537.36 (KHTML, like Gecko) SamsungBrowser/28.0 Chrome/143.0.7499.109 Mobile Safari/537.36"
