176.88.93.13 - - [24/Mar/2026:02:14:31 +0530] "GET /assets/js/main.js HTTP/2.0" 200 2464 "https://www.pathoworld.in/" "Mozilla/5.0 (iPhone; CPU iPhone OS 26_3_1 like Mac OS X) AppleWebKit/605.1.15 (KHTML, like Gecko) GSA/412.0.882869339 Mobile/15E148 Safari/604.1"
176.88.93.13 - - [24/Mar/2026:02:14:31 +0530] "GET /assets/js/progressbar.min.js HTTP/2.0" 200 504 "https://www.pathoworld.in/" "Mozilla/5.0 (iPhone; CPU iPhone OS 26_3_1 like Mac OS X) AppleWebKit/605.1.15 (KHTML, like Gecko) GSA/412.0.882869339 Mobile/15E148 Safari/604.1"
176.88.93.13 - - [24/Mar/2026:02:14:31 +0530] "GET /assets/js/jquery.min.js HTTP/2.0" 200 30900 "https://www.pathoworld.in/" "Mozilla/5.0 (iPhone; CPU iPhone OS 26_3_1 like Mac OS X) AppleWebKit/605.1.15 (KHTML, like Gecko) GSA/412.0.882869339 Mobile/15E148 Safari/604.1"
150.129.100.194 - - [24/Mar/2026:02:14:31 +0530] "GET /assets/css/fontawesome.min.css HTTP/2.0" 200 12063 "https://www.pathoworld.in/" "Mozilla/5.0 (Linux; Android 10; K) AppleWebKit/537.36 (KHTML, like Gecko) Chrome/146.0.0.0 Mobile Safari/537.36"
152.59.162.183 - - [24/Mar/2026:02:14:31 +0530] "GET /assets/fonts/fa-solid-900.woff2 HTTP/2.0" 200 74256 "https://www.pathoworld.in/" "Mozilla/5.0 (iPhone; CPU iPhone OS 26_3_1 like Mac OS X) AppleWebKit/605.1.15 (KHTML, like Gecko) CriOS/146.0.7680.40 Mobile/15E148 Safari/604.1"
152.59.162.183 - - [24/Mar/2026:02:14:31 +0530] "GET /assets/fonts/Flaticon.svg HTTP/2.0" 200 27948 "https://www.pathoworld.in/" "Mozilla/5.0 (iPhone; CPU iPhone OS 26_3_1 like Mac OS X) AppleWebKit/605.1.15 (KHTML, like Gecko) CriOS/146.0.7680.40 Mobile/15E148 Safari/604.1"
106.195.33.243 - - [24/Mar/2026:02:14:31 +0530] "GET /assets/css/flaticon.css HTTP/2.0" 200 665 "https://www.pathoworld.in/" "Mozilla/5.0 (Linux; Android 10; K) AppleWebKit/537.36 (KHTML, like Gecko) Chrome/138.0.0.0 Mobile Safari/537.36"
150.129.100.194 - - [24/Mar/2026:02:14:31 +0530] "GET /assets/css/flaticon.css HTTP/2.0" 200 665 "https://www.pathoworld.in/" "Mozilla/5.0 (Linux; Android 10; K) AppleWebKit/537.36 (KHTML, like Gecko) Chrome/146.0.0.0 Mobile Safari/537.36"
181.176.45.248 - - [24/Mar/2026:02:14:31 +0530] "GET /assets/img/shape-image/4.png HTTP/2.0" 200 4607 "https://www.pathoworld.in/" "Mozilla/5.0 (Linux; Android 10; K) AppleWebKit/537.36 (KHTML, like Gecko) Chrome/143.0.0.0 Mobile Safari/537.36"
181.176.45.248 - - [24/Mar/2026:02:14:31 +0530] "GET /assets/img/shape-image/3.png HTTP/2.0" 200 4473 "https://www.pathoworld.in/" "Mozilla/5.0 (Linux; Android 10; K) AppleWebKit/537.36 (KHTML, like Gecko) Chrome/143.0.0.0 Mobile Safari/537.36"
181.176.45.248 - - [24/Mar/2026:02:14:31 +0530] "GET /assets/img/shape-image/5.png HTTP/2.0" 200 3980 "https://www.pathoworld.in/" "Mozilla/5.0 (Linux; Android 10; K) AppleWebKit/537.36 (KHTML, like Gecko) Chrome/143.0.0.0 Mobile Safari/537.36"
106.67.182.218 - - [24/Mar/2026:02:14:31 +0530] "GET /assets/css/flaticon.css HTTP/2.0" 200 665 "https://www.pathoworld.in/" "Mozilla/5.0 (Linux; Android 10; K) AppleWebKit/537.36 (KHTML, like Gecko) Chrome/145.0.0.0 Mobile Safari/537.36"
176.54.89.180 - - [24/Mar/2026:02:14:31 +0530] "GET /assets/img/shape-image/3.png HTTP/2.0" 200 4473 "https://www.pathoworld.in/" "Mozilla/5.0 (Linux; Android 10; K) AppleWebKit/537.36 (KHTML, like Gecko) Chrome/146.0.0.0 Mobile Safari/537.36"
181.176.42.170 - - [24/Mar/2026:02:14:31 +0530] "GET /assets/img/shape-image/4.png HTTP/2.0" 200 4607 "https://www.pathoworld.in/" "Mozilla/5.0 (Linux; Android 10; K) AppleWebKit/537.36 (KHTML, like Gecko) Chrome/145.0.0.0 Mobile Safari/537.36"
181.176.42.170 - - [24/Mar/2026:02:14:31 +0530] "GET /assets/img/shape-image/5.png HTTP/2.0" 200 3980 "https://www.pathoworld.in/" "Mozilla/5.0 (Linux; Android 10; K) AppleWebKit/537.36 (KHTML, like Gecko) Chrome/145.0.0.0 Mobile Safari/537.36"
181.176.42.170 - - [24/Mar/2026:02:14:31 +0530] "GET /assets/img/shape-image/6.png HTTP/2.0" 200 8105 "https://www.pathoworld.in/" "Mozilla/5.0 (Linux; Android 10; K) AppleWebKit/537.36 (KHTML, like Gecko) Chrome/145.0.0.0 Mobile Safari/537.36"
176.54.89.180 - - [24/Mar/2026:02:14:31 +0530] "GET /assets/img/shape-image/4.png HTTP/2.0" 200 4607 "https://www.pathoworld.in/" "Mozilla/5.0 (Linux; Android 10; K) AppleWebKit/537.36 (KHTML, like Gecko) Chrome/146.0.0.0 Mobile Safari/537.36"
195.7.11.89 - - [24/Mar/2026:02:14:31 +0530] "GET /assets/img/icons/sugar.png HTTP/2.0" 200 14022 "https://www.pathoworld.in/" "Mozilla/5.0 (Linux; Android 10; K) AppleWebKit/537.36 (KHTML, like Gecko) Chrome/146.0.0.0 Mobile Safari/537.36"
195.7.11.89 - - [24/Mar/2026:02:14:31 +0530] "GET /assets/img/icons/graph.png HTTP/2.0" 200 29886 "https://www.pathoworld.in/" "Mozilla/5.0 (Linux; Android 10; K) AppleWebKit/537.36 (KHTML, like Gecko) Chrome/146.0.0.0 Mobile Safari/537.36"
176.54.89.180 - - [24/Mar/2026:02:14:31 +0530] "GET /assets/img/shape-image/5.png HTTP/2.0" 200 3980 "https://www.pathoworld.in/" "Mozilla/5.0 (Linux; Android 10; K) AppleWebKit/537.36 (KHTML, like Gecko) Chrome/146.0.0.0 Mobile Safari/537.36"
106.67.182.218 - - [24/Mar/2026:02:14:31 +0530] "GET /assets/css/magnific-popup.min.css HTTP/2.0" 200 1566 "https://www.pathoworld.in/" "Mozilla/5.0 (Linux; Android 10; K) AppleWebKit/537.36 (KHTML, like Gecko) Chrome/145.0.0.0 Mobile Safari/537.36"
152.59.162.183 - - [24/Mar/2026:02:14:31 +0530] "GET /assets/img/shape-image/4.png HTTP/2.0" 200 4607 "https://www.pathoworld.in/" "Mozilla/5.0 (iPhone; CPU iPhone OS 26_3_1 like Mac OS X) AppleWebKit/605.1.15 (KHTML, like Gecko) CriOS/146.0.7680.40 Mobile/15E148 Safari/604.1"
152.59.162.183 - - [24/Mar/2026:02:14:31 +0530] "GET /assets/img/shape-image/5.png HTTP/2.0" 200 3980 "https://www.pathoworld.in/" "Mozilla/5.0 (iPhone; CPU iPhone OS 26_3_1 like Mac OS X) AppleWebKit/605.1.15 (KHTML, like Gecko) CriOS/146.0.7680.40 Mobile/15E148 Safari/604.1"
152.59.162.183 - - [24/Mar/2026:02:14:31 +0530] "GET /assets/fonts/fa-regular-400.woff2 HTTP/2.0" 200 13552 "https://www.pathoworld.in/" "Mozilla/5.0 (iPhone; CPU iPhone OS 26_3_1 like Mac OS X) AppleWebKit/605.1.15 (KHTML, like Gecko) CriOS/146.0.7680.40 Mobile/15E148 Safari/604.1"
110.226.232.124 - - [24/Mar/2026:02:14:31 +0530] "GET /assets/img/imaging-pathoworld.png HTTP/2.0" 200 97252 "https://www.pathoworld.in/" "Mozilla/5.0 (Linux; Android 10; K) AppleWebKit/537.36 (KHTML, like Gecko) Chrome/146.0.0.0 Mobile Safari/537.36"
150.129.100.194 - - [24/Mar/2026:02:14:31 +0530] "GET /assets/css/magnific-popup.min.css HTTP/2.0" 200 1566 "https://www.pathoworld.in/" "Mozilla/5.0 (Linux; Android 10; K) AppleWebKit/537.36 (KHTML, like Gecko) Chrome/146.0.0.0 Mobile Safari/537.36"
103.216.70.34 - - [24/Mar/2026:02:14:31 +0530] "GET /assets/css/owl.carousel.min.css HTTP/2.0" 200 1284 "https://www.pathoworld.in/" "Mozilla/5.0 (Linux; Android 10; K) AppleWebKit/537.36 (KHTML, like Gecko) Chrome/146.0.0.0 Mobile Safari/537.36"
103.216.70.34 - - [24/Mar/2026:02:14:31 +0530] "GET /assets/css/progressbar.min.css HTTP/2.0" 200 350 "https://www.pathoworld.in/" "Mozilla/5.0 (Linux; Android 10; K) AppleWebKit/537.36 (KHTML, like Gecko) Chrome/146.0.0.0 Mobile Safari/537.36"
103.225.117.180 - - [24/Mar/2026:02:14:31 +0530] "GET /assets/cart-icon.png HTTP/2.0" 200 2855 "https://www.pathoworld.in/" "Mozilla/5.0 (Linux; Android 10; K) AppleWebKit/537.36 (KHTML, like Gecko) Chrome/146.0.0.0 Mobile Safari/537.36"
150.129.100.194 - - [24/Mar/2026:02:14:31 +0530] "GET /assets/css/odometer.min.css HTTP/2.0" 200 515 "https://www.pathoworld.in/" "Mozilla/5.0 (Linux; Android 10; K) AppleWebKit/537.36 (KHTML, like Gecko) Chrome/146.0.0.0 Mobile Safari/537.36"
103.216.70.34 - - [24/Mar/2026:02:14:31 +0530] "GET /assets/css/style.css HTTP/2.0" 200 18238 "https://www.pathoworld.in/" "Mozilla/5.0 (Linux; Android 10; K) AppleWebKit/537.36 (KHTML, like Gecko) Chrome/146.0.0.0 Mobile Safari/537.36"
152.59.162.183 - - [24/Mar/2026:02:14:31 +0530] "GET /assets/img/shape-image/6.png HTTP/2.0" 200 8105 "https://www.pathoworld.in/" "Mozilla/5.0 (iPhone; CPU iPhone OS 26_3_1 like Mac OS X) AppleWebKit/605.1.15 (KHTML, like Gecko) CriOS/146.0.7680.40 Mobile/15E148 Safari/604.1"
152.59.162.183 - - [24/Mar/2026:02:14:31 +0530] "GET /assets/img/shape-image/7.png HTTP/2.0" 200 4036 "https://www.pathoworld.in/" "Mozilla/5.0 (iPhone; CPU iPhone OS 26_3_1 like Mac OS X) AppleWebKit/605.1.15 (KHTML, like Gecko) CriOS/146.0.7680.40 Mobile/15E148 Safari/604.1"
103.225.117.180 - - [24/Mar/2026:02:14:31 +0530] "GET /assets/img/logo.png HTTP/2.0" 200 204319 "https://www.pathoworld.in/" "Mozilla/5.0 (Linux; Android 10; K) AppleWebKit/537.36 (KHTML, like Gecko) Chrome/146.0.0.0 Mobile Safari/537.36"
103.225.117.180 - - [24/Mar/2026:02:14:31 +0530] "GET /assets/img/imaging-pathoworld.png HTTP/2.0" 200 97252 "https://www.pathoworld.in/" "Mozilla/5.0 (Linux; Android 10; K) AppleWebKit/537.36 (KHTML, like Gecko) Chrome/146.0.0.0 Mobile Safari/537.36"
103.216.70.34 - - [24/Mar/2026:02:14:31 +0530] "GET /assets/css/responsive.css HTTP/2.0" 200 5713 "https://www.pathoworld.in/" "Mozilla/5.0 (Linux; Android 10; K) AppleWebKit/537.36 (KHTML, like Gecko) Chrome/146.0.0.0 Mobile Safari/537.36"
102.206.120.29 - - [24/Mar/2026:02:14:23 +0530] "GET / HTTP/2.0" 200 9055 "https://pagesonyou.my.id/" "Mozilla/5.0 (Linux; Android 9; SAMSUNG SM-G950F) AppleWebKit/537.36 (KHTML, like Gecko) SamsungBrowser/23.0 Chrome/115.0.0.0 Mobile Safari/537.36"
89.167.52.27 - - [24/Mar/2026:02:14:24 +0530] "GET / HTTP/1.1" 200 9055 "https://29571644-34819-36574.squitoiages.com/" "Mozilla/5.0 (Linux; Android 12; vivo 1915) AppleWebKit/537.36 (KHTML, like Gecko) Version/4.0 Chrome/123.0.6312.118 Mobile Safari/537.36 VivoBrowser/15.1.0.3"
106.67.182.218 - - [24/Mar/2026:02:14:31 +0530] "GET /assets/css/odometer.min.css HTTP/2.0" 200 515 "https://www.pathoworld.in/" "Mozilla/5.0 (Linux; Android 10; K) AppleWebKit/537.36 (KHTML, like Gecko) Chrome/145.0.0.0 Mobile Safari/537.36"
103.216.70.34 - - [24/Mar/2026:02:14:31 +0530] "GET /assets/img/logo.png HTTP/2.0" 200 204319 "https://www.pathoworld.in/" "Mozilla/5.0 (Linux; Android 10; K) AppleWebKit/537.36 (KHTML, like Gecko) Chrome/146.0.0.0 Mobile Safari/537.36"
103.216.70.34 - - [24/Mar/2026:02:14:31 +0530] "GET /assets/cart-icon.png HTTP/2.0" 200 2855 "https://www.pathoworld.in/" "Mozilla/5.0 (Linux; Android 10; K) AppleWebKit/537.36 (KHTML, like Gecko) Chrome/146.0.0.0 Mobile Safari/537.36"
223.182.212.162 - - [24/Mar/2026:02:14:31 +0530] "GET /assets/img/icons/blood.png HTTP/2.0" 200 10471 "https://www.pathoworld.in/" "Mozilla/5.0 (Linux; Android 10; K) AppleWebKit/537.36 (KHTML, like Gecko) Chrome/145.0.0.0 Mobile Safari/537.36"
106.67.182.218 - - [24/Mar/2026:02:14:31 +0530] "GET /assets/css/meanmenu.css HTTP/2.0" 200 986 "https://www.pathoworld.in/" "Mozilla/5.0 (Linux; Android 10; K) AppleWebKit/537.36 (KHTML, like Gecko) Chrome/145.0.0.0 Mobile Safari/537.36"
223.182.212.162 - - [24/Mar/2026:02:14:31 +0530] "GET /assets/img/icons/mobile.png HTTP/2.0" 200 43677 "https://www.pathoworld.in/" "Mozilla/5.0 (Linux; Android 10; K) AppleWebKit/537.36 (KHTML, like Gecko) Chrome/145.0.0.0 Mobile Safari/537.36"
223.182.212.162 - - [24/Mar/2026:02:14:31 +0530] "GET /assets/img/icons/graph.png HTTP/2.0" 200 29886 "https://www.pathoworld.in/" "Mozilla/5.0 (Linux; Android 10; K) AppleWebKit/537.36 (KHTML, like Gecko) Chrome/145.0.0.0 Mobile Safari/537.36"
47.31.252.50 - - [24/Mar/2026:02:14:23 +0530] "GET /favicon.ico HTTP/2.0" 404 29421 "https://www.pathoworld.in/" "Mozilla/5.0 (Linux; Android 10; K) AppleWebKit/537.36 (KHTML, like Gecko) Chrome/143.0.0.0 Mobile Safari/537.36"
152.59.162.183 - - [24/Mar/2026:02:14:31 +0530] "GET /assets/img/shape-image/8.png HTTP/2.0" 200 8181 "https://www.pathoworld.in/" "Mozilla/5.0 (iPhone; CPU iPhone OS 26_3_1 like Mac OS X) AppleWebKit/605.1.15 (KHTML, like Gecko) CriOS/146.0.7680.40 Mobile/15E148 Safari/604.1"
150.129.100.194 - - [24/Mar/2026:02:14:31 +0530] "GET /assets/css/meanmenu.css HTTP/2.0" 200 986 "https://www.pathoworld.in/" "Mozilla/5.0 (Linux; Android 10; K) AppleWebKit/537.36 (KHTML, like Gecko) Chrome/146.0.0.0 Mobile Safari/537.36"
150.129.100.194 - - [24/Mar/2026:02:14:31 +0530] "GET /assets/css/progressbar.min.css HTTP/2.0" 200 350 "https://www.pathoworld.in/" "Mozilla/5.0 (Linux; Android 10; K) AppleWebKit/537.36 (KHTML, like Gecko) Chrome/146.0.0.0 Mobile Safari/537.36"
150.129.100.194 - - [24/Mar/2026:02:14:31 +0530] "GET /assets/css/owl.carousel.min.css HTTP/2.0" 200 1284 "https://www.pathoworld.in/" "Mozilla/5.0 (Linux; Android 10; K) AppleWebKit/537.36 (KHTML, like Gecko) Chrome/146.0.0.0 Mobile Safari/537.36"
152.59.162.183 - - [24/Mar/2026:02:14:31 +0530] "GET /admin/icon/healthcheckup.png HTTP/2.0" 200 42881 "https://www.pathoworld.in/" "Mozilla/5.0 (iPhone; CPU iPhone OS 26_3_1 like Mac OS X) AppleWebKit/605.1.15 (KHTML, like Gecko) CriOS/146.0.7680.40 Mobile/15E148 Safari/604.1"
110.226.232.124 - - [24/Mar/2026:02:14:31 +0530] "GET /assets/js/jquery.min.js HTTP/2.0" 200 30900 "https://www.pathoworld.in/" "Mozilla/5.0 (Linux; Android 10; K) AppleWebKit/537.36 (KHTML, like Gecko) Chrome/146.0.0.0 Mobile Safari/537.36"
106.195.33.243 - - [24/Mar/2026:02:14:31 +0530] "GET /assets/css/magnific-popup.min.css HTTP/2.0" 200 1566 "https://www.pathoworld.in/" "Mozilla/5.0 (Linux; Android 10; K) AppleWebKit/537.36 (KHTML, like Gecko) Chrome/138.0.0.0 Mobile Safari/537.36"
176.88.93.13 - - [24/Mar/2026:02:14:31 +0530] "GET /assets/img/logo.png HTTP/2.0" 200 204319 "https://www.pathoworld.in/" "Mozilla/5.0 (iPhone; CPU iPhone OS 26_3_1 like Mac OS X) AppleWebKit/605.1.15 (KHTML, like Gecko) GSA/412.0.882869339 Mobile/15E148 Safari/604.1"
110.226.232.124 - - [24/Mar/2026:02:14:31 +0530] "GET /assets/js/popper.min.js HTTP/2.0" 200 6623 "https://www.pathoworld.in/" "Mozilla/5.0 (Linux; Android 10; K) AppleWebKit/537.36 (KHTML, like Gecko) Chrome/146.0.0.0 Mobile Safari/537.36"
150.129.100.194 - - [24/Mar/2026:02:14:31 +0530] "GET /assets/css/responsive.css HTTP/2.0" 200 5713 "https://www.pathoworld.in/" "Mozilla/5.0 (Linux; Android 10; K) AppleWebKit/537.36 (KHTML, like Gecko) Chrome/146.0.0.0 Mobile Safari/537.36"
150.129.100.194 - - [24/Mar/2026:02:14:31 +0530] "GET /assets/css/style.css HTTP/2.0" 200 18238 "https://www.pathoworld.in/" "Mozilla/5.0 (Linux; Android 10; K) AppleWebKit/537.36 (KHTML, like Gecko) Chrome/146.0.0.0 Mobile Safari/537.36"
152.59.162.183 - - [24/Mar/2026:02:14:31 +0530] "GET /admin/icon/eldermanhealthcheckup.png HTTP/2.0" 200 47535 "https://www.pathoworld.in/" "Mozilla/5.0 (iPhone; CPU iPhone OS 26_3_1 like Mac OS X) AppleWebKit/605.1.15 (KHTML, like Gecko) CriOS/146.0.7680.40 Mobile/15E148 Safari/604.1"
181.176.42.170 - - [24/Mar/2026:02:14:31 +0530] "GET /assets/img/shape-image/7.png HTTP/2.0" 200 4036 "https://www.pathoworld.in/" "Mozilla/5.0 (Linux; Android 10; K) AppleWebKit/537.36 (KHTML, like Gecko) Chrome/145.0.0.0 Mobile Safari/537.36"
181.176.42.170 - - [24/Mar/2026:02:14:31 +0530] "GET /assets/img/shape-image/8.png HTTP/2.0" 200 8181 "https://www.pathoworld.in/" "Mozilla/5.0 (Linux; Android 10; K) AppleWebKit/537.36 (KHTML, like Gecko) Chrome/145.0.0.0 Mobile Safari/537.36"
181.176.42.170 - - [24/Mar/2026:02:14:31 +0530] "GET /admin/icon/elderwomanhealthcheckup.png HTTP/2.0" 200 43513 "https://www.pathoworld.in/" "Mozilla/5.0 (Linux; Android 10; K) AppleWebKit/537.36 (KHTML, like Gecko) Chrome/145.0.0.0 Mobile Safari/537.36"
103.216.70.34 - - [24/Mar/2026:02:14:31 +0530] "GET /assets/img/imaging-pathoworld.png HTTP/2.0" 200 97252 "https://www.pathoworld.in/" "Mozilla/5.0 (Linux; Android 10; K) AppleWebKit/537.36 (KHTML, like Gecko) Chrome/146.0.0.0 Mobile Safari/537.36"
110.226.232.124 - - [24/Mar/2026:02:14:31 +0530] "GET /assets/js/jquery.meanmenu.js HTTP/2.0" 200 1607 "https://www.pathoworld.in/" "Mozilla/5.0 (Linux; Android 10; K) AppleWebKit/537.36 (KHTML, like Gecko) Chrome/146.0.0.0 Mobile Safari/537.36"
110.226.232.124 - - [24/Mar/2026:02:14:31 +0530] "GET /assets/js/bootstrap.min.js HTTP/2.0" 200 15918 "https://www.pathoworld.in/" "Mozilla/5.0 (Linux; Android 10; K) AppleWebKit/537.36 (KHTML, like Gecko) Chrome/146.0.0.0 Mobile Safari/537.36"
181.176.45.248 - - [24/Mar/2026:02:14:31 +0530] "GET /assets/img/shape-image/6.png HTTP/2.0" 200 8105 "https://www.pathoworld.in/" "Mozilla/5.0 (Linux; Android 10; K) AppleWebKit/537.36 (KHTML, like Gecko) Chrome/143.0.0.0 Mobile Safari/537.36"
181.176.45.248 - - [24/Mar/2026:02:14:31 +0530] "GET /assets/img/shape-image/7.png HTTP/2.0" 200 4036 "https://www.pathoworld.in/" "Mozilla/5.0 (Linux; Android 10; K) AppleWebKit/537.36 (KHTML, like Gecko) Chrome/143.0.0.0 Mobile Safari/537.36"
181.176.45.248 - - [24/Mar/2026:02:14:31 +0530] "GET /assets/img/shape-image/8.png HTTP/2.0" 200 8181 "https://www.pathoworld.in/" "Mozilla/5.0 (Linux; Android 10; K) AppleWebKit/537.36 (KHTML, like Gecko) Chrome/143.0.0.0 Mobile Safari/537.36"
110.226.232.124 - - [24/Mar/2026:02:14:32 +0530] "GET /assets/js/jquery.appear.js HTTP/2.0" 200 1360 "https://www.pathoworld.in/" "Mozilla/5.0 (Linux; Android 10; K) AppleWebKit/537.36 (KHTML, like Gecko) Chrome/146.0.0.0 Mobile Safari/537.36"
106.67.182.218 - - [24/Mar/2026:02:14:32 +0530] "GET /assets/css/owl.carousel.min.css HTTP/2.0" 200 1284 "https://www.pathoworld.in/" "Mozilla/5.0 (Linux; Android 10; K) AppleWebKit/537.36 (KHTML, like Gecko) Chrome/145.0.0.0 Mobile Safari/537.36"
176.88.93.13 - - [24/Mar/2026:02:14:32 +0530] "GET /assets/cart-icon.png HTTP/2.0" 200 2855 "https://www.pathoworld.in/" "Mozilla/5.0 (iPhone; CPU iPhone OS 26_3_1 like Mac OS X) AppleWebKit/605.1.15 (KHTML, like Gecko) GSA/412.0.882869339 Mobile/15E148 Safari/604.1"
195.7.11.89 - - [24/Mar/2026:02:14:32 +0530] "GET /assets/img/shape-image/9.png HTTP/2.0" 200 3623 "https://www.pathoworld.in/" "Mozilla/5.0 (Linux; Android 10; K) AppleWebKit/537.36 (KHTML, like Gecko) Chrome/146.0.0.0 Mobile Safari/537.36"
176.54.89.180 - - [24/Mar/2026:02:14:32 +0530] "GET /assets/img/shape-image/7.png HTTP/2.0" 200 4036 "https://www.pathoworld.in/" "Mozilla/5.0 (Linux; Android 10; K) AppleWebKit/537.36 (KHTML, like Gecko) Chrome/146.0.0.0 Mobile Safari/537.36"
176.54.89.180 - - [24/Mar/2026:02:14:32 +0530] "GET /assets/img/shape-image/6.png HTTP/2.0" 200 8105 "https://www.pathoworld.in/" "Mozilla/5.0 (Linux; Android 10; K) AppleWebKit/537.36 (KHTML, like Gecko) Chrome/146.0.0.0 Mobile Safari/537.36"
195.7.11.89 - - [24/Mar/2026:02:14:32 +0530] "GET /assets/img/icons/family.png HTTP/2.0" 200 45194 "https://www.pathoworld.in/" "Mozilla/5.0 (Linux; Android 10; K) AppleWebKit/537.36 (KHTML, like Gecko) Chrome/146.0.0.0 Mobile Safari/537.36"
195.7.11.89 - - [24/Mar/2026:02:14:32 +0530] "GET /assets/img/shape-image/10.png HTTP/2.0" 200 1515 "https://www.pathoworld.in/" "Mozilla/5.0 (Linux; Android 10; K) AppleWebKit/537.36 (KHTML, like Gecko) Chrome/146.0.0.0 Mobile Safari/537.36"
176.54.89.180 - - [24/Mar/2026:02:14:32 +0530] "GET /assets/img/shape-image/8.png HTTP/2.0" 200 8181 "https://www.pathoworld.in/" "Mozilla/5.0 (Linux; Android 10; K) AppleWebKit/537.36 (KHTML, like Gecko) Chrome/146.0.0.0 Mobile Safari/537.36"
150.129.100.194 - - [24/Mar/2026:02:14:31 +0530] "GET /assets/img/logo.png HTTP/2.0" 200 204319 "https://www.pathoworld.in/" "Mozilla/5.0 (Linux; Android 10; K) AppleWebKit/537.36 (KHTML, like Gecko) Chrome/146.0.0.0 Mobile Safari/537.36"
150.129.100.194 - - [24/Mar/2026:02:14:31 +0530] "GET /assets/cart-icon.png HTTP/2.0" 200 2855 "https://www.pathoworld.in/" "Mozilla/5.0 (Linux; Android 10; K) AppleWebKit/537.36 (KHTML, like Gecko) Chrome/146.0.0.0 Mobile Safari/537.36"
152.59.162.183 - - [24/Mar/2026:02:14:32 +0530] "GET /admin/icon/elderwomanhealthcheckup.png HTTP/2.0" 200 43513 "https://www.pathoworld.in/" "Mozilla/5.0 (iPhone; CPU iPhone OS 26_3_1 like Mac OS X) AppleWebKit/605.1.15 (KHTML, like Gecko) CriOS/146.0.7680.40 Mobile/15E148 Safari/604.1"
152.59.162.183 - - [24/Mar/2026:02:14:32 +0530] "GET /assets/img/worldhealth.png HTTP/2.0" 200 6557 "https://www.pathoworld.in/" "Mozilla/5.0 (iPhone; CPU iPhone OS 26_3_1 like Mac OS X) AppleWebKit/605.1.15 (KHTML, like Gecko) CriOS/146.0.7680.40 Mobile/15E148 Safari/604.1"
103.225.117.180 - - [24/Mar/2026:02:14:32 +0530] "GET /assets/js/popper.min.js HTTP/2.0" 200 6623 "https://www.pathoworld.in/" "Mozilla/5.0 (Linux; Android 10; K) AppleWebKit/537.36 (KHTML, like Gecko) Chrome/146.0.0.0 Mobile Safari/537.36"
110.226.232.124 - - [24/Mar/2026:02:14:32 +0530] "GET /assets/js/odometer.min.js HTTP/2.0" 200 3631 "https://www.pathoworld.in/" "Mozilla/5.0 (Linux; Android 10; K) AppleWebKit/537.36 (KHTML, like Gecko) Chrome/146.0.0.0 Mobile Safari/537.36"
103.225.117.180 - - [24/Mar/2026:02:14:32 +0530] "GET /assets/js/bootstrap.min.js HTTP/2.0" 200 15918 "https://www.pathoworld.in/" "Mozilla/5.0 (Linux; Android 10; K) AppleWebKit/537.36 (KHTML, like Gecko) Chrome/146.0.0.0 Mobile Safari/537.36"
103.225.117.180 - - [24/Mar/2026:02:14:32 +0530] "GET /assets/js/jquery.min.js HTTP/2.0" 200 30900 "https://www.pathoworld.in/" "Mozilla/5.0 (Linux; Android 10; K) AppleWebKit/537.36 (KHTML, like Gecko) Chrome/146.0.0.0 Mobile Safari/537.36"
157.48.66.84 - - [24/Mar/2026:02:14:32 +0530] "GET /assets/img/shape-image/2.png HTTP/2.0" 200 8055 "https://www.pathoworld.in/" "Mozilla/5.0 (Linux; Android 10; K) AppleWebKit/537.36 (KHTML, like Gecko) Chrome/146.0.0.0 Mobile Safari/537.36"
223.182.212.162 - - [24/Mar/2026:02:14:32 +0530] "GET /assets/img/icons/sugar.png HTTP/2.0" 200 14022 "https://www.pathoworld.in/" "Mozilla/5.0 (Linux; Android 10; K) AppleWebKit/537.36 (KHTML, like Gecko) Chrome/145.0.0.0 Mobile Safari/537.36"
110.226.232.124 - - [24/Mar/2026:02:14:32 +0530] "GET /assets/js/jquery.magnific-popup.min.js HTTP/2.0" 200 7346 "https://www.pathoworld.in/" "Mozilla/5.0 (Linux; Android 10; K) AppleWebKit/537.36 (KHTML, like Gecko) Chrome/146.0.0.0 Mobile Safari/537.36"
110.226.232.124 - - [24/Mar/2026:02:14:32 +0530] "GET /assets/js/parallax.min.js HTTP/2.0" 200 4001 "https://www.pathoworld.in/" "Mozilla/5.0 (Linux; Android 10; K) AppleWebKit/537.36 (KHTML, like Gecko) Chrome/146.0.0.0 Mobile Safari/537.36"
176.88.93.13 - - [24/Mar/2026:02:14:32 +0530] "GET /assets/fonts/fa-solid-900.woff2 HTTP/2.0" 200 74256 "https://www.pathoworld.in/" "Mozilla/5.0 (iPhone; CPU iPhone OS 26_3_1 like Mac OS X) AppleWebKit/605.1.15 (KHTML, like Gecko) GSA/412.0.882869339 Mobile/15E148 Safari/604.1"
176.88.93.13 - - [24/Mar/2026:02:14:32 +0530] "GET /assets/fonts/Flaticon.svg HTTP/2.0" 200 27948 "https://www.pathoworld.in/" "Mozilla/5.0 (iPhone; CPU iPhone OS 26_3_1 like Mac OS X) AppleWebKit/605.1.15 (KHTML, like Gecko) GSA/412.0.882869339 Mobile/15E148 Safari/604.1"
176.88.93.13 - - [24/Mar/2026:02:14:32 +0530] "GET /admin/icon/eldermanhealthcheckup.png HTTP/2.0" 200 47535 "https://www.pathoworld.in/" "Mozilla/5.0 (iPhone; CPU iPhone OS 26_3_1 like Mac OS X) AppleWebKit/605.1.15 (KHTML, like Gecko) GSA/412.0.882869339 Mobile/15E148 Safari/604.1"
103.225.117.180 - - [24/Mar/2026:02:14:32 +0530] "GET /assets/js/jquery.meanmenu.js HTTP/2.0" 200 1607 "https://www.pathoworld.in/" "Mozilla/5.0 (Linux; Android 10; K) AppleWebKit/537.36 (KHTML, like Gecko) Chrome/146.0.0.0 Mobile Safari/537.36"
106.67.182.218 - - [24/Mar/2026:02:14:32 +0530] "GET /assets/css/progressbar.min.css HTTP/2.0" 200 350 "https://www.pathoworld.in/" "Mozilla/5.0 (Linux; Android 10; K) AppleWebKit/537.36 (KHTML, like Gecko) Chrome/145.0.0.0 Mobile Safari/537.36"
103.225.117.180 - - [24/Mar/2026:02:14:32 +0530] "GET /assets/js/jquery.appear.js HTTP/2.0" 200 1360 "https://www.pathoworld.in/" "Mozilla/5.0 (Linux; Android 10; K) AppleWebKit/537.36 (KHTML, like Gecko) Chrome/146.0.0.0 Mobile Safari/537.36"
103.225.117.180 - - [24/Mar/2026:02:14:32 +0530] "GET /assets/js/odometer.min.js HTTP/2.0" 200 3631 "https://www.pathoworld.in/" "Mozilla/5.0 (Linux; Android 10; K) AppleWebKit/537.36 (KHTML, like Gecko) Chrome/146.0.0.0 Mobile Safari/537.36"
106.67.182.218 - - [24/Mar/2026:02:14:32 +0530] "GET /assets/css/style.css HTTP/2.0" 200 18238 "https://www.pathoworld.in/" "Mozilla/5.0 (Linux; Android 10; K) AppleWebKit/537.36 (KHTML, like Gecko) Chrome/145.0.0.0 Mobile Safari/537.36"
103.216.70.34 - - [24/Mar/2026:02:14:32 +0530] "GET /assets/js/jquery.min.js HTTP/2.0" 200 30900 "https://www.pathoworld.in/" "Mozilla/5.0 (Linux; Android 10; K) AppleWebKit/537.36 (KHTML, like Gecko) Chrome/146.0.0.0 Mobile Safari/537.36"
152.59.162.183 - - [24/Mar/2026:02:14:32 +0530] "GET /assets/img/icons/discount.png HTTP/2.0" 200 62356 "https://www.pathoworld.in/" "Mozilla/5.0 (iPhone; CPU iPhone OS 26_3_1 like Mac OS X) AppleWebKit/605.1.15 (KHTML, like Gecko) CriOS/146.0.7680.40 Mobile/15E148 Safari/604.1"
152.59.162.183 - - [24/Mar/2026:02:14:32 +0530] "GET /assets/img/icons/blood.png HTTP/2.0" 200 10471 "https://www.pathoworld.in/" "Mozilla/5.0 (iPhone; CPU iPhone OS 26_3_1 like Mac OS X) AppleWebKit/605.1.15 (KHTML, like Gecko) CriOS/146.0.7680.40 Mobile/15E148 Safari/604.1"
103.225.117.180 - - [24/Mar/2026:02:14:32 +0530] "GET /assets/js/jquery.magnific-popup.min.js HTTP/2.0" 200 7346 "https://www.pathoworld.in/" "Mozilla/5.0 (Linux; Android 10; K) AppleWebKit/537.36 (KHTML, like Gecko) Chrome/146.0.0.0 Mobile Safari/537.36"
103.225.117.180 - - [24/Mar/2026:02:14:32 +0530] "GET /assets/js/parallax.min.js HTTP/2.0" 200 4001 "https://www.pathoworld.in/" "Mozilla/5.0 (Linux; Android 10; K) AppleWebKit/537.36 (KHTML, like Gecko) Chrome/146.0.0.0 Mobile Safari/537.36"
103.225.117.180 - - [24/Mar/2026:02:14:32 +0530] "GET /assets/js/owl.carousel.min.js HTTP/2.0" 200 11412 "https://www.pathoworld.in/" "Mozilla/5.0 (Linux; Android 10; K) AppleWebKit/537.36 (KHTML, like Gecko) Chrome/146.0.0.0 Mobile Safari/537.36"
110.226.232.124 - - [24/Mar/2026:02:14:32 +0530] "GET /assets/js/owl.carousel.min.js HTTP/2.0" 200 11412 "https://www.pathoworld.in/" "Mozilla/5.0 (Linux; Android 10; K) AppleWebKit/537.36 (KHTML, like Gecko) Chrome/146.0.0.0 Mobile Safari/537.36"
103.216.70.34 - - [24/Mar/2026:02:14:32 +0530] "GET /assets/js/popper.min.js HTTP/2.0" 200 6623 "https://www.pathoworld.in/" "Mozilla/5.0 (Linux; Android 10; K) AppleWebKit/537.36 (KHTML, like Gecko) Chrome/146.0.0.0 Mobile Safari/537.36"
110.226.232.124 - - [24/Mar/2026:02:14:32 +0530] "GET /assets/js/progressbar.min.js HTTP/2.0" 200 504 "https://www.pathoworld.in/" "Mozilla/5.0 (Linux; Android 10; K) AppleWebKit/537.36 (KHTML, like Gecko) Chrome/146.0.0.0 Mobile Safari/537.36"
110.226.232.124 - - [24/Mar/2026:02:14:32 +0530] "GET /assets/js/wow.min.js HTTP/2.0" 200 2702 "https://www.pathoworld.in/" "Mozilla/5.0 (Linux; Android 10; K) AppleWebKit/537.36 (KHTML, like Gecko) Chrome/146.0.0.0 Mobile Safari/537.36"
103.216.70.34 - - [24/Mar/2026:02:14:32 +0530] "GET /assets/js/jquery.meanmenu.js HTTP/2.0" 200 1607 "https://www.pathoworld.in/" "Mozilla/5.0 (Linux; Android 10; K) AppleWebKit/537.36 (KHTML, like Gecko) Chrome/146.0.0.0 Mobile Safari/537.36"
103.216.70.34 - - [24/Mar/2026:02:14:32 +0530] "GET /assets/js/bootstrap.min.js HTTP/2.0" 200 15918 "https://www.pathoworld.in/" "Mozilla/5.0 (Linux; Android 10; K) AppleWebKit/537.36 (KHTML, like Gecko) Chrome/146.0.0.0 Mobile Safari/537.36"
176.88.93.13 - - [24/Mar/2026:02:14:32 +0530] "GET /assets/img/slider/web-benner-12.png HTTP/2.0" 200 444437 "https://www.pathoworld.in/" "Mozilla/5.0 (iPhone; CPU iPhone OS 26_3_1 like Mac OS X) AppleWebKit/605.1.15 (KHTML, like Gecko) GSA/412.0.882869339 Mobile/15E148 Safari/604.1"
176.88.93.13 - - [24/Mar/2026:02:14:32 +0530] "GET /assets/img/icons/blood.png HTTP/2.0" 200 10471 "https://www.pathoworld.in/" "Mozilla/5.0 (iPhone; CPU iPhone OS 26_3_1 like Mac OS X) AppleWebKit/605.1.15 (KHTML, like Gecko) GSA/412.0.882869339 Mobile/15E148 Safari/604.1"
176.88.93.13 - - [24/Mar/2026:02:14:32 +0530] "GET /assets/img/shape-image/9.png HTTP/2.0" 200 3623 "https://www.pathoworld.in/" "Mozilla/5.0 (iPhone; CPU iPhone OS 26_3_1 like Mac OS X) AppleWebKit/605.1.15 (KHTML, like Gecko) GSA/412.0.882869339 Mobile/15E148 Safari/604.1"
176.88.93.13 - - [24/Mar/2026:02:14:32 +0530] "GET /assets/img/worldhealth.png HTTP/2.0" 200 6557 "https://www.pathoworld.in/" "Mozilla/5.0 (iPhone; CPU iPhone OS 26_3_1 like Mac OS X) AppleWebKit/605.1.15 (KHTML, like Gecko) GSA/412.0.882869339 Mobile/15E148 Safari/604.1"
176.88.93.13 - - [24/Mar/2026:02:14:32 +0530] "GET /assets/img/icons/sugar.png HTTP/2.0" 200 14022 "https://www.pathoworld.in/" "Mozilla/5.0 (iPhone; CPU iPhone OS 26_3_1 like Mac OS X) AppleWebKit/605.1.15 (KHTML, like Gecko) GSA/412.0.882869339 Mobile/15E148 Safari/604.1"
176.88.93.13 - - [24/Mar/2026:02:14:32 +0530] "GET /assets/img/shape-image/10.png HTTP/2.0" 200 1515 "https://www.pathoworld.in/" "Mozilla/5.0 (iPhone; CPU iPhone OS 26_3_1 like Mac OS X) AppleWebKit/605.1.15 (KHTML, like Gecko) GSA/412.0.882869339 Mobile/15E148 Safari/604.1"
176.88.93.13 - - [24/Mar/2026:02:14:32 +0530] "GET /assets/img/icons/graph.png HTTP/2.0" 200 29886 "https://www.pathoworld.in/" "Mozilla/5.0 (iPhone; CPU iPhone OS 26_3_1 like Mac OS X) AppleWebKit/605.1.15 (KHTML, like Gecko) GSA/412.0.882869339 Mobile/15E148 Safari/604.1"
176.88.93.13 - - [24/Mar/2026:02:14:32 +0530] "GET /assets/img/icons/mobile.png HTTP/2.0" 200 43677 "https://www.pathoworld.in/" "Mozilla/5.0 (iPhone; CPU iPhone OS 26_3_1 like Mac OS X) AppleWebKit/605.1.15 (KHTML, like Gecko) GSA/412.0.882869339 Mobile/15E148 Safari/604.1"
176.88.93.13 - - [24/Mar/2026:02:14:32 +0530] "GET /assets/img/icons/family.png HTTP/2.0" 200 45194 "https://www.pathoworld.in/" "Mozilla/5.0 (iPhone; CPU iPhone OS 26_3_1 like Mac OS X) AppleWebKit/605.1.15 (KHTML, like Gecko) GSA/412.0.882869339 Mobile/15E148 Safari/604.1"
176.88.93.13 - - [24/Mar/2026:02:14:32 +0530] "GET /admin/icon/healthcheckup.png HTTP/2.0" 200 42881 "https://www.pathoworld.in/" "Mozilla/5.0 (iPhone; CPU iPhone OS 26_3_1 like Mac OS X) AppleWebKit/605.1.15 (KHTML, like Gecko) GSA/412.0.882869339 Mobile/15E148 Safari/604.1"
176.88.93.13 - - [24/Mar/2026:02:14:32 +0530] "GET /assets/img/icons/discount.png HTTP/2.0" 200 62356 "https://www.pathoworld.in/" "Mozilla/5.0 (iPhone; CPU iPhone OS 26_3_1 like Mac OS X) AppleWebKit/605.1.15 (KHTML, like Gecko) GSA/412.0.882869339 Mobile/15E148 Safari/604.1"
176.88.93.13 - - [24/Mar/2026:02:14:32 +0530] "GET /assets/img/map1.png HTTP/2.0" 200 71706 "https://www.pathoworld.in/" "Mozilla/5.0 (iPhone; CPU iPhone OS 26_3_1 like Mac OS X) AppleWebKit/605.1.15 (KHTML, like Gecko) GSA/412.0.882869339 Mobile/15E148 Safari/604.1"
106.195.33.243 - - [24/Mar/2026:02:14:32 +0530] "GET /assets/css/odometer.min.css HTTP/2.0" 200 515 "https://www.pathoworld.in/" "Mozilla/5.0 (Linux; Android 10; K) AppleWebKit/537.36 (KHTML, like Gecko) Chrome/138.0.0.0 Mobile Safari/537.36"
103.216.70.34 - - [24/Mar/2026:02:14:32 +0530] "GET /assets/js/jquery.appear.js HTTP/2.0" 200 1360 "https://www.pathoworld.in/" "Mozilla/5.0 (Linux; Android 10; K) AppleWebKit/537.36 (KHTML, like Gecko) Chrome/146.0.0.0 Mobile Safari/537.36"
103.216.70.34 - - [24/Mar/2026:02:14:32 +0530] "GET /assets/js/odometer.min.js HTTP/2.0" 200 3631 "https://www.pathoworld.in/" "Mozilla/5.0 (Linux; Android 10; K) AppleWebKit/537.36 (KHTML, like Gecko) Chrome/146.0.0.0 Mobile Safari/537.36"
172.225.82.133 - - [24/Mar/2026:02:14:32 +0530] "GET /assets/css/flaticon.css HTTP/2.0" 200 665 "https://www.pathoworld.in/" "Mozilla/5.0 (iPhone; CPU iPhone OS 18_7 like Mac OS X) AppleWebKit/605.1.15 (KHTML, like Gecko) Version/26.3 Mobile/15E148 Safari/604.1"
172.225.82.133 - - [24/Mar/2026:02:14:32 +0530] "GET /assets/css/odometer.min.css HTTP/2.0" 200 515 "https://www.pathoworld.in/" "Mozilla/5.0 (iPhone; CPU iPhone OS 18_7 like Mac OS X) AppleWebKit/605.1.15 (KHTML, like Gecko) Version/26.3 Mobile/15E148 Safari/604.1"
172.225.82.133 - - [24/Mar/2026:02:14:32 +0530] "GET /assets/css/animate.min.css HTTP/2.0" 200 4324 "https://www.pathoworld.in/" "Mozilla/5.0 (iPhone; CPU iPhone OS 18_7 like Mac OS X) AppleWebKit/605.1.15 (KHTML, like Gecko) Version/26.3 Mobile/15E148 Safari/604.1"
172.225.82.133 - - [24/Mar/2026:02:14:32 +0530] "GET /assets/css/fontawesome.min.css HTTP/2.0" 200 12063 "https://www.pathoworld.in/" "Mozilla/5.0 (iPhone; CPU iPhone OS 18_7 like Mac OS X) AppleWebKit/605.1.15 (KHTML, like Gecko) Version/26.3 Mobile/15E148 Safari/604.1"
172.225.82.133 - - [24/Mar/2026:02:14:32 +0530] "GET /assets/css/bootstrap.min.css HTTP/2.0" 200 22910 "https://www.pathoworld.in/" "Mozilla/5.0 (iPhone; CPU iPhone OS 18_7 like Mac OS X) AppleWebKit/605.1.15 (KHTML, like Gecko) Version/26.3 Mobile/15E148 Safari/604.1"
172.225.82.133 - - [24/Mar/2026:02:14:32 +0530] "GET /assets/css/magnific-popup.min.css HTTP/2.0" 200 1566 "https://www.pathoworld.in/" "Mozilla/5.0 (iPhone; CPU iPhone OS 18_7 like Mac OS X) AppleWebKit/605.1.15 (KHTML, like Gecko) Version/26.3 Mobile/15E148 Safari/604.1"
223.182.212.162 - - [24/Mar/2026:02:14:32 +0530] "GET /assets/img/icons/family.png HTTP/2.0" 200 45194 "https://www.pathoworld.in/" "Mozilla/5.0 (Linux; Android 10; K) AppleWebKit/537.36 (KHTML, like Gecko) Chrome/145.0.0.0 Mobile Safari/537.36"
106.67.182.218 - - [24/Mar/2026:02:14:32 +0530] "GET /assets/css/responsive.css HTTP/2.0" 200 5713 "https://www.pathoworld.in/" "Mozilla/5.0 (Linux; Android 10; K) AppleWebKit/537.36 (KHTML, like Gecko) Chrome/145.0.0.0 Mobile Safari/537.36"
223.182.212.162 - - [24/Mar/2026:02:14:32 +0530] "GET /assets/img/shape-image/9.png HTTP/2.0" 200 3623 "https://www.pathoworld.in/" "Mozilla/5.0 (Linux; Android 10; K) AppleWebKit/537.36 (KHTML, like Gecko) Chrome/145.0.0.0 Mobile Safari/537.36"
150.129.100.194 - - [24/Mar/2026:02:14:32 +0530] "GET /assets/img/imaging-pathoworld.png HTTP/2.0" 200 97252 "https://www.pathoworld.in/" "Mozilla/5.0 (Linux; Android 10; K) AppleWebKit/537.36 (KHTML, like Gecko) Chrome/146.0.0.0 Mobile Safari/537.36"
103.216.70.34 - - [24/Mar/2026:02:14:32 +0530] "GET /assets/js/jquery.magnific-popup.min.js HTTP/2.0" 200 7346 "https://www.pathoworld.in/" "Mozilla/5.0 (Linux; Android 10; K) AppleWebKit/537.36 (KHTML, like Gecko) Chrome/146.0.0.0 Mobile Safari/537.36"
103.216.70.34 - - [24/Mar/2026:02:14:32 +0530] "GET /assets/js/parallax.min.js HTTP/2.0" 200 4001 "https://www.pathoworld.in/" "Mozilla/5.0 (Linux; Android 10; K) AppleWebKit/537.36 (KHTML, like Gecko) Chrome/146.0.0.0 Mobile Safari/537.36"
103.216.70.34 - - [24/Mar/2026:02:14:32 +0530] "GET /assets/js/owl.carousel.min.js HTTP/2.0" 200 11412 "https://www.pathoworld.in/" "Mozilla/5.0 (Linux; Android 10; K) AppleWebKit/537.36 (KHTML, like Gecko) Chrome/146.0.0.0 Mobile Safari/537.36"
156.204.96.107 - - [24/Mar/2026:02:14:32 +0530] "GET / HTTP/2.0" 508 288 "https://wowkawai.pages.dev/" "Mozilla/5.0 (Linux; Android 13; SM-F907N) AppleWebKit/537.36 (KHTML, like Gecko) SamsungBrowser/28.0 Chrome/143.0.7499.53 Mobile Safari/537.36"
223.182.212.162 - - [24/Mar/2026:02:14:32 +0530] "GET /assets/img/shape-image/10.png HTTP/2.0" 200 1515 "https://www.pathoworld.in/" "Mozilla/5.0 (Linux; Android 10; K) AppleWebKit/537.36 (KHTML, like Gecko) Chrome/145.0.0.0 Mobile Safari/537.36"
89.167.52.27 - - [24/Mar/2026:02:14:21 +0530] "GET / HTTP/1.1" 200 9055 "https://29571643-37023-36574.tentedienat.com/" "Mozilla/5.0 (Linux; Android 10; K) AppleWebKit/537.36 (KHTML, like Gecko) SamsungBrowser/24.0 Chrome/117.0.0.0 Mobile Safari/537.36"
150.129.100.194 - - [24/Mar/2026:02:14:32 +0530] "GET /assets/js/jquery.min.js HTTP/2.0" 200 30900 "https://www.pathoworld.in/" "Mozilla/5.0 (Linux; Android 10; K) AppleWebKit/537.36 (KHTML, like Gecko) Chrome/146.0.0.0 Mobile Safari/537.36"
103.216.70.34 - - [24/Mar/2026:02:14:32 +0530] "GET /assets/js/progressbar.min.js HTTP/2.0" 200 504 "https://www.pathoworld.in/" "Mozilla/5.0 (Linux; Android 10; K) AppleWebKit/537.36 (KHTML, like Gecko) Chrome/146.0.0.0 Mobile Safari/537.36"
103.216.70.34 - - [24/Mar/2026:02:14:32 +0530] "GET /assets/js/wow.min.js HTTP/2.0" 200 2702 "https://www.pathoworld.in/" "Mozilla/5.0 (Linux; Android 10; K) AppleWebKit/537.36 (KHTML, like Gecko) Chrome/146.0.0.0 Mobile Safari/537.36"
103.216.70.34 - - [24/Mar/2026:02:14:32 +0530] "GET /assets/js/jquery.ajaxchimp.min.js HTTP/2.0" 200 939 "https://www.pathoworld.in/" "Mozilla/5.0 (Linux; Android 10; K) AppleWebKit/537.36 (KHTML, like Gecko) Chrome/146.0.0.0 Mobile Safari/537.36"
106.195.33.243 - - [24/Mar/2026:02:14:32 +0530] "GET /assets/css/meanmenu.css HTTP/2.0" 200 986 "https://www.pathoworld.in/" "Mozilla/5.0 (Linux; Android 10; K) AppleWebKit/537.36 (KHTML, like Gecko) Chrome/138.0.0.0 Mobile Safari/537.36"
223.182.212.162 - - [24/Mar/2026:02:14:32 +0530] "GET /assets/img/map1.png HTTP/2.0" 200 71706 "https://www.pathoworld.in/" "Mozilla/5.0 (Linux; Android 10; K) AppleWebKit/537.36 (KHTML, like Gecko) Chrome/145.0.0.0 Mobile Safari/537.36"
150.129.100.194 - - [24/Mar/2026:02:14:32 +0530] "GET /assets/js/popper.min.js HTTP/2.0" 200 6623 "https://www.pathoworld.in/" "Mozilla/5.0 (Linux; Android 10; K) AppleWebKit/537.36 (KHTML, like Gecko) Chrome/146.0.0.0 Mobile Safari/537.36"
103.216.70.34 - - [24/Mar/2026:02:14:32 +0530] "GET /assets/js/contact-form-script.js HTTP/2.0" 200 740 "https://www.pathoworld.in/" "Mozilla/5.0 (Linux; Android 10; K) AppleWebKit/537.36 (KHTML, like Gecko) Chrome/146.0.0.0 Mobile Safari/537.36"
103.216.70.34 - - [24/Mar/2026:02:14:32 +0530] "GET /assets/js/form-validator.min.js HTTP/2.0" 200 2096 "https://www.pathoworld.in/" "Mozilla/5.0 (Linux; Android 10; K) AppleWebKit/537.36 (KHTML, like Gecko) Chrome/146.0.0.0 Mobile Safari/537.36"
103.216.70.34 - - [24/Mar/2026:02:14:32 +0530] "GET /assets/js/main.js HTTP/2.0" 200 2464 "https://www.pathoworld.in/" "Mozilla/5.0 (Linux; Android 10; K) AppleWebKit/537.36 (KHTML, like Gecko) Chrome/146.0.0.0 Mobile Safari/537.36"
223.182.212.162 - - [24/Mar/2026:02:14:32 +0530] "GET /assets/img/user.png HTTP/2.0" 200 26361 "https://www.pathoworld.in/" "Mozilla/5.0 (Linux; Android 10; K) AppleWebKit/537.36 (KHTML, like Gecko) Chrome/145.0.0.0 Mobile Safari/537.36"
150.129.100.194 - - [24/Mar/2026:02:14:32 +0530] "GET /assets/js/bootstrap.min.js HTTP/2.0" 200 15918 "https://www.pathoworld.in/" "Mozilla/5.0 (Linux; Android 10; K) AppleWebKit/537.36 (KHTML, like Gecko) Chrome/146.0.0.0 Mobile Safari/537.36"
181.176.42.170 - - [24/Mar/2026:02:14:32 +0530] "GET /assets/img/worldhealth.png HTTP/2.0" 200 6557 "https://www.pathoworld.in/" "Mozilla/5.0 (Linux; Android 10; K) AppleWebKit/537.36 (KHTML, like Gecko) Chrome/145.0.0.0 Mobile Safari/537.36"
152.59.162.183 - - [24/Mar/2026:02:14:32 +0530] "GET /assets/img/icons/sugar.png HTTP/2.0" 200 14022 "https://www.pathoworld.in/" "Mozilla/5.0 (iPhone; CPU iPhone OS 26_3_1 like Mac OS X) AppleWebKit/605.1.15 (KHTML, like Gecko) CriOS/146.0.7680.40 Mobile/15E148 Safari/604.1"
152.59.162.183 - - [24/Mar/2026:02:14:32 +0530] "GET /assets/img/shape-image/9.png HTTP/2.0" 200 3623 "https://www.pathoworld.in/" "Mozilla/5.0 (iPhone; CPU iPhone OS 26_3_1 like Mac OS X) AppleWebKit/605.1.15 (KHTML, like Gecko) CriOS/146.0.7680.40 Mobile/15E148 Safari/604.1"
150.129.100.194 - - [24/Mar/2026:02:14:32 +0530] "GET /assets/js/jquery.meanmenu.js HTTP/2.0" 200 1607 "https://www.pathoworld.in/" "Mozilla/5.0 (Linux; Android 10; K) AppleWebKit/537.36 (KHTML, like Gecko) Chrome/146.0.0.0 Mobile Safari/537.36"
152.59.162.183 - - [24/Mar/2026:02:14:32 +0530] "GET /assets/img/shape-image/10.png HTTP/2.0" 200 1515 "https://www.pathoworld.in/" "Mozilla/5.0 (iPhone; CPU iPhone OS 26_3_1 like Mac OS X) AppleWebKit/605.1.15 (KHTML, like Gecko) CriOS/146.0.7680.40 Mobile/15E148 Safari/604.1"
152.59.162.183 - - [24/Mar/2026:02:14:32 +0530] "GET /assets/img/icons/graph.png HTTP/2.0" 200 29886 "https://www.pathoworld.in/" "Mozilla/5.0 (iPhone; CPU iPhone OS 26_3_1 like Mac OS X) AppleWebKit/605.1.15 (KHTML, like Gecko) CriOS/146.0.7680.40 Mobile/15E148 Safari/604.1"
152.59.162.183 - - [24/Mar/2026:02:14:32 +0530] "GET /assets/img/user.png HTTP/2.0" 200 26361 "https://www.pathoworld.in/" "Mozilla/5.0 (iPhone; CPU iPhone OS 26_3_1 like Mac OS X) AppleWebKit/605.1.15 (KHTML, like Gecko) CriOS/146.0.7680.40 Mobile/15E148 Safari/604.1"
152.59.162.183 - - [24/Mar/2026:02:14:32 +0530] "GET /assets/img/icons/mobile.png HTTP/2.0" 200 43677 "https://www.pathoworld.in/" "Mozilla/5.0 (iPhone; CPU iPhone OS 26_3_1 like Mac OS X) AppleWebKit/605.1.15 (KHTML, like Gecko) CriOS/146.0.7680.40 Mobile/15E148 Safari/604.1"
152.59.162.183 - - [24/Mar/2026:02:14:32 +0530] "GET /assets/img/icons/family.png HTTP/2.0" 200 45194 "https://www.pathoworld.in/" "Mozilla/5.0 (iPhone; CPU iPhone OS 26_3_1 like Mac OS X) AppleWebKit/605.1.15 (KHTML, like Gecko) CriOS/146.0.7680.40 Mobile/15E148 Safari/604.1"
152.59.162.183 - - [24/Mar/2026:02:14:32 +0530] "GET /assets/img/map1.png HTTP/2.0" 200 71706 "https://www.pathoworld.in/" "Mozilla/5.0 (iPhone; CPU iPhone OS 26_3_1 like Mac OS X) AppleWebKit/605.1.15 (KHTML, like Gecko) CriOS/146.0.7680.40 Mobile/15E148 Safari/604.1"
152.59.162.183 - - [24/Mar/2026:02:14:32 +0530] "GET /assets/img/cta-bg.jpg HTTP/2.0" 200 604579 "https://www.pathoworld.in/" "Mozilla/5.0 (iPhone; CPU iPhone OS 26_3_1 like Mac OS X) AppleWebKit/605.1.15 (KHTML, like Gecko) CriOS/146.0.7680.40 Mobile/15E148 Safari/604.1"
181.176.45.248 - - [24/Mar/2026:02:14:32 +0530] "GET /admin/icon/eldermanhealthcheckup.png HTTP/2.0" 200 47535 "https://www.pathoworld.in/" "Mozilla/5.0 (Linux; Android 10; K) AppleWebKit/537.36 (KHTML, like Gecko) Chrome/143.0.0.0 Mobile Safari/537.36"
181.176.42.170 - - [24/Mar/2026:02:14:32 +0530] "GET /assets/img/icons/discount.png HTTP/2.0" 200 62356 "https://www.pathoworld.in/" "Mozilla/5.0 (Linux; Android 10; K) AppleWebKit/537.36 (KHTML, like Gecko) Chrome/145.0.0.0 Mobile Safari/537.36"
181.176.45.248 - - [24/Mar/2026:02:14:32 +0530] "GET /admin/icon/elderwomanhealthcheckup.png HTTP/2.0" 200 43513 "https://www.pathoworld.in/" "Mozilla/5.0 (Linux; Android 10; K) AppleWebKit/537.36 (KHTML, like Gecko) Chrome/143.0.0.0 Mobile Safari/537.36"
181.176.42.170 - - [24/Mar/2026:02:14:32 +0530] "GET /assets/img/icons/blood.png HTTP/2.0" 200 10471 "https://www.pathoworld.in/" "Mozilla/5.0 (Linux; Android 10; K) AppleWebKit/537.36 (KHTML, like Gecko) Chrome/145.0.0.0 Mobile Safari/537.36"
181.176.45.248 - - [24/Mar/2026:02:14:32 +0530] "GET /assets/img/worldhealth.png HTTP/2.0" 200 6557 "https://www.pathoworld.in/" "Mozilla/5.0 (Linux; Android 10; K) AppleWebKit/537.36 (KHTML, like Gecko) Chrome/143.0.0.0 Mobile Safari/537.36"
150.129.100.194 - - [24/Mar/2026:02:14:32 +0530] "GET /assets/js/jquery.appear.js HTTP/2.0" 200 1360 "https://www.pathoworld.in/" "Mozilla/5.0 (Linux; Android 10; K) AppleWebKit/537.36 (KHTML, like Gecko) Chrome/146.0.0.0 Mobile Safari/537.36"
150.129.100.194 - - [24/Mar/2026:02:14:32 +0530] "GET /assets/js/odometer.min.js HTTP/2.0" 200 3631 "https://www.pathoworld.in/" "Mozilla/5.0 (Linux; Android 10; K) AppleWebKit/537.36 (KHTML, like Gecko) Chrome/146.0.0.0 Mobile Safari/537.36"
106.67.182.218 - - [24/Mar/2026:02:14:32 +0530] "GET /assets/img/logo.png HTTP/2.0" 200 204319 "https://www.pathoworld.in/" "Mozilla/5.0 (Linux; Android 10; K) AppleWebKit/537.36 (KHTML, like Gecko) Chrome/145.0.0.0 Mobile Safari/537.36"
106.67.182.218 - - [24/Mar/2026:02:14:32 +0530] "GET /assets/cart-icon.png HTTP/2.0" 200 2855 "https://www.pathoworld.in/" "Mozilla/5.0 (Linux; Android 10; K) AppleWebKit/537.36 (KHTML, like Gecko) Chrome/145.0.0.0 Mobile Safari/537.36"
152.59.174.110 - - [24/Mar/2026:02:14:32 +0530] "GET / HTTP/2.0" 508 288 "https://29571644-25608-36574.squitoiages.com/iyRBDoQyPA3lZtczvQOYbhxKk9RS5tiGZvtUX8icEJ4RPJycyVWhZj8Q_5okCNQP7cQLcr4?_=0a2591c5-26f9-11f1-99a3-d104d453cb8e&d=BQ5qQHPe6ZWWrjlpVgsR9dfYEpyiNfatPmgVFL0Wia8c0E5pFh1s1J3cLJwyFzt-XrenpAZlH48-J48oMW2Jw2dWChTIpxmbFMg8B8mXmqA3EbebZ7bDnV1YrBdhZb6MPYvzJARQ5IE-RoZzg2TPwPAJweAylUwXSmqfOjett_hw2ZsGUe9HQ_FjIxVIJjX1FiQg-LxFcB6vjkG4sB0FQyQEB-nxJZCoaaD4a2_M_On7nAp_Y1sKaJJP8yhGestZo_OlISjouZyp8gCsPUG7pL1NEuzrvsMxqFmyTCB01ONs1FJO5Juvv0AHfpf5q0QPLPOpmA3t1ap5nKN9kJpH8iLY0X72h3LGuq-235jcLR81_y0MbVijwfoJIYZfANLfDvqOq1ZEB3MoOsLYUz5IVtkv2MGALfgNS8gRVTFVXOyPINNkBdvTvo0D-x9c54kYj8UeYQn-mMwgYmGjwHiJZ1MqMNLRpJfkVpyJR9pWU19Tq91_tCn5rNdr-hhL-CITSCxJwGwNzmsZzeoyRJAkCIGwoUbGiQeI9bBUjmgBKaotSyKdCM3lVK-cdJ0Go__mrfbeaa3EyrpDjMkzSn7HzZCucG5QUgGmeWnpT7i3m10QvGZO_RQ3w5F3IwZxeSaZj5UjKARN27uaNNg2rGSWS_B4jIoej6JDujwhBTZlcNT3WBryKY3I8LAu8_U1F_d_dZjUvcx3JS-wAl4-q767SfB-yqtWMVFx1vUbymzJZJVQFJ0qaaEgBpASS1w250HNoFHvvQQEUZxRNbeBCfYSa4G6PS-IJgm7Pg84saRIm0odir9iv3hFoUp1w44dN_wz_Bkqdwo-U1eMFTWvUSIkmAr_CohcwQoeMvLHeNtZs-b-LKy9efn1XhPDcQnWfPL4MZ2YcVRB3CjLWUwpAy03lqjJeUoqgs4Sw6CSEmRGJlij8-iGfUg3On86uJ4fD2hcwpPWlaYmCnEgS7oV3d-zDHv7YwmgyzntSirU-jmk1eP3aaE0f_yUdQFWnmjLjkhJkukbNRvNHYPxlDbStD2UFIp3xcKxHHdT7Ms0ciEaBoLsFJHgau2V47kyuKfkyYaS4EdD-8qq_4la_VnvPUJptVoEAGY2VacnI8appaw1eIl63Xej91YFsx1Bz-0Szv2vkz6HScRbYzxcPW9viEGyLpnrcAah3Mx2U5kh8lenE2cuwlA&_bbr=1" "Mozilla/5.0 (Linux; Android 10; K) AppleWebKit/537.36 (KHTML, like Gecko) Chrome/145.0.0.0 Mobile Safari/537.36"
150.129.100.194 - - [24/Mar/2026:02:14:32 +0530] "GET /assets/js/jquery.magnific-popup.min.js HTTP/2.0" 200 7346 "https://www.pathoworld.in/" "Mozilla/5.0 (Linux; Android 10; K) AppleWebKit/537.36 (KHTML, like Gecko) Chrome/146.0.0.0 Mobile Safari/537.36"
172.225.82.133 - - [24/Mar/2026:02:14:32 +0530] "GET /assets/css/meanmenu.css HTTP/2.0" 200 986 "https://www.pathoworld.in/" "Mozilla/5.0 (iPhone; CPU iPhone OS 18_7 like Mac OS X) AppleWebKit/605.1.15 (KHTML, like Gecko) Version/26.3 Mobile/15E148 Safari/604.1"
172.225.82.133 - - [24/Mar/2026:02:14:32 +0530] "GET /assets/css/owl.carousel.min.css HTTP/2.0" 200 1284 "https://www.pathoworld.in/" "Mozilla/5.0 (iPhone; CPU iPhone OS 18_7 like Mac OS X) AppleWebKit/605.1.15 (KHTML, like Gecko) Version/26.3 Mobile/15E148 Safari/604.1"
172.225.82.133 - - [24/Mar/2026:02:14:32 +0530] "GET /assets/css/progressbar.min.css HTTP/2.0" 200 350 "https://www.pathoworld.in/" "Mozilla/5.0 (iPhone; CPU iPhone OS 18_7 like Mac OS X) AppleWebKit/605.1.15 (KHTML, like Gecko) Version/26.3 Mobile/15E148 Safari/604.1"
172.225.82.133 - - [24/Mar/2026:02:14:32 +0530] "GET /assets/css/responsive.css HTTP/2.0" 200 5713 "https://www.pathoworld.in/" "Mozilla/5.0 (iPhone; CPU iPhone OS 18_7 like Mac OS X) AppleWebKit/605.1.15 (KHTML, like Gecko) Version/26.3 Mobile/15E148 Safari/604.1"
172.225.82.133 - - [24/Mar/2026:02:14:32 +0530] "GET /assets/js/jquery.appear.js HTTP/2.0" 200 1360 "https://www.pathoworld.in/" "Mozilla/5.0 (iPhone; CPU iPhone OS 18_7 like Mac OS X) AppleWebKit/605.1.15 (KHTML, like Gecko) Version/26.3 Mobile/15E148 Safari/604.1"
172.225.82.133 - - [24/Mar/2026:02:14:32 +0530] "GET /assets/js/odometer.min.js HTTP/2.0" 200 3631 "https://www.pathoworld.in/" "Mozilla/5.0 (iPhone; CPU iPhone OS 18_7 like Mac OS X) AppleWebKit/605.1.15 (KHTML, like Gecko) Version/26.3 Mobile/15E148 Safari/604.1"
172.225.82.133 - - [24/Mar/2026:02:14:32 +0530] "GET /assets/js/jquery.magnific-popup.min.js HTTP/2.0" 200 7346 "https://www.pathoworld.in/" "Mozilla/5.0 (iPhone; CPU iPhone OS 18_7 like Mac OS X) AppleWebKit/605.1.15 (KHTML, like Gecko) Version/26.3 Mobile/15E148 Safari/604.1"
172.225.82.133 - - [24/Mar/2026:02:14:32 +0530] "GET /assets/js/progressbar.min.js HTTP/2.0" 200 504 "https://www.pathoworld.in/" "Mozilla/5.0 (iPhone; CPU iPhone OS 18_7 like Mac OS X) AppleWebKit/605.1.15 (KHTML, like Gecko) Version/26.3 Mobile/15E148 Safari/604.1"
172.225.82.133 - - [24/Mar/2026:02:14:32 +0530] "GET /assets/js/wow.min.js HTTP/2.0" 200 2702 "https://www.pathoworld.in/" "Mozilla/5.0 (iPhone; CPU iPhone OS 18_7 like Mac OS X) AppleWebKit/605.1.15 (KHTML, like Gecko) Version/26.3 Mobile/15E148 Safari/604.1"
172.225.82.133 - - [24/Mar/2026:02:14:32 +0530] "GET /assets/js/jquery.ajaxchimp.min.js HTTP/2.0" 200 939 "https://www.pathoworld.in/" "Mozilla/5.0 (iPhone; CPU iPhone OS 18_7 like Mac OS X) AppleWebKit/605.1.15 (KHTML, like Gecko) Version/26.3 Mobile/15E148 Safari/604.1"
172.225.82.133 - - [24/Mar/2026:02:14:32 +0530] "GET /assets/js/form-validator.min.js HTTP/2.0" 200 2096 "https://www.pathoworld.in/" "Mozilla/5.0 (iPhone; CPU iPhone OS 18_7 like Mac OS X) AppleWebKit/605.1.15 (KHTML, like Gecko) Version/26.3 Mobile/15E148 Safari/604.1"
103.216.70.34 - - [24/Mar/2026:02:14:32 +0530] "GET /assets/img/slider/web-benner-12.png HTTP/2.0" 200 444437 "https://www.pathoworld.in/" "Mozilla/5.0 (Linux; Android 10; K) AppleWebKit/537.36 (KHTML, like Gecko) Chrome/146.0.0.0 Mobile Safari/537.36"
157.37.148.135 - - [24/Mar/2026:02:14:32 +0530] "GET /assets/img/cta-bg.jpg HTTP/2.0" 200 604579 "https://www.pathoworld.in/assets/css/style.css" "Mozilla/5.0 (Linux; Android 10; K) AppleWebKit/537.36 (KHTML, like Gecko) Chrome/146.0.0.0 Mobile Safari/537.36"
106.195.33.243 - - [24/Mar/2026:02:14:32 +0530] "GET /assets/css/owl.carousel.min.css HTTP/2.0" 200 1284 "https://www.pathoworld.in/" "Mozilla/5.0 (Linux; Android 10; K) AppleWebKit/537.36 (KHTML, like Gecko) Chrome/138.0.0.0 Mobile Safari/537.36"
150.129.100.194 - - [24/Mar/2026:02:14:32 +0530] "GET /assets/js/parallax.min.js HTTP/2.0" 200 4001 "https://www.pathoworld.in/" "Mozilla/5.0 (Linux; Android 10; K) AppleWebKit/537.36 (KHTML, like Gecko) Chrome/146.0.0.0 Mobile Safari/537.36"
172.225.82.133 - - [24/Mar/2026:02:14:32 +0530] "GET /assets/js/owl.carousel.min.js HTTP/2.0" 200 11412 "https://www.pathoworld.in/" "Mozilla/5.0 (iPhone; CPU iPhone OS 18_7 like Mac OS X) AppleWebKit/605.1.15 (KHTML, like Gecko) Version/26.3 Mobile/15E148 Safari/604.1"
172.225.82.133 - - [24/Mar/2026:02:14:32 +0530] "GET /assets/js/contact-form-script.js HTTP/2.0" 200 740 "https://www.pathoworld.in/" "Mozilla/5.0 (iPhone; CPU iPhone OS 18_7 like Mac OS X) AppleWebKit/605.1.15 (KHTML, like Gecko) Version/26.3 Mobile/15E148 Safari/604.1"
172.225.82.133 - - [24/Mar/2026:02:14:32 +0530] "GET /assets/js/main.js HTTP/2.0" 200 2464 "https://www.pathoworld.in/" "Mozilla/5.0 (iPhone; CPU iPhone OS 18_7 like Mac OS X) AppleWebKit/605.1.15 (KHTML, like Gecko) Version/26.3 Mobile/15E148 Safari/604.1"
