103.151.189.41 - - [24/Mar/2026:02:14:31 +0530] "GET / HTTP/2.0" 200 - "https://29571644-34894-36574.tentedienat.com/jC1OC4MxPAjpZtczvQOYbhxKk9RS5tiGZvtUX8icEJ4RPJyQyfZlqOtxhdjkFGOXmu2tv8U?_=3497773610522656003&d=BQ5qQHPeBZSuqTkp1BYS9TfYEgTQo5tNWxkGRSmvigNkI_usJlFV6uITs7giPIRzMDZ8oJwD7_FI1qTmlATwwKziMZ3VDWhHOfQntmHhBWe-P87MIk-gfs9TElRlMS0OpvVPfgKgRZ6CsfeHYBvV5IJiLnwjTWkOt04HtwxiSrVBTEa3VpV7oEhu_wOpTd7wCjUE0VaKglnt2xtUEHBdYvPYFszVfTDXsDwpXVl4nvhZ53fZkKAeSWElsfqqPXsjBwAYNF9Jo9k0yt-_heLPq5p0Y7CNr9DQjixAzbtzlCv2Q1yBemooaXW5pNkUl37r70raQ3Xte3eDuF-9ie3s-2pQpc-Yos406Xmkr14WYypbjb6sehKY2TQ29y874slJIYXh2xnDXerNLPJYkz1O1oMfKxW6tPXoAROoHiFujO4B4Mk8RvVpOnJGAtlSyBxa6dcAT-1-zLmo_8Ttt5THecqADjEeGRbduHQIZuWpRo9FmKogJN5aCWCqqxZC23bcEvDgmhWbBMn9PkF29RapMbyL0Mwxm5K0rjtCnK9ORApDPzkb7pPf7szDA9_YY_b4HluyI17zdgXdQqR-O0xg-rsuJkp5blN2gh5KA6sc0VFqcfyUhr688MZ2W9VExCasK0S9SduA_9b0-MhNCKsT0n9WfmC-hGuSF6S_-PYLx2BSqJYUn9QPLaihjeSM57wyMKUPOG1Z1INfC3m_eUaMorHxoINGWulHSODn2ENhcjf69sVpLt0QoZ7c33zaKZB2Vb-Q7XYbaAh9vR2gLyZG9-zb1f8mHXzs1E7DxxeWmAVtzCUg2EOqYp7sZw9d_97sg3c5ptg7o5z7qzO8Rwlnd1SIlaWtSGEoJJOGxVJc9Ib8LOTt4rKjOfV_bnyGGbcmen8AuOOjWTFEA7s_bS-4AEdiNgj0RdX9zfaZHvK3f8i-U4Ow2zwLfjl1KNfBALMeKViz7UKuYxTRvFIZriiFjHW9spahMouMh4zg9f1FS-QbzGIBiAGtRVzWptf9Zl9T-1g7IQ44ZO6TpULpL2NbQNaBKUp1hlwVAkKK1WPiV5Xh-awfarbALd6gSOxfDE54aqw44ihxw5AVb_Gon9YScO_jUMXvyzBoEVlftRKkLN0FcNki3XvCofj60YKE9ClRoHTcvtwXobV4ddVPKbPdP6Dexwnbc01bGgUVx5NoOJHvu-nWjG90_AS2k-WalbedvfoqbHq0ChYPhmlSJ7eW7iHi&_bbr=1" "Mozilla/5.0 (Linux; Android 10; K) AppleWebKit/537.36 (KHTML, like Gecko) Chrome/146.0.0.0 Mobile Safari/537.36"
37.239.26.5 - - [24/Mar/2026:02:14:38 +0530] "GET /assets/css/magnific-popup.min.css HTTP/2.0" 200 1566 "https://www.pathoworld.in/" "Mozilla/5.0 (Linux; Android 10; K) AppleWebKit/537.36 (KHTML, like Gecko) Chrome/146.0.0.0 Mobile Safari/537.36"
42.104.189.237 - - [24/Mar/2026:02:14:38 +0530] "GET /assets/css/responsive.css HTTP/2.0" 200 5713 "https://www.pathoworld.in/" "Mozilla/5.0 (Linux; Android 10; K) AppleWebKit/537.36 (KHTML, like Gecko) Chrome/145.0.0.0 Mobile Safari/537.36"
157.51.206.196 - - [24/Mar/2026:02:14:38 +0530] "GET /assets/img/slider/s1.png HTTP/2.0" 200 104353 "https://www.pathoworld.in/" "Mozilla/5.0 (Linux; Android 10; K) AppleWebKit/537.36 (KHTML, like Gecko) SamsungBrowser/29.0 Chrome/136.0.0.0 Mobile Safari/537.36"
42.104.189.237 - - [24/Mar/2026:02:14:38 +0530] "GET /assets/css/style.css HTTP/2.0" 200 18238 "https://www.pathoworld.in/" "Mozilla/5.0 (Linux; Android 10; K) AppleWebKit/537.36 (KHTML, like Gecko) Chrome/145.0.0.0 Mobile Safari/537.36"
37.239.26.5 - - [24/Mar/2026:02:14:38 +0530] "GET /assets/css/odometer.min.css HTTP/2.0" 200 515 "https://www.pathoworld.in/" "Mozilla/5.0 (Linux; Android 10; K) AppleWebKit/537.36 (KHTML, like Gecko) Chrome/146.0.0.0 Mobile Safari/537.36"
37.239.26.5 - - [24/Mar/2026:02:14:38 +0530] "GET /assets/css/meanmenu.css HTTP/2.0" 200 986 "https://www.pathoworld.in/" "Mozilla/5.0 (Linux; Android 10; K) AppleWebKit/537.36 (KHTML, like Gecko) Chrome/146.0.0.0 Mobile Safari/537.36"
157.51.206.196 - - [24/Mar/2026:02:14:38 +0530] "GET /assets/img/slider/s2.png HTTP/2.0" 200 164012 "https://www.pathoworld.in/" "Mozilla/5.0 (Linux; Android 10; K) AppleWebKit/537.36 (KHTML, like Gecko) SamsungBrowser/29.0 Chrome/136.0.0.0 Mobile Safari/537.36"
106.67.182.218 - - [24/Mar/2026:02:14:38 +0530] "GET /assets/img/favicon.png HTTP/2.0" 200 14733 "https://www.pathoworld.in/" "Mozilla/5.0 (Linux; Android 10; K) AppleWebKit/537.36 (KHTML, like Gecko) Chrome/145.0.0.0 Mobile Safari/537.36"
165.51.101.209 - - [24/Mar/2026:02:14:38 +0530] "GET /assets/css/odometer.min.css HTTP/2.0" 200 515 "https://www.pathoworld.in/" "Mozilla/5.0 (Linux; Android 10; K) AppleWebKit/537.36 (KHTML, like Gecko) Chrome/146.0.0.0 Mobile Safari/537.36"
78.171.43.229 - - [24/Mar/2026:02:14:38 +0530] "GET /assets/css/flaticon.css HTTP/2.0" 200 665 "https://www.pathoworld.in/" "Mozilla/5.0 (Linux; Android 10; K) AppleWebKit/537.36 (KHTML, like Gecko) Chrome/146.0.0.0 Mobile Safari/537.36"
165.51.101.209 - - [24/Mar/2026:02:14:38 +0530] "GET /assets/css/owl.carousel.min.css HTTP/2.0" 200 1284 "https://www.pathoworld.in/" "Mozilla/5.0 (Linux; Android 10; K) AppleWebKit/537.36 (KHTML, like Gecko) Chrome/146.0.0.0 Mobile Safari/537.36"
78.171.43.229 - - [24/Mar/2026:02:14:38 +0530] "GET /assets/css/magnific-popup.min.css HTTP/2.0" 200 1566 "https://www.pathoworld.in/" "Mozilla/5.0 (Linux; Android 10; K) AppleWebKit/537.36 (KHTML, like Gecko) Chrome/146.0.0.0 Mobile Safari/537.36"
191.34.71.147 - - [24/Mar/2026:02:14:32 +0530] "GET / HTTP/2.0" 200 9055 "https://29571644-33181-36574.tentedienat.com/hyNBC40xNAjaQ8wo-weFFCRIkdBJ-9uYefozOcqWHp4fNpn-pgSf1geutJAbNYRJOrIQ3A?_=08270331-26f9-11f1-a2c6-ebbd1424a578&d=BQ5qQHPe15VOrzk5kQwQ5dcqEhBnQvRZv8sbdUG4BdJOxam-4ozbsf4Nb1LoyrXpF3chRgJ9l0VN-RjcCSsO-5_HqkXVEWMGvSGMD-uqSj0Y3_C_BvnmOaWNJ4nPwFGuSta5x-bXs_NK3OFMkWIqu6tl28ykRenvQVpo_vaZwIVkLv4oZSLhMvkiYEZ9wEKNVZoIuBtJJWr0QS4mnbbl7B8nATWK0hwTlo4llDWUnvbGu9kj-GT8XSXl1O5rebUwHCPOx6mVo_Kj4Hvd7LeMnfiTaOK3CoFrZmuh8fdJCkOSMG75nVe8Co7cdOOG8i-ZFSrTHhp4ZWe_fCN70TRvspBkcf9h-IINQncSXkYer1c0QyF2qSsTvb8cOjRzziEvBA7cMR9UgbzbWkzjDuAdaX1Rd3nk84a9w8ReMwIPpntMMLwXzXC2IlNVvJA4AZ1sTCG_pMW-ch4HlwU_N6kxSktOvZY-9ZfCCHw9EhHNMgB5voY41YmwZD1LbhnOf_BwcyZCHvn9BDKHbs1rMrjqgREgFikdjJvnW3UGJ0WIE0gwBk0K9rME6u_xOkFALJ6Laa0jjeUnz1wplXqkxadMN1k_FZvt2Pd3CMZ14plMsBWnj5h7H4i50CNp_Tj1paFBgwpRCwhCCd4jKdr5ooRRRgxqjn6MYqIjvT3J8vKCRQSWuPyDne6eG3kV0JzGuPOlRI7yWExgBUZCPPJtiB5RIgWjUFTE6NyBz-jQmIHbYJtgHPj1Z7G_1w6pivREDdMhpzq8nD9uteY3NuWXi9B6oGP-lWAjl6BKJ75g8uFC1_23bTeuAL7-BP1snDvxbF6XV9y0StFUFiuOZQrVmwGNEIKgATRtpKoAGj5KTfg1uEPDANamYHbzxqgrDwrn9NVNg5PEkGHsD4tKb1dABWjJO8yB0PxPwMm5ybB9rfMKQVjBsf0JJdkuqbovq6gI5nVzrW6_GF7KYhw5rZ0tCOdUdbOa4_IsyCILkz35Ptd5n_83Wus_W3XSlGBXu9DePTNimzHn0RqHEWeDj5xhdgDs0QYs3o1SucKvJ44iwAbrMA1YXdygVW50qP892hHXbMBNE81tps2vaJIRlNYY5tNH_J1KsieEAnJtI8aPgQjvlyI_WcUAYZNECy4SQ0QnOYti9zWAKISIGUxm1lBkWOS2RDjUliN8zq2nbEXcT4Tq&_bbr=1" "Mozilla/5.0 (Windows NT 10.0; Win64; x64) AppleWebKit/537.36 (KHTML, like Gecko) Chrome/144.0.0.0 Safari/537.36 Edg/144.0.0.0"
157.51.206.196 - - [24/Mar/2026:02:14:38 +0530] "GET /assets/img/slider/s3.png HTTP/2.0" 200 124455 "https://www.pathoworld.in/" "Mozilla/5.0 (Linux; Android 10; K) AppleWebKit/537.36 (KHTML, like Gecko) SamsungBrowser/29.0 Chrome/136.0.0.0 Mobile Safari/537.36"
157.48.66.84 - - [24/Mar/2026:02:14:38 +0530] "GET /assets/img/map1.png HTTP/2.0" 200 71706 "https://www.pathoworld.in/" "Mozilla/5.0 (Linux; Android 10; K) AppleWebKit/537.36 (KHTML, like Gecko) Chrome/146.0.0.0 Mobile Safari/537.36"
78.171.43.229 - - [24/Mar/2026:02:14:38 +0530] "GET /assets/css/odometer.min.css HTTP/2.0" 200 515 "https://www.pathoworld.in/" "Mozilla/5.0 (Linux; Android 10; K) AppleWebKit/537.36 (KHTML, like Gecko) Chrome/146.0.0.0 Mobile Safari/537.36"
62.183.82.70 - - [24/Mar/2026:02:14:35 +0530] "GET / HTTP/2.0" 200 9055 "https://pagesonyou.my.id/" "Mozilla/5.0 (Linux; Android 13; SM-F9160) AppleWebKit/537.36 (KHTML, like Gecko) SamsungBrowser/28.0 Chrome/142.0.7444.49 Mobile Safari/537.36"
202.51.215.48 - - [24/Mar/2026:02:14:17 +0530] "GET /favicon.ico HTTP/2.0" 404 29421 "https://www.pathoworld.in/" "Mozilla/5.0 (Linux; Android 10; K) AppleWebKit/537.36 (KHTML, like Gecko) Chrome/146.0.0.0 Mobile Safari/537.36"
89.167.54.21 - - [24/Mar/2026:02:14:23 +0530] "GET / HTTP/1.1" 200 9055 "https://29571644-27747-36574.squitoiages.com/" "Mozilla/5.0 (iPad; CPU OS 14_4_2 like Mac OS X) AppleWebKit/605.1.15 (KHTML, like Gecko) Version/14.0.3 Mobile/15E148 Safari/604.1"
165.51.101.209 - - [24/Mar/2026:02:14:38 +0530] "GET /assets/css/progressbar.min.css HTTP/2.0" 200 350 "https://www.pathoworld.in/" "Mozilla/5.0 (Linux; Android 10; K) AppleWebKit/537.36 (KHTML, like Gecko) Chrome/146.0.0.0 Mobile Safari/537.36"
165.51.101.209 - - [24/Mar/2026:02:14:38 +0530] "GET /assets/css/style.css HTTP/2.0" 200 18238 "https://www.pathoworld.in/" "Mozilla/5.0 (Linux; Android 10; K) AppleWebKit/537.36 (KHTML, like Gecko) Chrome/146.0.0.0 Mobile Safari/537.36"
49.205.151.250 - - [24/Mar/2026:02:14:38 +0530] "GET /assets/css/flaticon.css HTTP/2.0" 200 665 "https://www.pathoworld.in/" "Mozilla/5.0 (Linux; Android 10; K) AppleWebKit/537.36 (KHTML, like Gecko) Chrome/146.0.0.0 Mobile Safari/537.36"
49.205.151.250 - - [24/Mar/2026:02:14:38 +0530] "GET /assets/css/fontawesome.min.css HTTP/2.0" 200 12063 "https://www.pathoworld.in/" "Mozilla/5.0 (Linux; Android 10; K) AppleWebKit/537.36 (KHTML, like Gecko) Chrome/146.0.0.0 Mobile Safari/537.36"
37.239.26.5 - - [24/Mar/2026:02:14:39 +0530] "GET /assets/css/owl.carousel.min.css HTTP/2.0" 200 1284 "https://www.pathoworld.in/" "Mozilla/5.0 (Linux; Android 10; K) AppleWebKit/537.36 (KHTML, like Gecko) Chrome/146.0.0.0 Mobile Safari/537.36"
49.205.151.250 - - [24/Mar/2026:02:14:39 +0530] "GET /assets/css/magnific-popup.min.css HTTP/2.0" 200 1566 "https://www.pathoworld.in/" "Mozilla/5.0 (Linux; Android 10; K) AppleWebKit/537.36 (KHTML, like Gecko) Chrome/146.0.0.0 Mobile Safari/537.36"
165.51.101.209 - - [24/Mar/2026:02:14:39 +0530] "GET /assets/css/responsive.css HTTP/2.0" 200 5713 "https://www.pathoworld.in/" "Mozilla/5.0 (Linux; Android 10; K) AppleWebKit/537.36 (KHTML, like Gecko) Chrome/146.0.0.0 Mobile Safari/537.36"
49.205.151.250 - - [24/Mar/2026:02:14:39 +0530] "GET /assets/css/odometer.min.css HTTP/2.0" 200 515 "https://www.pathoworld.in/" "Mozilla/5.0 (Linux; Android 10; K) AppleWebKit/537.36 (KHTML, like Gecko) Chrome/146.0.0.0 Mobile Safari/537.36"
49.205.151.250 - - [24/Mar/2026:02:14:39 +0530] "GET /assets/css/meanmenu.css HTTP/2.0" 200 986 "https://www.pathoworld.in/" "Mozilla/5.0 (Linux; Android 10; K) AppleWebKit/537.36 (KHTML, like Gecko) Chrome/146.0.0.0 Mobile Safari/537.36"
37.239.26.5 - - [24/Mar/2026:02:14:39 +0530] "GET /assets/css/progressbar.min.css HTTP/2.0" 200 350 "https://www.pathoworld.in/" "Mozilla/5.0 (Linux; Android 10; K) AppleWebKit/537.36 (KHTML, like Gecko) Chrome/146.0.0.0 Mobile Safari/537.36"
37.239.26.5 - - [24/Mar/2026:02:14:39 +0530] "GET /assets/css/style.css HTTP/2.0" 200 18238 "https://www.pathoworld.in/" "Mozilla/5.0 (Linux; Android 10; K) AppleWebKit/537.36 (KHTML, like Gecko) Chrome/146.0.0.0 Mobile Safari/537.36"
49.205.151.250 - - [24/Mar/2026:02:14:39 +0530] "GET /assets/css/owl.carousel.min.css HTTP/2.0" 200 1284 "https://www.pathoworld.in/" "Mozilla/5.0 (Linux; Android 10; K) AppleWebKit/537.36 (KHTML, like Gecko) Chrome/146.0.0.0 Mobile Safari/537.36"
49.205.151.250 - - [24/Mar/2026:02:14:39 +0530] "GET /assets/css/progressbar.min.css HTTP/2.0" 200 350 "https://www.pathoworld.in/" "Mozilla/5.0 (Linux; Android 10; K) AppleWebKit/537.36 (KHTML, like Gecko) Chrome/146.0.0.0 Mobile Safari/537.36"
49.205.151.250 - - [24/Mar/2026:02:14:39 +0530] "GET /assets/css/style.css HTTP/2.0" 200 18238 "https://www.pathoworld.in/" "Mozilla/5.0 (Linux; Android 10; K) AppleWebKit/537.36 (KHTML, like Gecko) Chrome/146.0.0.0 Mobile Safari/537.36"
49.205.151.250 - - [24/Mar/2026:02:14:39 +0530] "GET /assets/css/responsive.css HTTP/2.0" 200 5713 "https://www.pathoworld.in/" "Mozilla/5.0 (Linux; Android 10; K) AppleWebKit/537.36 (KHTML, like Gecko) Chrome/146.0.0.0 Mobile Safari/537.36"
157.51.206.196 - - [24/Mar/2026:02:14:39 +0530] "GET /assets/img/shape-image/1.png HTTP/2.0" 200 4694 "https://www.pathoworld.in/" "Mozilla/5.0 (Linux; Android 10; K) AppleWebKit/537.36 (KHTML, like Gecko) SamsungBrowser/29.0 Chrome/136.0.0.0 Mobile Safari/537.36"
157.51.206.196 - - [24/Mar/2026:02:14:39 +0530] "GET /assets/img/slider/s4.png HTTP/2.0" 200 141080 "https://www.pathoworld.in/" "Mozilla/5.0 (Linux; Android 10; K) AppleWebKit/537.36 (KHTML, like Gecko) SamsungBrowser/29.0 Chrome/136.0.0.0 Mobile Safari/537.36"
78.171.43.229 - - [24/Mar/2026:02:14:39 +0530] "GET /assets/css/meanmenu.css HTTP/2.0" 200 986 "https://www.pathoworld.in/" "Mozilla/5.0 (Linux; Android 10; K) AppleWebKit/537.36 (KHTML, like Gecko) Chrome/146.0.0.0 Mobile Safari/537.36"
78.171.43.229 - - [24/Mar/2026:02:14:39 +0530] "GET /assets/css/owl.carousel.min.css HTTP/2.0" 200 1284 "https://www.pathoworld.in/" "Mozilla/5.0 (Linux; Android 10; K) AppleWebKit/537.36 (KHTML, like Gecko) Chrome/146.0.0.0 Mobile Safari/537.36"
157.51.206.196 - - [24/Mar/2026:02:14:39 +0530] "GET /assets/img/shape-image/2.png HTTP/2.0" 200 8055 "https://www.pathoworld.in/" "Mozilla/5.0 (Linux; Android 10; K) AppleWebKit/537.36 (KHTML, like Gecko) SamsungBrowser/29.0 Chrome/136.0.0.0 Mobile Safari/537.36"
49.205.151.250 - - [24/Mar/2026:02:14:39 +0530] "GET /assets/img/logo.png HTTP/2.0" 200 204319 "https://www.pathoworld.in/" "Mozilla/5.0 (Linux; Android 10; K) AppleWebKit/537.36 (KHTML, like Gecko) Chrome/146.0.0.0 Mobile Safari/537.36"
49.205.151.250 - - [24/Mar/2026:02:14:39 +0530] "GET /assets/cart-icon.png HTTP/2.0" 200 2855 "https://www.pathoworld.in/" "Mozilla/5.0 (Linux; Android 10; K) AppleWebKit/537.36 (KHTML, like Gecko) Chrome/146.0.0.0 Mobile Safari/537.36"
78.171.43.229 - - [24/Mar/2026:02:14:39 +0530] "GET /assets/css/progressbar.min.css HTTP/2.0" 200 350 "https://www.pathoworld.in/" "Mozilla/5.0 (Linux; Android 10; K) AppleWebKit/537.36 (KHTML, like Gecko) Chrome/146.0.0.0 Mobile Safari/537.36"
42.104.189.237 - - [24/Mar/2026:02:14:38 +0530] "GET /assets/img/logo.png HTTP/2.0" 200 204319 "https://www.pathoworld.in/" "Mozilla/5.0 (Linux; Android 10; K) AppleWebKit/537.36 (KHTML, like Gecko) Chrome/145.0.0.0 Mobile Safari/537.36"
42.104.189.237 - - [24/Mar/2026:02:14:38 +0530] "GET /assets/cart-icon.png HTTP/2.0" 200 2855 "https://www.pathoworld.in/" "Mozilla/5.0 (Linux; Android 10; K) AppleWebKit/537.36 (KHTML, like Gecko) Chrome/145.0.0.0 Mobile Safari/537.36"
157.51.206.196 - - [24/Mar/2026:02:14:39 +0530] "GET /assets/img/shape-image/3.png HTTP/2.0" 200 4473 "https://www.pathoworld.in/" "Mozilla/5.0 (Linux; Android 10; K) AppleWebKit/537.36 (KHTML, like Gecko) SamsungBrowser/29.0 Chrome/136.0.0.0 Mobile Safari/537.36"
157.51.206.196 - - [24/Mar/2026:02:14:39 +0530] "GET /assets/img/shape-image/4.png HTTP/2.0" 200 4607 "https://www.pathoworld.in/" "Mozilla/5.0 (Linux; Android 10; K) AppleWebKit/537.36 (KHTML, like Gecko) SamsungBrowser/29.0 Chrome/136.0.0.0 Mobile Safari/537.36"
106.206.249.206 - - [24/Mar/2026:02:14:33 +0530] "GET / HTTP/2.0" 200 9055 "https://3645.clamindforaline.com/4/259836?subId=3-25-87&tbminbid=0.05&tburl=https%3A%2F%2Ftsyndicate.com%2Fapi%2Fv1%2Fdirect%2F73c0748c67484051901089a03d72c416%3Fsubid%3D3-25-87&_bbr=1" "Mozilla/5.0 (Linux; Android 10; K) AppleWebKit/537.36 (KHTML, like Gecko) Chrome/140.0.0.0 Mobile Safari/537.36"
157.51.206.196 - - [24/Mar/2026:02:14:39 +0530] "GET /assets/img/shape-image/5.png HTTP/2.0" 200 3980 "https://www.pathoworld.in/" "Mozilla/5.0 (Linux; Android 10; K) AppleWebKit/537.36 (KHTML, like Gecko) SamsungBrowser/29.0 Chrome/136.0.0.0 Mobile Safari/537.36"
165.51.101.209 - - [24/Mar/2026:02:14:39 +0530] "GET /assets/img/logo.png HTTP/2.0" 200 204319 "https://www.pathoworld.in/" "Mozilla/5.0 (Linux; Android 10; K) AppleWebKit/537.36 (KHTML, like Gecko) Chrome/146.0.0.0 Mobile Safari/537.36"
165.51.101.209 - - [24/Mar/2026:02:14:39 +0530] "GET /assets/cart-icon.png HTTP/2.0" 200 2855 "https://www.pathoworld.in/" "Mozilla/5.0 (Linux; Android 10; K) AppleWebKit/537.36 (KHTML, like Gecko) Chrome/146.0.0.0 Mobile Safari/537.36"
157.51.206.196 - - [24/Mar/2026:02:14:39 +0530] "GET /assets/img/shape-image/6.png HTTP/2.0" 200 8105 "https://www.pathoworld.in/" "Mozilla/5.0 (Linux; Android 10; K) AppleWebKit/537.36 (KHTML, like Gecko) SamsungBrowser/29.0 Chrome/136.0.0.0 Mobile Safari/537.36"
157.51.206.196 - - [24/Mar/2026:02:14:39 +0530] "GET /assets/img/shape-image/7.png HTTP/2.0" 200 4036 "https://www.pathoworld.in/" "Mozilla/5.0 (Linux; Android 10; K) AppleWebKit/537.36 (KHTML, like Gecko) SamsungBrowser/29.0 Chrome/136.0.0.0 Mobile Safari/537.36"
49.205.151.250 - - [24/Mar/2026:02:14:39 +0530] "GET /assets/img/imaging-pathoworld.png HTTP/2.0" 200 97252 "https://www.pathoworld.in/" "Mozilla/5.0 (Linux; Android 10; K) AppleWebKit/537.36 (KHTML, like Gecko) Chrome/146.0.0.0 Mobile Safari/537.36"
157.48.66.84 - - [24/Mar/2026:02:14:39 +0530] "GET /assets/img/user.png HTTP/2.0" 200 26361 "https://www.pathoworld.in/" "Mozilla/5.0 (Linux; Android 10; K) AppleWebKit/537.36 (KHTML, like Gecko) Chrome/146.0.0.0 Mobile Safari/537.36"
157.51.206.196 - - [24/Mar/2026:02:14:39 +0530] "GET /assets/img/shape-image/8.png HTTP/2.0" 200 8181 "https://www.pathoworld.in/" "Mozilla/5.0 (Linux; Android 10; K) AppleWebKit/537.36 (KHTML, like Gecko) SamsungBrowser/29.0 Chrome/136.0.0.0 Mobile Safari/537.36"
157.51.206.196 - - [24/Mar/2026:02:14:39 +0530] "GET /assets/img/worldhealth.png HTTP/2.0" 200 6557 "https://www.pathoworld.in/" "Mozilla/5.0 (Linux; Android 10; K) AppleWebKit/537.36 (KHTML, like Gecko) SamsungBrowser/29.0 Chrome/136.0.0.0 Mobile Safari/537.36"
157.51.206.196 - - [24/Mar/2026:02:14:39 +0530] "GET /admin/icon/elderwomanhealthcheckup.png HTTP/2.0" 200 43513 "https://www.pathoworld.in/" "Mozilla/5.0 (Linux; Android 10; K) AppleWebKit/537.36 (KHTML, like Gecko) SamsungBrowser/29.0 Chrome/136.0.0.0 Mobile Safari/537.36"
106.206.249.206 - - [24/Mar/2026:02:14:39 +0530] "GET /assets/css/bootstrap.min.css HTTP/2.0" 200 22910 "https://www.pathoworld.in/" "Mozilla/5.0 (Linux; Android 10; K) AppleWebKit/537.36 (KHTML, like Gecko) Chrome/140.0.0.0 Mobile Safari/537.36"
78.171.43.229 - - [24/Mar/2026:02:14:39 +0530] "GET /assets/css/responsive.css HTTP/2.0" 200 5713 "https://www.pathoworld.in/" "Mozilla/5.0 (Linux; Android 10; K) AppleWebKit/537.36 (KHTML, like Gecko) Chrome/146.0.0.0 Mobile Safari/537.36"
78.171.43.229 - - [24/Mar/2026:02:14:39 +0530] "GET /assets/css/style.css HTTP/2.0" 200 18238 "https://www.pathoworld.in/" "Mozilla/5.0 (Linux; Android 10; K) AppleWebKit/537.36 (KHTML, like Gecko) Chrome/146.0.0.0 Mobile Safari/537.36"
49.205.151.250 - - [24/Mar/2026:02:14:39 +0530] "GET /assets/js/jquery.min.js HTTP/2.0" 200 30900 "https://www.pathoworld.in/" "Mozilla/5.0 (Linux; Android 10; K) AppleWebKit/537.36 (KHTML, like Gecko) Chrome/146.0.0.0 Mobile Safari/537.36"
157.51.206.196 - - [24/Mar/2026:02:14:39 +0530] "GET /assets/img/icons/discount.png HTTP/2.0" 200 62356 "https://www.pathoworld.in/" "Mozilla/5.0 (Linux; Android 10; K) AppleWebKit/537.36 (KHTML, like Gecko) SamsungBrowser/29.0 Chrome/136.0.0.0 Mobile Safari/537.36"
49.205.151.250 - - [24/Mar/2026:02:14:39 +0530] "GET /assets/js/popper.min.js HTTP/2.0" 200 6623 "https://www.pathoworld.in/" "Mozilla/5.0 (Linux; Android 10; K) AppleWebKit/537.36 (KHTML, like Gecko) Chrome/146.0.0.0 Mobile Safari/537.36"
49.205.151.250 - - [24/Mar/2026:02:14:39 +0530] "GET /assets/js/bootstrap.min.js HTTP/2.0" 200 15918 "https://www.pathoworld.in/" "Mozilla/5.0 (Linux; Android 10; K) AppleWebKit/537.36 (KHTML, like Gecko) Chrome/146.0.0.0 Mobile Safari/537.36"
157.51.206.196 - - [24/Mar/2026:02:14:39 +0530] "GET /assets/img/icons/blood.png HTTP/2.0" 200 10471 "https://www.pathoworld.in/" "Mozilla/5.0 (Linux; Android 10; K) AppleWebKit/537.36 (KHTML, like Gecko) SamsungBrowser/29.0 Chrome/136.0.0.0 Mobile Safari/537.36"
157.51.206.196 - - [24/Mar/2026:02:14:39 +0530] "GET /assets/img/icons/mobile.png HTTP/2.0" 200 43677 "https://www.pathoworld.in/" "Mozilla/5.0 (Linux; Android 10; K) AppleWebKit/537.36 (KHTML, like Gecko) SamsungBrowser/29.0 Chrome/136.0.0.0 Mobile Safari/537.36"
62.183.82.70 - - [24/Mar/2026:02:14:39 +0530] "GET /assets/css/flaticon.css HTTP/2.0" 200 665 "https://www.pathoworld.in/" "Mozilla/5.0 (Linux; Android 13; SM-F9160) AppleWebKit/537.36 (KHTML, like Gecko) SamsungBrowser/28.0 Chrome/142.0.7444.49 Mobile Safari/537.36"
62.183.82.70 - - [24/Mar/2026:02:14:39 +0530] "GET /assets/css/magnific-popup.min.css HTTP/2.0" 200 1566 "https://www.pathoworld.in/" "Mozilla/5.0 (Linux; Android 13; SM-F9160) AppleWebKit/537.36 (KHTML, like Gecko) SamsungBrowser/28.0 Chrome/142.0.7444.49 Mobile Safari/537.36"
62.183.82.70 - - [24/Mar/2026:02:14:39 +0530] "GET /assets/css/fontawesome.min.css HTTP/2.0" 200 12063 "https://www.pathoworld.in/" "Mozilla/5.0 (Linux; Android 13; SM-F9160) AppleWebKit/537.36 (KHTML, like Gecko) SamsungBrowser/28.0 Chrome/142.0.7444.49 Mobile Safari/537.36"
62.183.82.70 - - [24/Mar/2026:02:14:39 +0530] "GET /assets/css/bootstrap.min.css HTTP/2.0" 200 22910 "https://www.pathoworld.in/" "Mozilla/5.0 (Linux; Android 13; SM-F9160) AppleWebKit/537.36 (KHTML, like Gecko) SamsungBrowser/28.0 Chrome/142.0.7444.49 Mobile Safari/537.36"
62.183.82.70 - - [24/Mar/2026:02:14:39 +0530] "GET /assets/css/odometer.min.css HTTP/2.0" 200 515 "https://www.pathoworld.in/" "Mozilla/5.0 (Linux; Android 13; SM-F9160) AppleWebKit/537.36 (KHTML, like Gecko) SamsungBrowser/28.0 Chrome/142.0.7444.49 Mobile Safari/537.36"
62.183.82.70 - - [24/Mar/2026:02:14:39 +0530] "GET /assets/css/animate.min.css HTTP/2.0" 200 4324 "https://www.pathoworld.in/" "Mozilla/5.0 (Linux; Android 13; SM-F9160) AppleWebKit/537.36 (KHTML, like Gecko) SamsungBrowser/28.0 Chrome/142.0.7444.49 Mobile Safari/537.36"
62.183.82.70 - - [24/Mar/2026:02:14:39 +0530] "GET /assets/css/progressbar.min.css HTTP/2.0" 200 350 "https://www.pathoworld.in/" "Mozilla/5.0 (Linux; Android 13; SM-F9160) AppleWebKit/537.36 (KHTML, like Gecko) SamsungBrowser/28.0 Chrome/142.0.7444.49 Mobile Safari/537.36"
62.183.82.70 - - [24/Mar/2026:02:14:39 +0530] "GET /assets/css/owl.carousel.min.css HTTP/2.0" 200 1284 "https://www.pathoworld.in/" "Mozilla/5.0 (Linux; Android 13; SM-F9160) AppleWebKit/537.36 (KHTML, like Gecko) SamsungBrowser/28.0 Chrome/142.0.7444.49 Mobile Safari/537.36"
62.183.82.70 - - [24/Mar/2026:02:14:39 +0530] "GET /assets/css/responsive.css HTTP/2.0" 200 5713 "https://www.pathoworld.in/" "Mozilla/5.0 (Linux; Android 13; SM-F9160) AppleWebKit/537.36 (KHTML, like Gecko) SamsungBrowser/28.0 Chrome/142.0.7444.49 Mobile Safari/537.36"
62.183.82.70 - - [24/Mar/2026:02:14:39 +0530] "GET /assets/css/meanmenu.css HTTP/2.0" 200 986 "https://www.pathoworld.in/" "Mozilla/5.0 (Linux; Android 13; SM-F9160) AppleWebKit/537.36 (KHTML, like Gecko) SamsungBrowser/28.0 Chrome/142.0.7444.49 Mobile Safari/537.36"
62.183.82.70 - - [24/Mar/2026:02:14:39 +0530] "GET /assets/css/style.css HTTP/2.0" 200 18238 "https://www.pathoworld.in/" "Mozilla/5.0 (Linux; Android 13; SM-F9160) AppleWebKit/537.36 (KHTML, like Gecko) SamsungBrowser/28.0 Chrome/142.0.7444.49 Mobile Safari/537.36"
49.205.151.250 - - [24/Mar/2026:02:14:39 +0530] "GET /assets/js/jquery.meanmenu.js HTTP/2.0" 200 1607 "https://www.pathoworld.in/" "Mozilla/5.0 (Linux; Android 10; K) AppleWebKit/537.36 (KHTML, like Gecko) Chrome/146.0.0.0 Mobile Safari/537.36"
49.205.151.250 - - [24/Mar/2026:02:14:39 +0530] "GET /assets/js/jquery.appear.js HTTP/2.0" 200 1360 "https://www.pathoworld.in/" "Mozilla/5.0 (Linux; Android 10; K) AppleWebKit/537.36 (KHTML, like Gecko) Chrome/146.0.0.0 Mobile Safari/537.36"
49.205.151.250 - - [24/Mar/2026:02:14:39 +0530] "GET /assets/js/jquery.magnific-popup.min.js HTTP/2.0" 200 7346 "https://www.pathoworld.in/" "Mozilla/5.0 (Linux; Android 10; K) AppleWebKit/537.36 (KHTML, like Gecko) Chrome/146.0.0.0 Mobile Safari/537.36"
49.205.151.250 - - [24/Mar/2026:02:14:39 +0530] "GET /assets/js/odometer.min.js HTTP/2.0" 200 3631 "https://www.pathoworld.in/" "Mozilla/5.0 (Linux; Android 10; K) AppleWebKit/537.36 (KHTML, like Gecko) Chrome/146.0.0.0 Mobile Safari/537.36"
49.205.151.250 - - [24/Mar/2026:02:14:39 +0530] "GET /assets/js/parallax.min.js HTTP/2.0" 200 4001 "https://www.pathoworld.in/" "Mozilla/5.0 (Linux; Android 10; K) AppleWebKit/537.36 (KHTML, like Gecko) Chrome/146.0.0.0 Mobile Safari/537.36"
106.206.249.206 - - [24/Mar/2026:02:14:39 +0530] "GET /assets/css/animate.min.css HTTP/2.0" 200 4324 "https://www.pathoworld.in/" "Mozilla/5.0 (Linux; Android 10; K) AppleWebKit/537.36 (KHTML, like Gecko) Chrome/140.0.0.0 Mobile Safari/537.36"
49.47.152.244 - - [24/Mar/2026:02:14:29 +0530] "GET / HTTP/2.0" 200 9055 "https://desibf.com/desi-mms/page/173/" "Mozilla/5.0 (Linux; Android 10; K) AppleWebKit/537.36 (KHTML, like Gecko) Chrome/146.0.0.0 Mobile Safari/537.36"
49.205.151.250 - - [24/Mar/2026:02:14:39 +0530] "GET /assets/js/owl.carousel.min.js HTTP/2.0" 200 11412 "https://www.pathoworld.in/" "Mozilla/5.0 (Linux; Android 10; K) AppleWebKit/537.36 (KHTML, like Gecko) Chrome/146.0.0.0 Mobile Safari/537.36"
49.205.151.250 - - [24/Mar/2026:02:14:39 +0530] "GET /assets/js/progressbar.min.js HTTP/2.0" 200 504 "https://www.pathoworld.in/" "Mozilla/5.0 (Linux; Android 10; K) AppleWebKit/537.36 (KHTML, like Gecko) Chrome/146.0.0.0 Mobile Safari/537.36"
49.205.151.250 - - [24/Mar/2026:02:14:39 +0530] "GET /assets/js/wow.min.js HTTP/2.0" 200 2702 "https://www.pathoworld.in/" "Mozilla/5.0 (Linux; Android 10; K) AppleWebKit/537.36 (KHTML, like Gecko) Chrome/146.0.0.0 Mobile Safari/537.36"
152.59.147.42 - - [24/Mar/2026:02:14:39 +0530] "GET /assets/img/cta-bg.jpg HTTP/2.0" 200 604579 "https://www.pathoworld.in/assets/css/style.css" "Mozilla/5.0 (Linux; Android 10; K) AppleWebKit/537.36 (KHTML, like Gecko) Chrome/145.0.0.0 Mobile Safari/537.36"
157.51.206.196 - - [24/Mar/2026:02:14:39 +0530] "GET /assets/img/icons/graph.png HTTP/2.0" 200 29886 "https://www.pathoworld.in/" "Mozilla/5.0 (Linux; Android 10; K) AppleWebKit/537.36 (KHTML, like Gecko) SamsungBrowser/29.0 Chrome/136.0.0.0 Mobile Safari/537.36"
49.205.151.250 - - [24/Mar/2026:02:14:39 +0530] "GET /assets/js/jquery.ajaxchimp.min.js HTTP/2.0" 200 939 "https://www.pathoworld.in/" "Mozilla/5.0 (Linux; Android 10; K) AppleWebKit/537.36 (KHTML, like Gecko) Chrome/146.0.0.0 Mobile Safari/537.36"
49.205.151.250 - - [24/Mar/2026:02:14:39 +0530] "GET /assets/js/form-validator.min.js HTTP/2.0" 200 2096 "https://www.pathoworld.in/" "Mozilla/5.0 (Linux; Android 10; K) AppleWebKit/537.36 (KHTML, like Gecko) Chrome/146.0.0.0 Mobile Safari/537.36"
49.205.151.250 - - [24/Mar/2026:02:14:39 +0530] "GET /assets/js/contact-form-script.js HTTP/2.0" 200 740 "https://www.pathoworld.in/" "Mozilla/5.0 (Linux; Android 10; K) AppleWebKit/537.36 (KHTML, like Gecko) Chrome/146.0.0.0 Mobile Safari/537.36"
106.206.249.206 - - [24/Mar/2026:02:14:39 +0530] "GET /assets/css/fontawesome.min.css HTTP/2.0" 200 12063 "https://www.pathoworld.in/" "Mozilla/5.0 (Linux; Android 10; K) AppleWebKit/537.36 (KHTML, like Gecko) Chrome/140.0.0.0 Mobile Safari/537.36"
157.51.206.196 - - [24/Mar/2026:02:14:39 +0530] "GET /assets/img/icons/sugar.png HTTP/2.0" 200 14022 "https://www.pathoworld.in/" "Mozilla/5.0 (Linux; Android 10; K) AppleWebKit/537.36 (KHTML, like Gecko) SamsungBrowser/29.0 Chrome/136.0.0.0 Mobile Safari/537.36"
157.51.206.196 - - [24/Mar/2026:02:14:39 +0530] "GET /assets/img/icons/family.png HTTP/2.0" 200 45194 "https://www.pathoworld.in/" "Mozilla/5.0 (Linux; Android 10; K) AppleWebKit/537.36 (KHTML, like Gecko) SamsungBrowser/29.0 Chrome/136.0.0.0 Mobile Safari/537.36"
151.236.176.102 - - [24/Mar/2026:02:14:30 +0530] "GET / HTTP/2.0" 200 9055 "https://29571644-35324-36574.squitoiages.com/iyZBB4w0NAbjZtczvQOYbhxKk9RS5tiGZvtUX8icEJ4RPJySySt63hAkJqlGN2uoxHIbOjs?_=08ea31a7-26f9-11f1-a2c6-ebbd1424a578&d=BQ5qQHPeA5RWrjnZ1xYR9TcqEgTQEqWSHhg3zW4OsAPO-mCwb2nIt3Ub8tWrHJeg5oLJb4Rjsyz7gnWFtwtgde7jXIIcd6tEM33RDgmygUwIXfEMmSmMkA93cS1cC8dtxWFPhkX0Dvg0cky9S0enIIlSd8t7RZW_AI6nlQIO99zEs_ZCXAi3apWvNDlI8594C20w-eGhiATa7GZe9JEPpNsl9wudKWdxhbS41Oo1U33z-xmFeSRq-CYmMqN-5f8WJDiK6rJii7qh0AUJc7BcSjycO-XSKtzAV-cLnguxm8lwAw1fMlynBHKdSxk4jCstkj-H2KOCCV7pM6AHK4m8zmGHBR7FGww67fHrNrjcRk6DdzqwjmPb3TxPJCj8YxCq3upmtVeF4StPLF1WmR-Y_HVMEUTrYnGKyxs-f7PkuBEWQT0XMXxO2is2MPsx9KwlGk_tK0Yz4ZBo-qILGsqHRjMI8G34jkaublCPjg9FUFhEIJF1EXs3egykOC4K_8jqWadFKf1W5IXldud0xOiPBQ6rgaJxb6RsHrEOWUVnY2QXav2lq4TE1oDx3iIGecHoPSDirJw0NSW9Azugt3hPW5F9jlsulZCwiyZpyUzYNHQipHbKi6neDjy0kuw7sxcGQHDY6WbbNVDtdIl6gAV2EKFvy8Fmnc3H7GEyLVZllHquaZyLNvyHMQAb71a2RPpV3fj4skiNCGIl_MUaxsIwwOOkZB4JWFK-okdPA5U6kSnINPqoyIrsvr0zm2QlYFlBj3zh77YvNwxc8dfA43qf5RQho7NXm8qF8XGp6nJ8i_NyeOwJ7zO-NBmi6n6AHJ1xjrTgv9Te1Q1fQ7-06yX4aBNqdU4JJys4RnHplS9vnixlRpMCjN5ZOixUJ7e5i6gSvnmS5KWrMwf86pSB6-6dslFqB2gBBaZ-CaUUK-uuQsaEtfejVMt_xivJ-PMe_oVAFPFsokyuY9T5eHhiotSFc2F9J4F--JxeGX81Zx9O3pQYPmtju8kGBToH_Eip5Bvl68mjt8aTcMbYx2O8tSQgfPSieNFr_sK71ekRQwzgdlHgzPbr0KMBhI5suUV029oCBQiUf_HLz5YP8hsypLR0_dmNB8FLnYMDAQe3VJhyoUkYIYa_bao_O2UehIKI1YBe4BAM8pXBVXfHzCDqER5Uxxy14kCalHWNX5gpe93GvDHXk0Wn4RD28exVQ3X4ITv6wahWboMc_tna7jA&_bbr=1" "Mozilla/5.0 (Linux; Android 10; K) AppleWebKit/537.36 (KHTML, like Gecko) Chrome/146.0.0.0 Mobile Safari/537.36"
91.106.40.237 - - [24/Mar/2026:02:14:31 +0530] "GET / HTTP/2.0" 200 9055 "https://xlxx2.com/" "Mozilla/5.0 (Macintosh; Intel Mac OS X 10_15_7) AppleWebKit/605.1.15 (KHTML, like Gecko) Version/26.3 Safari/605.1.15"
157.51.206.196 - - [24/Mar/2026:02:14:39 +0530] "GET /assets/img/shape-image/9.png HTTP/2.0" 200 3623 "https://www.pathoworld.in/" "Mozilla/5.0 (Linux; Android 10; K) AppleWebKit/537.36 (KHTML, like Gecko) SamsungBrowser/29.0 Chrome/136.0.0.0 Mobile Safari/537.36"
78.171.43.229 - - [24/Mar/2026:02:14:39 +0530] "GET /assets/img/logo.png HTTP/2.0" 200 204319 "https://www.pathoworld.in/" "Mozilla/5.0 (Linux; Android 10; K) AppleWebKit/537.36 (KHTML, like Gecko) Chrome/146.0.0.0 Mobile Safari/537.36"
78.171.43.229 - - [24/Mar/2026:02:14:39 +0530] "GET /assets/cart-icon.png HTTP/2.0" 200 2855 "https://www.pathoworld.in/" "Mozilla/5.0 (Linux; Android 10; K) AppleWebKit/537.36 (KHTML, like Gecko) Chrome/146.0.0.0 Mobile Safari/537.36"
165.51.101.209 - - [24/Mar/2026:02:14:39 +0530] "GET /assets/img/imaging-pathoworld.png HTTP/2.0" 200 97252 "https://www.pathoworld.in/" "Mozilla/5.0 (Linux; Android 10; K) AppleWebKit/537.36 (KHTML, like Gecko) Chrome/146.0.0.0 Mobile Safari/537.36"
106.206.249.206 - - [24/Mar/2026:02:14:39 +0530] "GET /assets/css/flaticon.css HTTP/2.0" 200 665 "https://www.pathoworld.in/" "Mozilla/5.0 (Linux; Android 10; K) AppleWebKit/537.36 (KHTML, like Gecko) Chrome/140.0.0.0 Mobile Safari/537.36"
78.171.43.229 - - [24/Mar/2026:02:14:39 +0530] "GET /assets/img/imaging-pathoworld.png HTTP/2.0" 200 97252 "https://www.pathoworld.in/" "Mozilla/5.0 (Linux; Android 10; K) AppleWebKit/537.36 (KHTML, like Gecko) Chrome/146.0.0.0 Mobile Safari/537.36"
157.51.206.196 - - [24/Mar/2026:02:14:39 +0530] "GET /assets/img/shape-image/10.png HTTP/2.0" 200 1515 "https://www.pathoworld.in/" "Mozilla/5.0 (Linux; Android 10; K) AppleWebKit/537.36 (KHTML, like Gecko) SamsungBrowser/29.0 Chrome/136.0.0.0 Mobile Safari/537.36"
49.47.152.244 - - [24/Mar/2026:02:14:39 +0530] "GET /assets/css/bootstrap.min.css HTTP/2.0" 200 22910 "https://www.pathoworld.in/" "Mozilla/5.0 (Linux; Android 10; K) AppleWebKit/537.36 (KHTML, like Gecko) Chrome/146.0.0.0 Mobile Safari/537.36"
157.51.206.196 - - [24/Mar/2026:02:14:39 +0530] "GET /assets/img/map1.png HTTP/2.0" 200 71706 "https://www.pathoworld.in/" "Mozilla/5.0 (Linux; Android 10; K) AppleWebKit/537.36 (KHTML, like Gecko) SamsungBrowser/29.0 Chrome/136.0.0.0 Mobile Safari/537.36"
152.59.147.42 - - [24/Mar/2026:02:14:39 +0530] "GET /assets/img/favicon.png HTTP/2.0" 200 14733 "https://www.pathoworld.in/" "Mozilla/5.0 (Linux; Android 10; K) AppleWebKit/537.36 (KHTML, like Gecko) Chrome/145.0.0.0 Mobile Safari/537.36"
157.51.206.196 - - [24/Mar/2026:02:14:39 +0530] "GET /assets/img/user.png HTTP/2.0" 200 26361 "https://www.pathoworld.in/" "Mozilla/5.0 (Linux; Android 10; K) AppleWebKit/537.36 (KHTML, like Gecko) SamsungBrowser/29.0 Chrome/136.0.0.0 Mobile Safari/537.36"
106.206.249.206 - - [24/Mar/2026:02:14:39 +0530] "GET /assets/css/magnific-popup.min.css HTTP/2.0" 200 1566 "https://www.pathoworld.in/" "Mozilla/5.0 (Linux; Android 10; K) AppleWebKit/537.36 (KHTML, like Gecko) Chrome/140.0.0.0 Mobile Safari/537.36"
49.205.151.250 - - [24/Mar/2026:02:14:39 +0530] "GET /assets/fonts/fa-solid-900.woff2 HTTP/2.0" 200 74256 "https://www.pathoworld.in/assets/css/fontawesome.min.css" "Mozilla/5.0 (Linux; Android 10; K) AppleWebKit/537.36 (KHTML, like Gecko) Chrome/146.0.0.0 Mobile Safari/537.36"
106.206.249.206 - - [24/Mar/2026:02:14:40 +0530] "GET /assets/css/odometer.min.css HTTP/2.0" 200 515 "https://www.pathoworld.in/" "Mozilla/5.0 (Linux; Android 10; K) AppleWebKit/537.36 (KHTML, like Gecko) Chrome/140.0.0.0 Mobile Safari/537.36"
49.205.151.250 - - [24/Mar/2026:02:14:40 +0530] "GET /assets/fonts/Flaticon.woff2 HTTP/2.0" 200 7532 "https://www.pathoworld.in/assets/css/flaticon.css" "Mozilla/5.0 (Linux; Android 10; K) AppleWebKit/537.36 (KHTML, like Gecko) Chrome/146.0.0.0 Mobile Safari/537.36"
151.236.176.102 - - [24/Mar/2026:02:14:40 +0530] "GET /assets/css/bootstrap.min.css HTTP/2.0" 200 22910 "https://www.pathoworld.in/" "Mozilla/5.0 (Linux; Android 10; K) AppleWebKit/537.36 (KHTML, like Gecko) Chrome/146.0.0.0 Mobile Safari/537.36"
150.228.105.6 - - [24/Mar/2026:02:14:21 +0530] "GET / HTTP/2.0" 200 9055 "https://xlxx2.com/" "Mozilla/5.0 (Linux; Android 10; K) AppleWebKit/537.36 (KHTML, like Gecko) Chrome/146.0.0.0 Mobile Safari/537.36"
223.185.131.225 - - [24/Mar/2026:02:14:31 +0530] "GET / HTTP/2.0" 200 9055 "https://29571644-34120-36574.tentedienat.com/hyJDDoY0PwfaQ8wo-weFFCRIkdBJ-9uYefozOcqWHp4fNpT-1p82_5uR4skfjKu-HhASig?_=09f25fe4-26f9-11f1-84c2-3d6f8101a9cc&d=BQ5qQHPe35VWrznpUQ0R5dcqEgCwvVPC8_Qi7k4euOzt4KRtlmgH5r3AhKiy08-rFnI1PpJlkyz7gjWNtwpgTexlTaKjfKlA7PpjIqfIl186YU2KHcC5zFKohX3HM59T7wxZ5cQlAC3WYjkjCV8C0QsuAl5EYhWUZBBXfCpbVHN4I4WGugKh8m5383sSIhaMkn_zokWlzUzgTOHyh-Apkbrif_mZGDSwUOCraMhzo8bf9U3_2e36dLZjkP8rb9UkTyXbnCl1zGjBDZc4eBlwMKtI2bopxOu_vTm-ZGFcy0IizlVUGu7rtyqkrdYt8HfEN2NMXQZYnFV0el8TvESqxKcwQVPYO8YP9lPyouPw0X267RlcTwiW7ldg4cpjfeKem757ps9Vhni3j_UQGWil3H2OJOIbPP4tzn4z5-uuvVF8UPt_HtPGLtBgh6kC3NViI05hn56z1L0h1If8Kk-9fuKgakuXADv6eNYoAA9WJbi3nhnta5ouwjjKGyQN55gbu0PcAoO2UNh7jnVNGKHpY551267vXAlbsAw1pa-IGwaSG-0PSixHnnZL9XsNNRunb-1m7KRyIzdF6fa_I50XQ2x4Q_F6l13WWNUBPhHlo5w_x-W4cen1oZj0dds4wFg4y58H_Az4yuelm5ix9QQLGhOYxrNBz4Huh9gbhMGdOGQfIC1b-i6_602UKmcZJsp9CBDYb14eMfv44lFpG4U00-sagFP5XEsY7fdtBEsNlI5_ZuEEeryx68mP-JUCJKsl1kDG9hNjJrKqOvSZDqCEoTPZe5SgeJeu5HSpy1r9ln2mOf2tfNDDoYO1ie9BsD16EWDltUk3qaznpfky-es-COxzwSaskCnFeIqQVCJuy2KT1eZN6Y2ItJoz0pkteILEvN9qTKEtS7usXuWsnOL25Vzf_5coQUBpNIDKu9F8L8AD9vEPyV9he5I6mW1DQPKsyolKA0ccyG8e3pnzvFbB_aSsVQnXSnjRGBM_BVBFUNXehYYqfhasbbzkHNuto5oW8CCjeYG4P_dboXqGsoewHdYhLZzZduCxOc7N1whGapGG86FP4-Yfg-NzfjLb74-mtZE9HOrX2oBMEX7ZafZFPW13NwWu1P442xLaXoCe94gxlAWmTPLD4cfu3KPzgfZbYAHmVEJGRXbGN99zx3A12JfVIo0BXXwgBGTh&_bbr=1" "Mozilla/5.0 (Linux; Android 10; K) AppleWebKit/537.36 (KHTML, like Gecko) Chrome/146.0.0.0 Mobile Safari/537.36"
106.206.249.206 - - [24/Mar/2026:02:14:40 +0530] "GET /assets/css/meanmenu.css HTTP/2.0" 200 986 "https://www.pathoworld.in/" "Mozilla/5.0 (Linux; Android 10; K) AppleWebKit/537.36 (KHTML, like Gecko) Chrome/140.0.0.0 Mobile Safari/537.36"
49.205.151.250 - - [24/Mar/2026:02:14:40 +0530] "GET /assets/img/slider/web-benner-12.png HTTP/2.0" 200 444437 "https://www.pathoworld.in/" "Mozilla/5.0 (Linux; Android 10; K) AppleWebKit/537.36 (KHTML, like Gecko) Chrome/146.0.0.0 Mobile Safari/537.36"
223.185.131.225 - - [24/Mar/2026:02:14:40 +0530] "GET /assets/css/bootstrap.min.css HTTP/2.0" 200 22910 "https://www.pathoworld.in/" "Mozilla/5.0 (Linux; Android 10; K) AppleWebKit/537.36 (KHTML, like Gecko) Chrome/146.0.0.0 Mobile Safari/537.36"
165.51.101.209 - - [24/Mar/2026:02:14:40 +0530] "GET /assets/js/jquery.min.js HTTP/2.0" 200 30900 "https://www.pathoworld.in/" "Mozilla/5.0 (Linux; Android 10; K) AppleWebKit/537.36 (KHTML, like Gecko) Chrome/146.0.0.0 Mobile Safari/537.36"
106.206.249.206 - - [24/Mar/2026:02:14:40 +0530] "GET /assets/css/owl.carousel.min.css HTTP/2.0" 200 1284 "https://www.pathoworld.in/" "Mozilla/5.0 (Linux; Android 10; K) AppleWebKit/537.36 (KHTML, like Gecko) Chrome/140.0.0.0 Mobile Safari/537.36"
49.205.151.250 - - [24/Mar/2026:02:14:40 +0530] "GET /admin/icon/healthcheckup.png HTTP/2.0" 200 42881 "https://www.pathoworld.in/" "Mozilla/5.0 (Linux; Android 10; K) AppleWebKit/537.36 (KHTML, like Gecko) Chrome/146.0.0.0 Mobile Safari/537.36"
106.206.249.206 - - [24/Mar/2026:02:14:40 +0530] "GET /assets/css/progressbar.min.css HTTP/2.0" 200 350 "https://www.pathoworld.in/" "Mozilla/5.0 (Linux; Android 10; K) AppleWebKit/537.36 (KHTML, like Gecko) Chrome/140.0.0.0 Mobile Safari/537.36"
106.206.249.206 - - [24/Mar/2026:02:14:40 +0530] "GET /assets/css/style.css HTTP/2.0" 200 18238 "https://www.pathoworld.in/" "Mozilla/5.0 (Linux; Android 10; K) AppleWebKit/537.36 (KHTML, like Gecko) Chrome/140.0.0.0 Mobile Safari/537.36"
216.133.156.231 - - [24/Mar/2026:02:14:30 +0530] "GET / HTTP/2.0" 200 9055 "https://pagesonyou.my.id/" "Mozilla/5.0 (Linux; Android 9; SAMSUNG SM-G950F) AppleWebKit/537.36 (KHTML, like Gecko) SamsungBrowser/23.0 Chrome/115.0.0.0 Mobile Safari/537.36"
189.15.120.128 - - [24/Mar/2026:02:14:31 +0530] "GET / HTTP/2.0" 200 9055 "https://29571644-33181-36574.tentedienat.com/jSREDoExOg7mZtczvQOYbhxKk9RS5tiGZvtUX8icEJ4RPJyVyQzSUvOEeQzFamPMuaF49yI?_=05da8b19-26f9-11f1-99a2-d104d453cb8e&d=BQ5qQHPet5XOrzmpUA0Q1dcsEgCYFkCXp4sNDzyWrsXtlAFoGAYIYe_VE4yqQeqeJu4F5XN8FdwiwXlHAHIZI7mczwnNBn-QACIyqR8b-Wun3Pz83ggqi2LkvrwAqEgA4O01D1F2maQnTCegmSpvz0o1etypygp_DjzS36x2ahkJ7lJgu9pNHO63kEuO4zXyXWqKJWBC4BG6xGa3ePTJP3YpPcR6WGf4uCILr_nHryAp_rurlt8EyMudqz9FvRecF2mG8alhvr59U44R4LE5-Yof6hG-FshJRj1f-tghVhf80c03PD3B_e5deVUN6p1beXqeYLqhEGtbbKefCvLt78AFnXjoiIduxpTbxsSQ76w0y1s6EBhG0vp27uIQM_ME1nD4fAmRWjVKBbCwkw2Pn8gMYoZBzD-2TAPyRDJgVkkc_WnjsTu_rl6H8dQbcWlSXucaafEt_rQ7-qUHcNqluMJILSu3kHRIOGWPVb4bsa3Pk_xyMXolSYHPNMVZY6BBD3zNkBHA7ErPF92i7IJ6_pn74Gzf9fzNwUEGFKDAlcWzcBUnP7f7xel2xXj7d0gW496lvEqP71LrbbXql3QJb9ihL0HLEWN06sV9Ak-tEnqyfRBojCtlTU1J0WSwMCFlt5CDd-PNUgN8vE2axtvIQ8szB7RL3KWYv1KhTOLd4kmOtynSQGhsHs8D7AzgOqwx_WmnJf-5XKF2TdwecwUhfYQjeJE9uzGpQ7t73ZnsLqLbo9gH8h2fLN5pvWfwdTkrvXMp5NMe3XcPugVgnY28SphvIffTsOyunJq-VPj6d-zzbdE7ik93kEuupk-iHelhe1Zd81CKvnV7az_qWNBicb9DZzvEVHVUgN_Fjd3GsSiqfIhlhmmrIenAMgwdST1CpDR1VXNSY1jSsXWXx8u3Z1ta6ez_ZUdpFIAqNqBIxP0ilD9JYnQ9_5KfLUy47wHkuApvqtofK8HL9XjoZHjO6NgusnCgAGSB13G-jkpECKYcm640mcU7Y2rbiZgc2YCYv8egKSZKw7pM7s9XUEdZ9VBKaoADRNFIsVIJcLCP1aZRcAdNkw8_aoTvyeDYhh4RT3TZq9eNJ-jSTqg9AaBscvHWYtU9sDFX-PIbtd-vIKsliXG5zrqrkH5UPgkCWJTTY_shyyoMx8HGTA5RC2k&_bbr=1" "Mozilla/5.0 (Windows NT 10.0; Win64; x64) AppleWebKit/537.36 (KHTML, like Gecko) Chrome/144.0.0.0 Safari/537.36"
157.51.206.196 - - [24/Mar/2026:02:14:40 +0530] "GET /assets/img/cta-bg.jpg HTTP/2.0" 200 604579 "https://www.pathoworld.in/assets/css/style.css" "Mozilla/5.0 (Linux; Android 10; K) AppleWebKit/537.36 (KHTML, like Gecko) SamsungBrowser/29.0 Chrome/136.0.0.0 Mobile Safari/537.36"
150.228.105.6 - - [24/Mar/2026:02:14:40 +0530] "GET /assets/css/bootstrap.min.css HTTP/2.0" 200 22910 "https://www.pathoworld.in/" "Mozilla/5.0 (Linux; Android 10; K) AppleWebKit/537.36 (KHTML, like Gecko) Chrome/146.0.0.0 Mobile Safari/537.36"
49.47.152.244 - - [24/Mar/2026:02:14:40 +0530] "GET /assets/css/animate.min.css HTTP/2.0" 200 4324 "https://www.pathoworld.in/" "Mozilla/5.0 (Linux; Android 10; K) AppleWebKit/537.36 (KHTML, like Gecko) Chrome/146.0.0.0 Mobile Safari/537.36"
165.51.101.209 - - [24/Mar/2026:02:14:40 +0530] "GET /assets/js/popper.min.js HTTP/2.0" 200 6623 "https://www.pathoworld.in/" "Mozilla/5.0 (Linux; Android 10; K) AppleWebKit/537.36 (KHTML, like Gecko) Chrome/146.0.0.0 Mobile Safari/537.36"
223.185.131.225 - - [24/Mar/2026:02:14:40 +0530] "GET /assets/css/animate.min.css HTTP/2.0" 200 4324 "https://www.pathoworld.in/" "Mozilla/5.0 (Linux; Android 10; K) AppleWebKit/537.36 (KHTML, like Gecko) Chrome/146.0.0.0 Mobile Safari/537.36"
106.206.249.206 - - [24/Mar/2026:02:14:40 +0530] "GET /assets/css/responsive.css HTTP/2.0" 200 5713 "https://www.pathoworld.in/" "Mozilla/5.0 (Linux; Android 10; K) AppleWebKit/537.36 (KHTML, like Gecko) Chrome/140.0.0.0 Mobile Safari/537.36"
223.185.131.225 - - [24/Mar/2026:02:14:40 +0530] "GET /assets/css/fontawesome.min.css HTTP/2.0" 200 12063 "https://www.pathoworld.in/" "Mozilla/5.0 (Linux; Android 10; K) AppleWebKit/537.36 (KHTML, like Gecko) Chrome/146.0.0.0 Mobile Safari/537.36"
151.236.176.102 - - [24/Mar/2026:02:14:40 +0530] "GET /assets/css/animate.min.css HTTP/2.0" 200 4324 "https://www.pathoworld.in/" "Mozilla/5.0 (Linux; Android 10; K) AppleWebKit/537.36 (KHTML, like Gecko) Chrome/146.0.0.0 Mobile Safari/537.36"
223.185.131.225 - - [24/Mar/2026:02:14:40 +0530] "GET /assets/css/flaticon.css HTTP/2.0" 200 665 "https://www.pathoworld.in/" "Mozilla/5.0 (Linux; Android 10; K) AppleWebKit/537.36 (KHTML, like Gecko) Chrome/146.0.0.0 Mobile Safari/537.36"
49.205.151.250 - - [24/Mar/2026:02:14:40 +0530] "GET /admin/icon/eldermanhealthcheckup.png HTTP/2.0" 200 47535 "https://www.pathoworld.in/" "Mozilla/5.0 (Linux; Android 10; K) AppleWebKit/537.36 (KHTML, like Gecko) Chrome/146.0.0.0 Mobile Safari/537.36"
49.205.151.250 - - [24/Mar/2026:02:14:40 +0530] "GET /assets/js/main.js HTTP/2.0" 200 2464 "https://www.pathoworld.in/" "Mozilla/5.0 (Linux; Android 10; K) AppleWebKit/537.36 (KHTML, like Gecko) Chrome/146.0.0.0 Mobile Safari/537.36"
223.185.131.225 - - [24/Mar/2026:02:14:40 +0530] "GET /assets/css/magnific-popup.min.css HTTP/2.0" 200 1566 "https://www.pathoworld.in/" "Mozilla/5.0 (Linux; Android 10; K) AppleWebKit/537.36 (KHTML, like Gecko) Chrome/146.0.0.0 Mobile Safari/537.36"
49.205.151.250 - - [24/Mar/2026:02:14:40 +0530] "GET /assets/img/slider/s1.png HTTP/2.0" 200 104353 "https://www.pathoworld.in/" "Mozilla/5.0 (Linux; Android 10; K) AppleWebKit/537.36 (KHTML, like Gecko) Chrome/146.0.0.0 Mobile Safari/537.36"
49.205.151.250 - - [24/Mar/2026:02:14:40 +0530] "GET /assets/img/slider/s2.png HTTP/2.0" 200 164012 "https://www.pathoworld.in/" "Mozilla/5.0 (Linux; Android 10; K) AppleWebKit/537.36 (KHTML, like Gecko) Chrome/146.0.0.0 Mobile Safari/537.36"
165.51.101.209 - - [24/Mar/2026:02:14:40 +0530] "GET /assets/js/bootstrap.min.js HTTP/2.0" 200 15918 "https://www.pathoworld.in/" "Mozilla/5.0 (Linux; Android 10; K) AppleWebKit/537.36 (KHTML, like Gecko) Chrome/146.0.0.0 Mobile Safari/537.36"
42.104.189.237 - - [24/Mar/2026:02:14:40 +0530] "GET /assets/img/imaging-pathoworld.png HTTP/2.0" 200 97252 "https://www.pathoworld.in/" "Mozilla/5.0 (Linux; Android 10; K) AppleWebKit/537.36 (KHTML, like Gecko) Chrome/145.0.0.0 Mobile Safari/537.36"
151.236.176.102 - - [24/Mar/2026:02:14:40 +0530] "GET /assets/css/fontawesome.min.css HTTP/2.0" 200 12063 "https://www.pathoworld.in/" "Mozilla/5.0 (Linux; Android 10; K) AppleWebKit/537.36 (KHTML, like Gecko) Chrome/146.0.0.0 Mobile Safari/537.36"
106.206.249.206 - - [24/Mar/2026:02:14:40 +0530] "GET /assets/img/logo.png HTTP/2.0" 200 204319 "https://www.pathoworld.in/" "Mozilla/5.0 (Linux; Android 10; K) AppleWebKit/537.36 (KHTML, like Gecko) Chrome/140.0.0.0 Mobile Safari/537.36"
106.206.249.206 - - [24/Mar/2026:02:14:40 +0530] "GET /assets/cart-icon.png HTTP/2.0" 200 2855 "https://www.pathoworld.in/" "Mozilla/5.0 (Linux; Android 10; K) AppleWebKit/537.36 (KHTML, like Gecko) Chrome/140.0.0.0 Mobile Safari/537.36"
223.185.131.225 - - [24/Mar/2026:02:14:40 +0530] "GET /assets/css/odometer.min.css HTTP/2.0" 200 515 "https://www.pathoworld.in/" "Mozilla/5.0 (Linux; Android 10; K) AppleWebKit/537.36 (KHTML, like Gecko) Chrome/146.0.0.0 Mobile Safari/537.36"
150.228.105.6 - - [24/Mar/2026:02:14:40 +0530] "GET /assets/css/animate.min.css HTTP/2.0" 200 4324 "https://www.pathoworld.in/" "Mozilla/5.0 (Linux; Android 10; K) AppleWebKit/537.36 (KHTML, like Gecko) Chrome/146.0.0.0 Mobile Safari/537.36"
223.185.131.225 - - [24/Mar/2026:02:14:40 +0530] "GET /assets/css/meanmenu.css HTTP/2.0" 200 986 "https://www.pathoworld.in/" "Mozilla/5.0 (Linux; Android 10; K) AppleWebKit/537.36 (KHTML, like Gecko) Chrome/146.0.0.0 Mobile Safari/537.36"
223.185.131.225 - - [24/Mar/2026:02:14:40 +0530] "GET /assets/css/owl.carousel.min.css HTTP/2.0" 200 1284 "https://www.pathoworld.in/" "Mozilla/5.0 (Linux; Android 10; K) AppleWebKit/537.36 (KHTML, like Gecko) Chrome/146.0.0.0 Mobile Safari/537.36"
49.205.151.250 - - [24/Mar/2026:02:14:40 +0530] "GET /assets/img/shape-image/1.png HTTP/2.0" 200 4694 "https://www.pathoworld.in/" "Mozilla/5.0 (Linux; Android 10; K) AppleWebKit/537.36 (KHTML, like Gecko) Chrome/146.0.0.0 Mobile Safari/537.36"
165.51.101.209 - - [24/Mar/2026:02:14:40 +0530] "GET /assets/js/jquery.meanmenu.js HTTP/2.0" 200 1607 "https://www.pathoworld.in/" "Mozilla/5.0 (Linux; Android 10; K) AppleWebKit/537.36 (KHTML, like Gecko) Chrome/146.0.0.0 Mobile Safari/537.36"
49.205.151.250 - - [24/Mar/2026:02:14:40 +0530] "GET /assets/img/slider/s4.png HTTP/2.0" 200 141080 "https://www.pathoworld.in/" "Mozilla/5.0 (Linux; Android 10; K) AppleWebKit/537.36 (KHTML, like Gecko) Chrome/146.0.0.0 Mobile Safari/537.36"
165.51.101.209 - - [24/Mar/2026:02:14:40 +0530] "GET /assets/js/jquery.appear.js HTTP/2.0" 200 1360 "https://www.pathoworld.in/" "Mozilla/5.0 (Linux; Android 10; K) AppleWebKit/537.36 (KHTML, like Gecko) Chrome/146.0.0.0 Mobile Safari/537.36"
49.205.151.250 - - [24/Mar/2026:02:14:40 +0530] "GET /assets/img/slider/s3.png HTTP/2.0" 200 124455 "https://www.pathoworld.in/" "Mozilla/5.0 (Linux; Android 10; K) AppleWebKit/537.36 (KHTML, like Gecko) Chrome/146.0.0.0 Mobile Safari/537.36"
62.183.82.70 - - [24/Mar/2026:02:14:40 +0530] "GET /assets/js/jquery.min.js HTTP/2.0" 200 30900 "https://www.pathoworld.in/" "Mozilla/5.0 (Linux; Android 13; SM-F9160) AppleWebKit/537.36 (KHTML, like Gecko) SamsungBrowser/28.0 Chrome/142.0.7444.49 Mobile Safari/537.36"
165.51.101.209 - - [24/Mar/2026:02:14:40 +0530] "GET /assets/js/odometer.min.js HTTP/2.0" 200 3631 "https://www.pathoworld.in/" "Mozilla/5.0 (Linux; Android 10; K) AppleWebKit/537.36 (KHTML, like Gecko) Chrome/146.0.0.0 Mobile Safari/537.36"
223.185.131.225 - - [24/Mar/2026:02:14:40 +0530] "GET /assets/css/progressbar.min.css HTTP/2.0" 200 350 "https://www.pathoworld.in/" "Mozilla/5.0 (Linux; Android 10; K) AppleWebKit/537.36 (KHTML, like Gecko) Chrome/146.0.0.0 Mobile Safari/537.36"
223.185.131.225 - - [24/Mar/2026:02:14:40 +0530] "GET /assets/css/responsive.css HTTP/2.0" 200 5713 "https://www.pathoworld.in/" "Mozilla/5.0 (Linux; Android 10; K) AppleWebKit/537.36 (KHTML, like Gecko) Chrome/146.0.0.0 Mobile Safari/537.36"
223.185.131.225 - - [24/Mar/2026:02:14:40 +0530] "GET /assets/css/style.css HTTP/2.0" 200 18238 "https://www.pathoworld.in/" "Mozilla/5.0 (Linux; Android 10; K) AppleWebKit/537.36 (KHTML, like Gecko) Chrome/146.0.0.0 Mobile Safari/537.36"
49.205.151.250 - - [24/Mar/2026:02:14:40 +0530] "GET /assets/img/shape-image/2.png HTTP/2.0" 200 8055 "https://www.pathoworld.in/" "Mozilla/5.0 (Linux; Android 10; K) AppleWebKit/537.36 (KHTML, like Gecko) Chrome/146.0.0.0 Mobile Safari/537.36"
49.205.151.250 - - [24/Mar/2026:02:14:40 +0530] "GET /assets/img/shape-image/3.png HTTP/2.0" 200 4473 "https://www.pathoworld.in/" "Mozilla/5.0 (Linux; Android 10; K) AppleWebKit/537.36 (KHTML, like Gecko) Chrome/146.0.0.0 Mobile Safari/537.36"
49.47.152.244 - - [24/Mar/2026:02:14:40 +0530] "GET /assets/css/fontawesome.min.css HTTP/2.0" 200 12063 "https://www.pathoworld.in/" "Mozilla/5.0 (Linux; Android 10; K) AppleWebKit/537.36 (KHTML, like Gecko) Chrome/146.0.0.0 Mobile Safari/537.36"
157.51.206.196 - - [24/Mar/2026:02:14:40 +0530] "GET /assets/img/favicon.png HTTP/2.0" 200 14733 "https://www.pathoworld.in/" "Mozilla/5.0 (Linux; Android 10; K) AppleWebKit/537.36 (KHTML, like Gecko) SamsungBrowser/29.0 Chrome/136.0.0.0 Mobile Safari/537.36"
49.205.151.250 - - [24/Mar/2026:02:14:40 +0530] "GET /assets/img/shape-image/4.png HTTP/2.0" 200 4607 "https://www.pathoworld.in/" "Mozilla/5.0 (Linux; Android 10; K) AppleWebKit/537.36 (KHTML, like Gecko) Chrome/146.0.0.0 Mobile Safari/537.36"
150.228.105.6 - - [24/Mar/2026:02:14:40 +0530] "GET /assets/css/fontawesome.min.css HTTP/2.0" 200 12063 "https://www.pathoworld.in/" "Mozilla/5.0 (Linux; Android 10; K) AppleWebKit/537.36 (KHTML, like Gecko) Chrome/146.0.0.0 Mobile Safari/537.36"
150.228.105.6 - - [24/Mar/2026:02:14:41 +0530] "GET /assets/css/flaticon.css HTTP/2.0" 200 665 "https://www.pathoworld.in/" "Mozilla/5.0 (Linux; Android 10; K) AppleWebKit/537.36 (KHTML, like Gecko) Chrome/146.0.0.0 Mobile Safari/537.36"
49.47.152.244 - - [24/Mar/2026:02:14:41 +0530] "GET /assets/css/flaticon.css HTTP/2.0" 200 665 "https://www.pathoworld.in/" "Mozilla/5.0 (Linux; Android 10; K) AppleWebKit/537.36 (KHTML, like Gecko) Chrome/146.0.0.0 Mobile Safari/537.36"
49.205.151.250 - - [24/Mar/2026:02:14:41 +0530] "GET /assets/img/shape-image/5.png HTTP/2.0" 200 3980 "https://www.pathoworld.in/" "Mozilla/5.0 (Linux; Android 10; K) AppleWebKit/537.36 (KHTML, like Gecko) Chrome/146.0.0.0 Mobile Safari/537.36"
216.133.156.231 - - [24/Mar/2026:02:14:41 +0530] "GET /assets/css/animate.min.css HTTP/2.0" 200 4324 "https://www.pathoworld.in/" "Mozilla/5.0 (Linux; Android 9; SAMSUNG SM-G950F) AppleWebKit/537.36 (KHTML, like Gecko) SamsungBrowser/23.0 Chrome/115.0.0.0 Mobile Safari/537.36"
216.133.156.231 - - [24/Mar/2026:02:14:41 +0530] "GET /assets/css/fontawesome.min.css HTTP/2.0" 200 12063 "https://www.pathoworld.in/" "Mozilla/5.0 (Linux; Android 9; SAMSUNG SM-G950F) AppleWebKit/537.36 (KHTML, like Gecko) SamsungBrowser/23.0 Chrome/115.0.0.0 Mobile Safari/537.36"
216.133.156.231 - - [24/Mar/2026:02:14:41 +0530] "GET /assets/css/flaticon.css HTTP/2.0" 200 665 "https://www.pathoworld.in/" "Mozilla/5.0 (Linux; Android 9; SAMSUNG SM-G950F) AppleWebKit/537.36 (KHTML, like Gecko) SamsungBrowser/23.0 Chrome/115.0.0.0 Mobile Safari/537.36"
197.42.161.36 - - [24/Mar/2026:02:14:30 +0530] "GET / HTTP/2.0" 200 9055 "https://wowkawai.pages.dev/" "Mozilla/5.0 (Linux; Android 14; SM-S901E) AppleWebKit/537.36 (KHTML, like Gecko) SamsungBrowser/28.0 Chrome/143.0.7499.110 Mobile Safari/537.36"
165.51.101.209 - - [24/Mar/2026:02:14:41 +0530] "GET /assets/js/jquery.magnific-popup.min.js HTTP/2.0" 200 7346 "https://www.pathoworld.in/" "Mozilla/5.0 (Linux; Android 10; K) AppleWebKit/537.36 (KHTML, like Gecko) Chrome/146.0.0.0 Mobile Safari/537.36"
