42.104.189.237 - - [24/Mar/2026:02:14:42 +0530] "GET /assets/js/parallax.min.js HTTP/2.0" 200 4001 "https://www.pathoworld.in/" "Mozilla/5.0 (Linux; Android 10; K) AppleWebKit/537.36 (KHTML, like Gecko) Chrome/145.0.0.0 Mobile Safari/537.36"
103.92.100.163 - - [24/Mar/2026:02:14:42 +0530] "GET /assets/css/style.css HTTP/2.0" 200 18238 "https://www.pathoworld.in/" "Mozilla/5.0 (Linux; Android 10; K) AppleWebKit/537.36 (KHTML, like Gecko) Chrome/146.0.0.0 Mobile Safari/537.36"
103.92.100.163 - - [24/Mar/2026:02:14:42 +0530] "GET /assets/css/responsive.css HTTP/2.0" 200 5713 "https://www.pathoworld.in/" "Mozilla/5.0 (Linux; Android 10; K) AppleWebKit/537.36 (KHTML, like Gecko) Chrome/146.0.0.0 Mobile Safari/537.36"
42.104.189.237 - - [24/Mar/2026:02:14:42 +0530] "GET /assets/js/owl.carousel.min.js HTTP/2.0" 200 11412 "https://www.pathoworld.in/" "Mozilla/5.0 (Linux; Android 10; K) AppleWebKit/537.36 (KHTML, like Gecko) Chrome/145.0.0.0 Mobile Safari/537.36"
213.153.144.233 - - [24/Mar/2026:02:14:42 +0530] "GET /assets/css/meanmenu.css HTTP/2.0" 200 986 "https://www.pathoworld.in/" "Mozilla/5.0 (Linux; Android 10; K) AppleWebKit/537.36 (KHTML, like Gecko) Chrome/146.0.0.0 Mobile Safari/537.36"
42.104.189.237 - - [24/Mar/2026:02:14:42 +0530] "GET /assets/js/progressbar.min.js HTTP/2.0" 200 504 "https://www.pathoworld.in/" "Mozilla/5.0 (Linux; Android 10; K) AppleWebKit/537.36 (KHTML, like Gecko) Chrome/145.0.0.0 Mobile Safari/537.36"
117.200.178.12 - - [24/Mar/2026:02:14:42 +0530] "GET /assets/css/animate.min.css HTTP/2.0" 200 4324 "https://www.pathoworld.in/" "Mozilla/5.0 (Linux; Android 10; K) AppleWebKit/537.36 (KHTML, like Gecko) Chrome/146.0.0.0 Mobile Safari/537.36"
103.92.100.163 - - [24/Mar/2026:02:14:42 +0530] "GET /assets/cart-icon.png HTTP/2.0" 200 2855 "https://www.pathoworld.in/" "Mozilla/5.0 (Linux; Android 10; K) AppleWebKit/537.36 (KHTML, like Gecko) Chrome/146.0.0.0 Mobile Safari/537.36"
103.92.100.163 - - [24/Mar/2026:02:14:42 +0530] "GET /assets/img/logo.png HTTP/2.0" 200 204319 "https://www.pathoworld.in/" "Mozilla/5.0 (Linux; Android 10; K) AppleWebKit/537.36 (KHTML, like Gecko) Chrome/146.0.0.0 Mobile Safari/537.36"
62.183.82.70 - - [24/Mar/2026:02:14:32 +0530] "GET / HTTP/2.0" 200 9055 "https://pagesonyou.my.id/" "Mozilla/5.0 (Linux; Android 13; SM-F9160) AppleWebKit/537.36 (KHTML, like Gecko) SamsungBrowser/28.0 Chrome/142.0.7444.49 Mobile Safari/537.36"
154.184.20.104 - - [24/Mar/2026:02:14:42 +0530] "GET /assets/css/animate.min.css HTTP/2.0" 200 4324 "https://www.pathoworld.in/" "Mozilla/5.0 (Linux; Android 10; K) AppleWebKit/537.36 (KHTML, like Gecko) Chrome/144.0.0.0 Mobile Safari/537.36"
152.58.169.162 - - [24/Mar/2026:02:14:42 +0530] "GET /assets/css/fontawesome.min.css HTTP/2.0" 200 12063 "https://www.pathoworld.in/" "Mozilla/5.0 (Linux; Android 10; K) AppleWebKit/537.36 (KHTML, like Gecko) Chrome/146.0.0.0 Mobile Safari/537.36"
117.200.178.12 - - [24/Mar/2026:02:14:42 +0530] "GET /assets/css/fontawesome.min.css HTTP/2.0" 200 12063 "https://www.pathoworld.in/" "Mozilla/5.0 (Linux; Android 10; K) AppleWebKit/537.36 (KHTML, like Gecko) Chrome/146.0.0.0 Mobile Safari/537.36"
165.51.101.209 - - [24/Mar/2026:02:14:42 +0530] "GET /admin/icon/healthcheckup.png HTTP/2.0" 200 42881 "https://www.pathoworld.in/" "Mozilla/5.0 (Linux; Android 10; K) AppleWebKit/537.36 (KHTML, like Gecko) Chrome/146.0.0.0 Mobile Safari/537.36"
42.104.189.237 - - [24/Mar/2026:02:14:42 +0530] "GET /assets/js/wow.min.js HTTP/2.0" 200 2702 "https://www.pathoworld.in/" "Mozilla/5.0 (Linux; Android 10; K) AppleWebKit/537.36 (KHTML, like Gecko) Chrome/145.0.0.0 Mobile Safari/537.36"
156.204.96.107 - - [24/Mar/2026:02:14:33 +0530] "GET / HTTP/2.0" 200 9055 "https://dlhotwow.pages.dev/" "Mozilla/5.0 (Linux; Android 12; SAMSUNG SM-N975F) AppleWebKit/537.36 (KHTML, like Gecko) SamsungBrowser/23.0 Chrome/115.0.0.0 Mobile Safari/537.36"
152.58.169.162 - - [24/Mar/2026:02:14:42 +0530] "GET /assets/css/flaticon.css HTTP/2.0" 200 665 "https://www.pathoworld.in/" "Mozilla/5.0 (Linux; Android 10; K) AppleWebKit/537.36 (KHTML, like Gecko) Chrome/146.0.0.0 Mobile Safari/537.36"
213.153.144.233 - - [24/Mar/2026:02:14:42 +0530] "GET /assets/css/owl.carousel.min.css HTTP/2.0" 200 1284 "https://www.pathoworld.in/" "Mozilla/5.0 (Linux; Android 10; K) AppleWebKit/537.36 (KHTML, like Gecko) Chrome/146.0.0.0 Mobile Safari/537.36"
213.153.144.233 - - [24/Mar/2026:02:14:42 +0530] "GET /assets/css/progressbar.min.css HTTP/2.0" 200 350 "https://www.pathoworld.in/" "Mozilla/5.0 (Linux; Android 10; K) AppleWebKit/537.36 (KHTML, like Gecko) Chrome/146.0.0.0 Mobile Safari/537.36"
37.239.26.5 - - [24/Mar/2026:02:14:39 +0530] "GET /assets/img/logo.png HTTP/2.0" 200 204319 "https://www.pathoworld.in/" "Mozilla/5.0 (Linux; Android 10; K) AppleWebKit/537.36 (KHTML, like Gecko) Chrome/146.0.0.0 Mobile Safari/537.36"
37.239.26.5 - - [24/Mar/2026:02:14:39 +0530] "GET /assets/css/responsive.css HTTP/2.0" 200 5713 "https://www.pathoworld.in/" "Mozilla/5.0 (Linux; Android 10; K) AppleWebKit/537.36 (KHTML, like Gecko) Chrome/146.0.0.0 Mobile Safari/537.36"
37.239.26.5 - - [24/Mar/2026:02:14:42 +0530] "GET /assets/cart-icon.png HTTP/2.0" 200 2855 "https://www.pathoworld.in/" "Mozilla/5.0 (Linux; Android 10; K) AppleWebKit/537.36 (KHTML, like Gecko) Chrome/146.0.0.0 Mobile Safari/537.36"
117.200.178.12 - - [24/Mar/2026:02:14:42 +0530] "GET /assets/css/flaticon.css HTTP/2.0" 200 665 "https://www.pathoworld.in/" "Mozilla/5.0 (Linux; Android 10; K) AppleWebKit/537.36 (KHTML, like Gecko) Chrome/146.0.0.0 Mobile Safari/537.36"
213.153.144.233 - - [24/Mar/2026:02:14:42 +0530] "GET /assets/css/style.css HTTP/2.0" 200 18238 "https://www.pathoworld.in/" "Mozilla/5.0 (Linux; Android 10; K) AppleWebKit/537.36 (KHTML, like Gecko) Chrome/146.0.0.0 Mobile Safari/537.36"
49.47.152.244 - - [24/Mar/2026:02:14:42 +0530] "GET /assets/img/imaging-pathoworld.png HTTP/2.0" 200 97252 "https://www.pathoworld.in/" "Mozilla/5.0 (Linux; Android 10; K) AppleWebKit/537.36 (KHTML, like Gecko) Chrome/146.0.0.0 Mobile Safari/537.36"
152.58.169.162 - - [24/Mar/2026:02:14:42 +0530] "GET /assets/css/magnific-popup.min.css HTTP/2.0" 200 1566 "https://www.pathoworld.in/" "Mozilla/5.0 (Linux; Android 10; K) AppleWebKit/537.36 (KHTML, like Gecko) Chrome/146.0.0.0 Mobile Safari/537.36"
223.185.131.225 - - [24/Mar/2026:02:14:42 +0530] "GET /assets/js/main.js HTTP/2.0" 200 2464 "https://www.pathoworld.in/" "Mozilla/5.0 (Linux; Android 10; K) AppleWebKit/537.36 (KHTML, like Gecko) Chrome/146.0.0.0 Mobile Safari/537.36"
118.179.183.220 - - [24/Mar/2026:02:14:36 +0530] "GET / HTTP/2.0" 200 9055 "https://www.wow.xxx/" "Mozilla/5.0 (Windows NT 10.0; Win64; x64) AppleWebKit/537.36 (KHTML, like Gecko) Chrome/130.0.0.0 Safari/537.36 UCPC/1.1.0.15"
117.200.178.12 - - [24/Mar/2026:02:14:42 +0530] "GET /assets/css/magnific-popup.min.css HTTP/2.0" 200 1566 "https://www.pathoworld.in/" "Mozilla/5.0 (Linux; Android 10; K) AppleWebKit/537.36 (KHTML, like Gecko) Chrome/146.0.0.0 Mobile Safari/537.36"
82.83.252.40 - - [24/Mar/2026:02:14:42 +0530] "GET /assets/img/imaging-pathoworld.png HTTP/2.0" 200 97252 "https://www.pathoworld.in/" "Mozilla/5.0 (Macintosh; Intel Mac OS X 10_15_7) AppleWebKit/605.1.15 (KHTML, like Gecko) Version/16.6.2 Safari/605.1.15"
117.200.178.12 - - [24/Mar/2026:02:14:42 +0530] "GET /assets/css/odometer.min.css HTTP/2.0" 200 515 "https://www.pathoworld.in/" "Mozilla/5.0 (Linux; Android 10; K) AppleWebKit/537.36 (KHTML, like Gecko) Chrome/146.0.0.0 Mobile Safari/537.36"
223.185.131.225 - - [24/Mar/2026:02:14:42 +0530] "GET /assets/img/slider/s1.png HTTP/2.0" 200 104353 "https://www.pathoworld.in/" "Mozilla/5.0 (Linux; Android 10; K) AppleWebKit/537.36 (KHTML, like Gecko) Chrome/146.0.0.0 Mobile Safari/537.36"
154.184.20.104 - - [24/Mar/2026:02:14:42 +0530] "GET /assets/css/fontawesome.min.css HTTP/2.0" 200 12063 "https://www.pathoworld.in/" "Mozilla/5.0 (Linux; Android 10; K) AppleWebKit/537.36 (KHTML, like Gecko) Chrome/144.0.0.0 Mobile Safari/537.36"
152.58.169.162 - - [24/Mar/2026:02:14:43 +0530] "GET /assets/css/odometer.min.css HTTP/2.0" 200 515 "https://www.pathoworld.in/" "Mozilla/5.0 (Linux; Android 10; K) AppleWebKit/537.36 (KHTML, like Gecko) Chrome/146.0.0.0 Mobile Safari/537.36"
117.200.178.12 - - [24/Mar/2026:02:14:43 +0530] "GET /assets/css/meanmenu.css HTTP/2.0" 200 986 "https://www.pathoworld.in/" "Mozilla/5.0 (Linux; Android 10; K) AppleWebKit/537.36 (KHTML, like Gecko) Chrome/146.0.0.0 Mobile Safari/537.36"
49.205.151.250 - - [24/Mar/2026:02:14:43 +0530] "GET /assets/img/favicon.png HTTP/2.0" 200 14733 "https://www.pathoworld.in/" "Mozilla/5.0 (Linux; Android 10; K) AppleWebKit/537.36 (KHTML, like Gecko) Chrome/146.0.0.0 Mobile Safari/537.36"
103.92.100.163 - - [24/Mar/2026:02:14:43 +0530] "GET /assets/img/imaging-pathoworld.png HTTP/2.0" 200 97252 "https://www.pathoworld.in/" "Mozilla/5.0 (Linux; Android 10; K) AppleWebKit/537.36 (KHTML, like Gecko) Chrome/146.0.0.0 Mobile Safari/537.36"
213.153.144.233 - - [24/Mar/2026:02:14:43 +0530] "GET /assets/css/responsive.css HTTP/2.0" 200 5713 "https://www.pathoworld.in/" "Mozilla/5.0 (Linux; Android 10; K) AppleWebKit/537.36 (KHTML, like Gecko) Chrome/146.0.0.0 Mobile Safari/537.36"
118.179.183.220 - - [24/Mar/2026:02:14:43 +0530] "GET /assets/css/animate.min.css HTTP/2.0" 200 4324 "https://www.pathoworld.in/" "Mozilla/5.0 (Windows NT 10.0; Win64; x64) AppleWebKit/537.36 (KHTML, like Gecko) Chrome/130.0.0.0 Safari/537.36 UCPC/1.1.0.15"
118.179.183.220 - - [24/Mar/2026:02:14:43 +0530] "GET /assets/css/fontawesome.min.css HTTP/2.0" 200 12063 "https://www.pathoworld.in/" "Mozilla/5.0 (Windows NT 10.0; Win64; x64) AppleWebKit/537.36 (KHTML, like Gecko) Chrome/130.0.0.0 Safari/537.36 UCPC/1.1.0.15"
118.179.183.220 - - [24/Mar/2026:02:14:43 +0530] "GET /assets/css/flaticon.css HTTP/2.0" 200 665 "https://www.pathoworld.in/" "Mozilla/5.0 (Windows NT 10.0; Win64; x64) AppleWebKit/537.36 (KHTML, like Gecko) Chrome/130.0.0.0 Safari/537.36 UCPC/1.1.0.15"
118.179.183.220 - - [24/Mar/2026:02:14:43 +0530] "GET /assets/css/magnific-popup.min.css HTTP/2.0" 200 1566 "https://www.pathoworld.in/" "Mozilla/5.0 (Windows NT 10.0; Win64; x64) AppleWebKit/537.36 (KHTML, like Gecko) Chrome/130.0.0.0 Safari/537.36 UCPC/1.1.0.15"
118.179.183.220 - - [24/Mar/2026:02:14:43 +0530] "GET /assets/css/bootstrap.min.css HTTP/2.0" 200 22910 "https://www.pathoworld.in/" "Mozilla/5.0 (Windows NT 10.0; Win64; x64) AppleWebKit/537.36 (KHTML, like Gecko) Chrome/130.0.0.0 Safari/537.36 UCPC/1.1.0.15"
118.179.183.220 - - [24/Mar/2026:02:14:43 +0530] "GET /assets/css/odometer.min.css HTTP/2.0" 200 515 "https://www.pathoworld.in/" "Mozilla/5.0 (Windows NT 10.0; Win64; x64) AppleWebKit/537.36 (KHTML, like Gecko) Chrome/130.0.0.0 Safari/537.36 UCPC/1.1.0.15"
118.179.183.220 - - [24/Mar/2026:02:14:43 +0530] "GET /assets/css/meanmenu.css HTTP/2.0" 200 986 "https://www.pathoworld.in/" "Mozilla/5.0 (Windows NT 10.0; Win64; x64) AppleWebKit/537.36 (KHTML, like Gecko) Chrome/130.0.0.0 Safari/537.36 UCPC/1.1.0.15"
118.179.183.220 - - [24/Mar/2026:02:14:43 +0530] "GET /assets/css/owl.carousel.min.css HTTP/2.0" 200 1284 "https://www.pathoworld.in/" "Mozilla/5.0 (Windows NT 10.0; Win64; x64) AppleWebKit/537.36 (KHTML, like Gecko) Chrome/130.0.0.0 Safari/537.36 UCPC/1.1.0.15"
118.179.183.220 - - [24/Mar/2026:02:14:43 +0530] "GET /assets/css/progressbar.min.css HTTP/2.0" 200 350 "https://www.pathoworld.in/" "Mozilla/5.0 (Windows NT 10.0; Win64; x64) AppleWebKit/537.36 (KHTML, like Gecko) Chrome/130.0.0.0 Safari/537.36 UCPC/1.1.0.15"
152.171.29.10 - - [24/Mar/2026:02:14:43 +0530] "GET /assets/css/bootstrap.min.css HTTP/2.0" 200 22910 "https://www.pathoworld.in/" "Mozilla/5.0 (Linux; Android 10; K) AppleWebKit/537.36 (KHTML, like Gecko) Chrome/146.0.0.0 Mobile Safari/537.36"
118.179.183.220 - - [24/Mar/2026:02:14:43 +0530] "GET /assets/css/responsive.css HTTP/2.0" 200 5713 "https://www.pathoworld.in/" "Mozilla/5.0 (Windows NT 10.0; Win64; x64) AppleWebKit/537.36 (KHTML, like Gecko) Chrome/130.0.0.0 Safari/537.36 UCPC/1.1.0.15"
213.153.144.233 - - [24/Mar/2026:02:14:43 +0530] "GET /assets/cart-icon.png HTTP/2.0" 200 2855 "https://www.pathoworld.in/" "Mozilla/5.0 (Linux; Android 10; K) AppleWebKit/537.36 (KHTML, like Gecko) Chrome/146.0.0.0 Mobile Safari/537.36"
213.153.144.233 - - [24/Mar/2026:02:14:43 +0530] "GET /assets/img/logo.png HTTP/2.0" 200 204319 "https://www.pathoworld.in/" "Mozilla/5.0 (Linux; Android 10; K) AppleWebKit/537.36 (KHTML, like Gecko) Chrome/146.0.0.0 Mobile Safari/537.36"
118.179.183.220 - - [24/Mar/2026:02:14:43 +0530] "GET /assets/css/style.css HTTP/2.0" 200 18238 "https://www.pathoworld.in/" "Mozilla/5.0 (Windows NT 10.0; Win64; x64) AppleWebKit/537.36 (KHTML, like Gecko) Chrome/130.0.0.0 Safari/537.36 UCPC/1.1.0.15"
152.58.169.162 - - [24/Mar/2026:02:14:43 +0530] "GET /assets/css/meanmenu.css HTTP/2.0" 200 986 "https://www.pathoworld.in/" "Mozilla/5.0 (Linux; Android 10; K) AppleWebKit/537.36 (KHTML, like Gecko) Chrome/146.0.0.0 Mobile Safari/537.36"
78.171.43.229 - - [24/Mar/2026:02:14:43 +0530] "GET /assets/js/jquery.meanmenu.js HTTP/2.0" 200 1607 "https://www.pathoworld.in/" "Mozilla/5.0 (Linux; Android 10; K) AppleWebKit/537.36 (KHTML, like Gecko) Chrome/146.0.0.0 Mobile Safari/537.36"
78.171.43.229 - - [24/Mar/2026:02:14:43 +0530] "GET /assets/js/jquery.appear.js HTTP/2.0" 200 1360 "https://www.pathoworld.in/" "Mozilla/5.0 (Linux; Android 10; K) AppleWebKit/537.36 (KHTML, like Gecko) Chrome/146.0.0.0 Mobile Safari/537.36"
78.171.43.229 - - [24/Mar/2026:02:14:43 +0530] "GET /assets/js/odometer.min.js HTTP/2.0" 200 3631 "https://www.pathoworld.in/" "Mozilla/5.0 (Linux; Android 10; K) AppleWebKit/537.36 (KHTML, like Gecko) Chrome/146.0.0.0 Mobile Safari/537.36"
165.51.101.209 - - [24/Mar/2026:02:14:43 +0530] "GET /assets/js/jquery.ajaxchimp.min.js HTTP/2.0" 200 939 "https://www.pathoworld.in/" "Mozilla/5.0 (Linux; Android 10; K) AppleWebKit/537.36 (KHTML, like Gecko) Chrome/146.0.0.0 Mobile Safari/537.36"
165.51.101.209 - - [24/Mar/2026:02:14:43 +0530] "GET /assets/js/form-validator.min.js HTTP/2.0" 200 2096 "https://www.pathoworld.in/" "Mozilla/5.0 (Linux; Android 10; K) AppleWebKit/537.36 (KHTML, like Gecko) Chrome/146.0.0.0 Mobile Safari/537.36"
165.51.101.209 - - [24/Mar/2026:02:14:43 +0530] "GET /assets/js/contact-form-script.js HTTP/2.0" 200 740 "https://www.pathoworld.in/" "Mozilla/5.0 (Linux; Android 10; K) AppleWebKit/537.36 (KHTML, like Gecko) Chrome/146.0.0.0 Mobile Safari/537.36"
117.200.178.12 - - [24/Mar/2026:02:14:43 +0530] "GET /assets/css/owl.carousel.min.css HTTP/2.0" 200 1284 "https://www.pathoworld.in/" "Mozilla/5.0 (Linux; Android 10; K) AppleWebKit/537.36 (KHTML, like Gecko) Chrome/146.0.0.0 Mobile Safari/537.36"
117.200.178.12 - - [24/Mar/2026:02:14:43 +0530] "GET /assets/css/progressbar.min.css HTTP/2.0" 200 350 "https://www.pathoworld.in/" "Mozilla/5.0 (Linux; Android 10; K) AppleWebKit/537.36 (KHTML, like Gecko) Chrome/146.0.0.0 Mobile Safari/537.36"
117.200.178.12 - - [24/Mar/2026:02:14:43 +0530] "GET /assets/css/style.css HTTP/2.0" 200 18238 "https://www.pathoworld.in/" "Mozilla/5.0 (Linux; Android 10; K) AppleWebKit/537.36 (KHTML, like Gecko) Chrome/146.0.0.0 Mobile Safari/537.36"
103.92.100.163 - - [24/Mar/2026:02:14:43 +0530] "GET /assets/js/jquery.min.js HTTP/2.0" 200 30900 "https://www.pathoworld.in/" "Mozilla/5.0 (Linux; Android 10; K) AppleWebKit/537.36 (KHTML, like Gecko) Chrome/146.0.0.0 Mobile Safari/537.36"
82.83.252.40 - - [24/Mar/2026:02:14:43 +0530] "GET /assets/img/slider/web-benner-12.png HTTP/2.0" 200 444437 "https://www.pathoworld.in/" "Mozilla/5.0 (Macintosh; Intel Mac OS X 10_15_7) AppleWebKit/605.1.15 (KHTML, like Gecko) Version/16.6.2 Safari/605.1.15"
152.58.169.162 - - [24/Mar/2026:02:14:43 +0530] "GET /assets/css/owl.carousel.min.css HTTP/2.0" 200 1284 "https://www.pathoworld.in/" "Mozilla/5.0 (Linux; Android 10; K) AppleWebKit/537.36 (KHTML, like Gecko) Chrome/146.0.0.0 Mobile Safari/537.36"
223.185.131.225 - - [24/Mar/2026:02:14:43 +0530] "GET /assets/img/slider/s2.png HTTP/2.0" 200 164012 "https://www.pathoworld.in/" "Mozilla/5.0 (Linux; Android 10; K) AppleWebKit/537.36 (KHTML, like Gecko) Chrome/146.0.0.0 Mobile Safari/537.36"
106.206.249.206 - - [24/Mar/2026:02:14:42 +0530] "GET /assets/img/slider/web-benner-12.png HTTP/2.0" 200 444437 "https://www.pathoworld.in/" "Mozilla/5.0 (Linux; Android 10; K) AppleWebKit/537.36 (KHTML, like Gecko) Chrome/140.0.0.0 Mobile Safari/537.36"
103.92.100.163 - - [24/Mar/2026:02:14:43 +0530] "GET /assets/js/popper.min.js HTTP/2.0" 200 6623 "https://www.pathoworld.in/" "Mozilla/5.0 (Linux; Android 10; K) AppleWebKit/537.36 (KHTML, like Gecko) Chrome/146.0.0.0 Mobile Safari/537.36"
117.200.178.12 - - [24/Mar/2026:02:14:43 +0530] "GET /assets/css/responsive.css HTTP/2.0" 200 5713 "https://www.pathoworld.in/" "Mozilla/5.0 (Linux; Android 10; K) AppleWebKit/537.36 (KHTML, like Gecko) Chrome/146.0.0.0 Mobile Safari/537.36"
118.179.183.220 - - [24/Mar/2026:02:14:43 +0530] "GET /assets/img/logo.png HTTP/2.0" 200 204319 "https://www.pathoworld.in/" "Mozilla/5.0 (Windows NT 10.0; Win64; x64) AppleWebKit/537.36 (KHTML, like Gecko) Chrome/130.0.0.0 Safari/537.36 UCPC/1.1.0.15"
118.179.183.220 - - [24/Mar/2026:02:14:43 +0530] "GET /assets/cart-icon.png HTTP/2.0" 200 2855 "https://www.pathoworld.in/" "Mozilla/5.0 (Windows NT 10.0; Win64; x64) AppleWebKit/537.36 (KHTML, like Gecko) Chrome/130.0.0.0 Safari/537.36 UCPC/1.1.0.15"
117.200.178.12 - - [24/Mar/2026:02:14:43 +0530] "GET /assets/cart-icon.png HTTP/2.0" 200 2855 "https://www.pathoworld.in/" "Mozilla/5.0 (Linux; Android 10; K) AppleWebKit/537.36 (KHTML, like Gecko) Chrome/146.0.0.0 Mobile Safari/537.36"
103.92.100.163 - - [24/Mar/2026:02:14:43 +0530] "GET /assets/js/bootstrap.min.js HTTP/2.0" 200 15918 "https://www.pathoworld.in/" "Mozilla/5.0 (Linux; Android 10; K) AppleWebKit/537.36 (KHTML, like Gecko) Chrome/146.0.0.0 Mobile Safari/537.36"
118.179.183.220 - - [24/Mar/2026:02:14:43 +0530] "GET /assets/js/popper.min.js HTTP/2.0" 200 6623 "https://www.pathoworld.in/" "Mozilla/5.0 (Windows NT 10.0; Win64; x64) AppleWebKit/537.36 (KHTML, like Gecko) Chrome/130.0.0.0 Safari/537.36 UCPC/1.1.0.15"
118.179.183.220 - - [24/Mar/2026:02:14:43 +0530] "GET /assets/img/imaging-pathoworld.png HTTP/2.0" 200 97252 "https://www.pathoworld.in/" "Mozilla/5.0 (Windows NT 10.0; Win64; x64) AppleWebKit/537.36 (KHTML, like Gecko) Chrome/130.0.0.0 Safari/537.36 UCPC/1.1.0.15"
118.179.183.220 - - [24/Mar/2026:02:14:43 +0530] "GET /assets/js/bootstrap.min.js HTTP/2.0" 200 15918 "https://www.pathoworld.in/" "Mozilla/5.0 (Windows NT 10.0; Win64; x64) AppleWebKit/537.36 (KHTML, like Gecko) Chrome/130.0.0.0 Safari/537.36 UCPC/1.1.0.15"
118.179.183.220 - - [24/Mar/2026:02:14:43 +0530] "GET /assets/js/jquery.min.js HTTP/2.0" 200 30900 "https://www.pathoworld.in/" "Mozilla/5.0 (Windows NT 10.0; Win64; x64) AppleWebKit/537.36 (KHTML, like Gecko) Chrome/130.0.0.0 Safari/537.36 UCPC/1.1.0.15"
152.58.169.162 - - [24/Mar/2026:02:14:43 +0530] "GET /assets/css/progressbar.min.css HTTP/2.0" 200 350 "https://www.pathoworld.in/" "Mozilla/5.0 (Linux; Android 10; K) AppleWebKit/537.36 (KHTML, like Gecko) Chrome/146.0.0.0 Mobile Safari/537.36"
103.92.100.163 - - [24/Mar/2026:02:14:43 +0530] "GET /assets/js/jquery.meanmenu.js HTTP/2.0" 200 1607 "https://www.pathoworld.in/" "Mozilla/5.0 (Linux; Android 10; K) AppleWebKit/537.36 (KHTML, like Gecko) Chrome/146.0.0.0 Mobile Safari/537.36"
152.58.169.162 - - [24/Mar/2026:02:14:43 +0530] "GET /assets/css/style.css HTTP/2.0" 200 18238 "https://www.pathoworld.in/" "Mozilla/5.0 (Linux; Android 10; K) AppleWebKit/537.36 (KHTML, like Gecko) Chrome/146.0.0.0 Mobile Safari/537.36"
117.200.178.12 - - [24/Mar/2026:02:14:43 +0530] "GET /assets/img/logo.png HTTP/2.0" 200 204319 "https://www.pathoworld.in/" "Mozilla/5.0 (Linux; Android 10; K) AppleWebKit/537.36 (KHTML, like Gecko) Chrome/146.0.0.0 Mobile Safari/537.36"
103.92.100.163 - - [24/Mar/2026:02:14:43 +0530] "GET /assets/js/jquery.appear.js HTTP/2.0" 200 1360 "https://www.pathoworld.in/" "Mozilla/5.0 (Linux; Android 10; K) AppleWebKit/537.36 (KHTML, like Gecko) Chrome/146.0.0.0 Mobile Safari/537.36"
103.92.100.163 - - [24/Mar/2026:02:14:43 +0530] "GET /assets/js/odometer.min.js HTTP/2.0" 200 3631 "https://www.pathoworld.in/" "Mozilla/5.0 (Linux; Android 10; K) AppleWebKit/537.36 (KHTML, like Gecko) Chrome/146.0.0.0 Mobile Safari/537.36"
118.179.183.220 - - [24/Mar/2026:02:14:43 +0530] "GET /assets/js/jquery.meanmenu.js HTTP/2.0" 200 1607 "https://www.pathoworld.in/" "Mozilla/5.0 (Windows NT 10.0; Win64; x64) AppleWebKit/537.36 (KHTML, like Gecko) Chrome/130.0.0.0 Safari/537.36 UCPC/1.1.0.15"
118.179.183.220 - - [24/Mar/2026:02:14:43 +0530] "GET /assets/js/jquery.appear.js HTTP/2.0" 200 1360 "https://www.pathoworld.in/" "Mozilla/5.0 (Windows NT 10.0; Win64; x64) AppleWebKit/537.36 (KHTML, like Gecko) Chrome/130.0.0.0 Safari/537.36 UCPC/1.1.0.15"
118.179.183.220 - - [24/Mar/2026:02:14:43 +0530] "GET /assets/js/odometer.min.js HTTP/2.0" 200 3631 "https://www.pathoworld.in/" "Mozilla/5.0 (Windows NT 10.0; Win64; x64) AppleWebKit/537.36 (KHTML, like Gecko) Chrome/130.0.0.0 Safari/537.36 UCPC/1.1.0.15"
152.58.169.162 - - [24/Mar/2026:02:14:43 +0530] "GET /assets/css/responsive.css HTTP/2.0" 200 5713 "https://www.pathoworld.in/" "Mozilla/5.0 (Linux; Android 10; K) AppleWebKit/537.36 (KHTML, like Gecko) Chrome/146.0.0.0 Mobile Safari/537.36"
106.206.249.206 - - [24/Mar/2026:02:14:43 +0530] "GET /admin/icon/healthcheckup.png HTTP/2.0" 200 42881 "https://www.pathoworld.in/" "Mozilla/5.0 (Linux; Android 10; K) AppleWebKit/537.36 (KHTML, like Gecko) Chrome/140.0.0.0 Mobile Safari/537.36"
106.206.249.206 - - [24/Mar/2026:02:14:43 +0530] "GET /admin/icon/eldermanhealthcheckup.png HTTP/2.0" 200 47535 "https://www.pathoworld.in/" "Mozilla/5.0 (Linux; Android 10; K) AppleWebKit/537.36 (KHTML, like Gecko) Chrome/140.0.0.0 Mobile Safari/537.36"
154.184.20.104 - - [24/Mar/2026:02:14:43 +0530] "GET /assets/css/flaticon.css HTTP/2.0" 200 665 "https://www.pathoworld.in/" "Mozilla/5.0 (Linux; Android 10; K) AppleWebKit/537.36 (KHTML, like Gecko) Chrome/144.0.0.0 Mobile Safari/537.36"
37.111.225.118 - - [24/Mar/2026:02:14:36 +0530] "GET / HTTP/2.0" 200 9055 "https://29571644-33181-36574.tentedienat.com/jidACoM1OQzaQ8wo-weFFCRIkdBJ-9uYefozOcqWHp4fNpz-RGj4dcDAgjfsXW2Vb9g5ig?_=05232055-26f9-11f1-84bd-3d6f8101a9cc&d=BQ5qQHPe7JU-rjk5VggQ5dcqEhBnkrZpaUjOOOV6JeXH-45DqNW9pk2y4AYHYkx24KlaqYxwlSO3k-nDFrI1doCQ1nlr8Ktm_T4_S_7X5UGIdiCfDvx7NE540c_2jNVPTNsmZMm5YaY-pOjqNUn5Xd8YEsUmDABWi3_R0GWdct3bSY2pmwmOVY9JMylrDqqvDTnkuskTK3G9I2tcle8BOVMGAcoVtklvJ1oScA4ylT_yAL-nj25gQZ9rZbNUfLAG9t4nJTktGxuhRPK0Fm81_9bS-sozZ7M3dpJblJV06uhowecXpZvaCzC-_m14thT23lq0xZo9G4_IA56UQef7clnXEAufzX3BqHBsAzMOOhwqw6d-hq3aFJTgNvB5bRZwaeFiCDOVbBrDA-6XbU_JVRHN0WNSvFjLbuBVdZy3mrPlHgjsYdnhKIhP2hoZbvhwxfJSWfT_hjNEzyit3vY4JNOoI0x2clbQe8YBOPioO0c1hYisHugWbmRm1jvb5EtK0v_0Mp8r1vlpzxO8qajn1rbcFjWhBOh9BTvzUPEbfNFPB9YEHmX4kscKLwm65hl8yQmoZQZbPJ8gY2h5qVfNgyXAfmnW3NLREi_al15PydyyOQnuN-rb2W49jzvRxI2_JBR5N0GA12YYp84wO68HM8Ao0-WbE-dY9Ixs2ouqTVYLL3wzDT8R8zdRFqGpwHrBBJx72uPjqyiD06KolUSF5WQe1qLyDhBpjRz3OX_gXm9q-otH8XkEWFwVKwfb2a0mPNPahDzxCHwfZcBCh-v6tXWvGQqSR4oY1xgbDKyof_EHdgN4yX4nKN5d98Hj1W4KI0kTLcDoC0rA42NWyYBrhYNXkIM4a5LZtce7eRzjG5rdLZqmifJ9_zRR5VsH9Sg0vVqtJUKk_ViSTMcuvWZErJVFjl2QtDcAPP21JJAou2B4Mg7qQ3x3n_T6y8T5DQxt7NW8EmNBtD6mp_ItjlmyL0hx_NqnJokkAaYH2A23u-OKiEJ6CWYoVspR9Vxf5gcCN7lhA0tKcc75DCMlnT9ppjjcMV-0ZIvDsSzpCwAW04TOz9EjYioBijftgn7jKgVL0ifjxc0ZHlrzcUl9Mx1N829pGXRvCjfSp12cIZxMAeWAvVZToKGLTb8xLXDgL4ahRXNPxU5syqFIOYbycDncWr_pOTIy4X_NOYz2E-p1Q83g3Vlbn20MywyuWlpjDE8z&_bbr=1" "Mozilla/5.0 (iPhone; CPU iPhone OS 18_7 like Mac OS X) AppleWebKit/605.1.15 (KHTML, like Gecko) Version/26.2 Mobile/15E148 Safari/604.1"
82.83.252.40 - - [24/Mar/2026:02:14:43 +0530] "GET /assets/img/slider/s1.png HTTP/2.0" 200 104353 "https://www.pathoworld.in/" "Mozilla/5.0 (Macintosh; Intel Mac OS X 10_15_7) AppleWebKit/605.1.15 (KHTML, like Gecko) Version/16.6.2 Safari/605.1.15"
118.179.183.220 - - [24/Mar/2026:02:14:43 +0530] "GET /assets/js/jquery.magnific-popup.min.js HTTP/2.0" 200 7346 "https://www.pathoworld.in/" "Mozilla/5.0 (Windows NT 10.0; Win64; x64) AppleWebKit/537.36 (KHTML, like Gecko) Chrome/130.0.0.0 Safari/537.36 UCPC/1.1.0.15"
118.179.183.220 - - [24/Mar/2026:02:14:43 +0530] "GET /assets/js/parallax.min.js HTTP/2.0" 200 4001 "https://www.pathoworld.in/" "Mozilla/5.0 (Windows NT 10.0; Win64; x64) AppleWebKit/537.36 (KHTML, like Gecko) Chrome/130.0.0.0 Safari/537.36 UCPC/1.1.0.15"
118.179.183.220 - - [24/Mar/2026:02:14:43 +0530] "GET /assets/js/owl.carousel.min.js HTTP/2.0" 200 11412 "https://www.pathoworld.in/" "Mozilla/5.0 (Windows NT 10.0; Win64; x64) AppleWebKit/537.36 (KHTML, like Gecko) Chrome/130.0.0.0 Safari/537.36 UCPC/1.1.0.15"
152.171.29.10 - - [24/Mar/2026:02:14:43 +0530] "GET /assets/css/animate.min.css HTTP/2.0" 200 4324 "https://www.pathoworld.in/" "Mozilla/5.0 (Linux; Android 10; K) AppleWebKit/537.36 (KHTML, like Gecko) Chrome/146.0.0.0 Mobile Safari/537.36"
118.179.183.220 - - [24/Mar/2026:02:14:43 +0530] "GET /assets/js/progressbar.min.js HTTP/2.0" 200 504 "https://www.pathoworld.in/" "Mozilla/5.0 (Windows NT 10.0; Win64; x64) AppleWebKit/537.36 (KHTML, like Gecko) Chrome/130.0.0.0 Safari/537.36 UCPC/1.1.0.15"
118.179.183.220 - - [24/Mar/2026:02:14:43 +0530] "GET /assets/js/jquery.ajaxchimp.min.js HTTP/2.0" 200 939 "https://www.pathoworld.in/" "Mozilla/5.0 (Windows NT 10.0; Win64; x64) AppleWebKit/537.36 (KHTML, like Gecko) Chrome/130.0.0.0 Safari/537.36 UCPC/1.1.0.15"
118.179.183.220 - - [24/Mar/2026:02:14:43 +0530] "GET /assets/js/wow.min.js HTTP/2.0" 200 2702 "https://www.pathoworld.in/" "Mozilla/5.0 (Windows NT 10.0; Win64; x64) AppleWebKit/537.36 (KHTML, like Gecko) Chrome/130.0.0.0 Safari/537.36 UCPC/1.1.0.15"
49.47.152.244 - - [24/Mar/2026:02:14:43 +0530] "GET /assets/js/jquery.min.js HTTP/2.0" 200 30900 "https://www.pathoworld.in/" "Mozilla/5.0 (Linux; Android 10; K) AppleWebKit/537.36 (KHTML, like Gecko) Chrome/146.0.0.0 Mobile Safari/537.36"
152.171.29.10 - - [24/Mar/2026:02:14:43 +0530] "GET /assets/css/fontawesome.min.css HTTP/2.0" 200 12063 "https://www.pathoworld.in/" "Mozilla/5.0 (Linux; Android 10; K) AppleWebKit/537.36 (KHTML, like Gecko) Chrome/146.0.0.0 Mobile Safari/537.36"
165.51.101.209 - - [24/Mar/2026:02:14:43 +0530] "GET /assets/js/main.js HTTP/2.0" 200 2464 "https://www.pathoworld.in/" "Mozilla/5.0 (Linux; Android 10; K) AppleWebKit/537.36 (KHTML, like Gecko) Chrome/146.0.0.0 Mobile Safari/537.36"
165.51.101.209 - - [24/Mar/2026:02:14:43 +0530] "GET /assets/img/slider/s1.png HTTP/2.0" 200 104353 "https://www.pathoworld.in/" "Mozilla/5.0 (Linux; Android 10; K) AppleWebKit/537.36 (KHTML, like Gecko) Chrome/146.0.0.0 Mobile Safari/537.36"
165.51.101.209 - - [24/Mar/2026:02:14:43 +0530] "GET /assets/img/slider/s2.png HTTP/2.0" 200 164012 "https://www.pathoworld.in/" "Mozilla/5.0 (Linux; Android 10; K) AppleWebKit/537.36 (KHTML, like Gecko) Chrome/146.0.0.0 Mobile Safari/537.36"
118.179.183.220 - - [24/Mar/2026:02:14:43 +0530] "GET /assets/js/form-validator.min.js HTTP/2.0" 200 2096 "https://www.pathoworld.in/" "Mozilla/5.0 (Windows NT 10.0; Win64; x64) AppleWebKit/537.36 (KHTML, like Gecko) Chrome/130.0.0.0 Safari/537.36 UCPC/1.1.0.15"
118.179.183.220 - - [24/Mar/2026:02:14:43 +0530] "GET /assets/js/contact-form-script.js HTTP/2.0" 200 740 "https://www.pathoworld.in/" "Mozilla/5.0 (Windows NT 10.0; Win64; x64) AppleWebKit/537.36 (KHTML, like Gecko) Chrome/130.0.0.0 Safari/537.36 UCPC/1.1.0.15"
118.179.183.220 - - [24/Mar/2026:02:14:43 +0530] "GET /assets/js/main.js HTTP/2.0" 200 2464 "https://www.pathoworld.in/" "Mozilla/5.0 (Windows NT 10.0; Win64; x64) AppleWebKit/537.36 (KHTML, like Gecko) Chrome/130.0.0.0 Safari/537.36 UCPC/1.1.0.15"
201.215.181.58 - - [24/Mar/2026:02:14:37 +0530] "GET / HTTP/2.0" 200 9055 "https://29571643-33181-36574.squitoiages.com/jCZHCYQwNA_lZtczvQOYbhxKk9RS5tiGZvtUX8icEJ4WPJmdyaZsDSt_Cub_iPCVZfX2qZE?_=04bb3f65-26f9-11f1-bb56-e74904311c19&d=BQ5qQHPe2JXurjkZUQgERQxbEjNf73INQVUfuFENZ499jn0-GUzh_RWEtez-T7qo5zHXjS3SxgcN10y_KB_pOAN_Cn8UzpFx1KWgBUh_f-g7gRbqNAKEAzRDkGoVGy8moWBFpelPju5jiCAj_WQmJzv9rpFMO9IYmbGac9Uu6uUaDjsj2u3ruV04OAFuWqpzaVqokQFzY5Y68mxOCTBq-8PRoQvTeGhOSiicrIzJwWzABgOLmq1NOnhU38vrhEJhHc06Zhk9rMXbYbofPi-X__uZXlyBiedV5lflCH2sxjGl_CyOJVUYqnB557vG7oD-y3T5EW7ck9HQyjZ1uN0r4MVHyzxE4sqlgB4ZyP2ehMAK41I2gL1arHSp8cQA1TIHHxmFgMAmlyb97_dQ5WpIq4UG5OrW9U_mAROoHCC-Vlt4ePgENgv57kx_iYd4TPkIaAp7KQvUk7h55W6inIKpIkfiSsr2FBQq6_m9Mpli43MEgSOjvoguzrSxVQJSZGJ0k4wPCTa7M5Y59T5hBHTcuYBovXFoiDZElzGsk0Q3ROHjmF6LvDvK1AO-GFvzyO3pTJ7WPkK6OB5WGxPT57ntYD82cOc2BehFi9ssLIsXruGnCDP7Iz19oxOiKVmviSJA7rgW847PZbivZDMjaDjYrN14OcXKiAO2v3RU1R5GMPXgxcx6Rz3cozLuqOgfdThCa_GmxhiVVJ5RC8xWeSb77iutWZvrL4QJc6kMLqWYx97c4-bhbRqNtuhzpfnaXcDySG5nwzwGcGZ6WEHhYDr_b-590WEHlPM0QGhDytzMMADyEA5QDy_bgoeta-NzUjjObHfNT210NcHk91-5X_cQa0GMvPJhMiA5LyQKiZb2hIZONrwgtp7vBk3f1kcMwE88jl6wi2r1ZI3wMKQ30RwpwqctbqQSVQyRJA_PEFk5__VqKHv4hvDbS8PaycTZDeysnestL9oo6nZceBCk3EnRubi51JlhXgnxHTq7qDtPqseHv70ZRr-qKXq0o0N7tRlqZpaoQw55eN61UAAivU3Boj1xZiXEqjLt2rdrgKklqnJ7LsciHaad3x5RUwAr9Ash5oqbwl-9r9Hr5zUfkbpA1OlpsY3eNQbs5kFMIE9y3VsvOdtC9pE0qNy8Dua6C1nQhvZtgNgAY0E3q_0i5eLaPVNeR4FkxpMz2QDCiYWNdp2NGNK5EEHSG1_b&_bbr=1" "Mozilla/5.0 (iPhone; CPU iPhone OS 18_7 like Mac OS X) AppleWebKit/605.1.15 (KHTML, like Gecko) Version/26.2 Mobile/15E148 Safari/604.1"
118.179.183.220 - - [24/Mar/2026:02:14:43 +0530] "GET /assets/img/slider/web-benner-12.png HTTP/2.0" 200 444437 "https://www.pathoworld.in/" "Mozilla/5.0 (Windows NT 10.0; Win64; x64) AppleWebKit/537.36 (KHTML, like Gecko) Chrome/130.0.0.0 Safari/537.36 UCPC/1.1.0.15"
78.171.43.229 - - [24/Mar/2026:02:14:43 +0530] "GET /assets/js/jquery.magnific-popup.min.js HTTP/2.0" 200 7346 "https://www.pathoworld.in/" "Mozilla/5.0 (Linux; Android 10; K) AppleWebKit/537.36 (KHTML, like Gecko) Chrome/146.0.0.0 Mobile Safari/537.36"
223.185.131.225 - - [24/Mar/2026:02:14:43 +0530] "GET /assets/img/slider/s3.png HTTP/2.0" 200 124455 "https://www.pathoworld.in/" "Mozilla/5.0 (Linux; Android 10; K) AppleWebKit/537.36 (KHTML, like Gecko) Chrome/146.0.0.0 Mobile Safari/537.36"
78.171.43.229 - - [24/Mar/2026:02:14:43 +0530] "GET /assets/js/parallax.min.js HTTP/2.0" 200 4001 "https://www.pathoworld.in/" "Mozilla/5.0 (Linux; Android 10; K) AppleWebKit/537.36 (KHTML, like Gecko) Chrome/146.0.0.0 Mobile Safari/537.36"
118.179.183.220 - - [24/Mar/2026:02:14:43 +0530] "GET /assets/img/slider/s1.png HTTP/2.0" 200 104353 "https://www.pathoworld.in/" "Mozilla/5.0 (Windows NT 10.0; Win64; x64) AppleWebKit/537.36 (KHTML, like Gecko) Chrome/130.0.0.0 Safari/537.36 UCPC/1.1.0.15"
78.171.43.229 - - [24/Mar/2026:02:14:43 +0530] "GET /assets/js/owl.carousel.min.js HTTP/2.0" 200 11412 "https://www.pathoworld.in/" "Mozilla/5.0 (Linux; Android 10; K) AppleWebKit/537.36 (KHTML, like Gecko) Chrome/146.0.0.0 Mobile Safari/537.36"
223.185.131.225 - - [24/Mar/2026:02:14:43 +0530] "GET /assets/img/slider/s4.png HTTP/2.0" 200 141080 "https://www.pathoworld.in/" "Mozilla/5.0 (Linux; Android 10; K) AppleWebKit/537.36 (KHTML, like Gecko) Chrome/146.0.0.0 Mobile Safari/537.36"
223.185.131.225 - - [24/Mar/2026:02:14:43 +0530] "GET /assets/img/shape-image/1.png HTTP/2.0" 200 4694 "https://www.pathoworld.in/" "Mozilla/5.0 (Linux; Android 10; K) AppleWebKit/537.36 (KHTML, like Gecko) Chrome/146.0.0.0 Mobile Safari/537.36"
154.184.20.104 - - [24/Mar/2026:02:14:43 +0530] "GET /assets/css/magnific-popup.min.css HTTP/2.0" 200 1566 "https://www.pathoworld.in/" "Mozilla/5.0 (Linux; Android 10; K) AppleWebKit/537.36 (KHTML, like Gecko) Chrome/144.0.0.0 Mobile Safari/537.36"
106.206.249.206 - - [24/Mar/2026:02:14:43 +0530] "GET /assets/js/form-validator.min.js HTTP/2.0" 200 2096 "https://www.pathoworld.in/" "Mozilla/5.0 (Linux; Android 10; K) AppleWebKit/537.36 (KHTML, like Gecko) Chrome/140.0.0.0 Mobile Safari/537.36"
106.206.249.206 - - [24/Mar/2026:02:14:43 +0530] "GET /assets/js/contact-form-script.js HTTP/2.0" 200 740 "https://www.pathoworld.in/" "Mozilla/5.0 (Linux; Android 10; K) AppleWebKit/537.36 (KHTML, like Gecko) Chrome/140.0.0.0 Mobile Safari/537.36"
106.206.249.206 - - [24/Mar/2026:02:14:43 +0530] "GET /assets/js/jquery.ajaxchimp.min.js HTTP/2.0" 200 939 "https://www.pathoworld.in/" "Mozilla/5.0 (Linux; Android 10; K) AppleWebKit/537.36 (KHTML, like Gecko) Chrome/140.0.0.0 Mobile Safari/537.36"
152.58.169.162 - - [24/Mar/2026:02:14:43 +0530] "GET /assets/cart-icon.png HTTP/2.0" 200 2855 "https://www.pathoworld.in/" "Mozilla/5.0 (Linux; Android 10; K) AppleWebKit/537.36 (KHTML, like Gecko) Chrome/146.0.0.0 Mobile Safari/537.36"
152.58.169.162 - - [24/Mar/2026:02:14:43 +0530] "GET /assets/img/logo.png HTTP/2.0" 200 204319 "https://www.pathoworld.in/" "Mozilla/5.0 (Linux; Android 10; K) AppleWebKit/537.36 (KHTML, like Gecko) Chrome/146.0.0.0 Mobile Safari/537.36"
117.200.178.12 - - [24/Mar/2026:02:14:43 +0530] "GET /assets/img/imaging-pathoworld.png HTTP/2.0" 200 97252 "https://www.pathoworld.in/" "Mozilla/5.0 (Linux; Android 10; K) AppleWebKit/537.36 (KHTML, like Gecko) Chrome/146.0.0.0 Mobile Safari/537.36"
118.179.183.220 - - [24/Mar/2026:02:14:43 +0530] "GET /assets/img/slider/s2.png HTTP/2.0" 200 164012 "https://www.pathoworld.in/" "Mozilla/5.0 (Windows NT 10.0; Win64; x64) AppleWebKit/537.36 (KHTML, like Gecko) Chrome/130.0.0.0 Safari/537.36 UCPC/1.1.0.15"
118.179.183.220 - - [24/Mar/2026:02:14:43 +0530] "GET /assets/img/slider/s3.png HTTP/2.0" 200 124455 "https://www.pathoworld.in/" "Mozilla/5.0 (Windows NT 10.0; Win64; x64) AppleWebKit/537.36 (KHTML, like Gecko) Chrome/130.0.0.0 Safari/537.36 UCPC/1.1.0.15"
152.171.29.10 - - [24/Mar/2026:02:14:43 +0530] "GET /assets/css/flaticon.css HTTP/2.0" 200 665 "https://www.pathoworld.in/" "Mozilla/5.0 (Linux; Android 10; K) AppleWebKit/537.36 (KHTML, like Gecko) Chrome/146.0.0.0 Mobile Safari/537.36"
118.179.183.220 - - [24/Mar/2026:02:14:43 +0530] "GET /assets/img/slider/s4.png HTTP/2.0" 200 141080 "https://www.pathoworld.in/" "Mozilla/5.0 (Windows NT 10.0; Win64; x64) AppleWebKit/537.36 (KHTML, like Gecko) Chrome/130.0.0.0 Safari/537.36 UCPC/1.1.0.15"
118.179.183.220 - - [24/Mar/2026:02:14:43 +0530] "GET /assets/img/shape-image/1.png HTTP/2.0" 200 4694 "https://www.pathoworld.in/" "Mozilla/5.0 (Windows NT 10.0; Win64; x64) AppleWebKit/537.36 (KHTML, like Gecko) Chrome/130.0.0.0 Safari/537.36 UCPC/1.1.0.15"
82.83.252.40 - - [24/Mar/2026:02:14:43 +0530] "GET /assets/img/slider/s2.png HTTP/2.0" 200 164012 "https://www.pathoworld.in/" "Mozilla/5.0 (Macintosh; Intel Mac OS X 10_15_7) AppleWebKit/605.1.15 (KHTML, like Gecko) Version/16.6.2 Safari/605.1.15"
95.216.190.205 - - [24/Mar/2026:02:14:37 +0530] "GET / HTTP/1.1" 200 9055 "https://29571644-35418-36574.tentedienat.com/" "Mozilla/5.0 (Linux; Android 12; 22120RN86I) AppleWebKit/537.36 (KHTML, like Gecko) Chrome/103.0.0.0 Mobile Safari/537.36"
169.224.28.139 - - [24/Mar/2026:02:14:43 +0530] "GET /assets/css/magnific-popup.min.css HTTP/2.0" 200 1566 "https://www.pathoworld.in/" "Mozilla/5.0 (iPhone; CPU iPhone OS 18_7 like Mac OS X) AppleWebKit/605.1.15 (KHTML, like Gecko) Version/26.3 Mobile/15E148 Safari/604.1"
169.224.28.139 - - [24/Mar/2026:02:14:43 +0530] "GET /assets/css/owl.carousel.min.css HTTP/2.0" 200 1284 "https://www.pathoworld.in/" "Mozilla/5.0 (iPhone; CPU iPhone OS 18_7 like Mac OS X) AppleWebKit/605.1.15 (KHTML, like Gecko) Version/26.3 Mobile/15E148 Safari/604.1"
169.224.28.139 - - [24/Mar/2026:02:14:43 +0530] "GET /assets/css/progressbar.min.css HTTP/2.0" 200 350 "https://www.pathoworld.in/" "Mozilla/5.0 (iPhone; CPU iPhone OS 18_7 like Mac OS X) AppleWebKit/605.1.15 (KHTML, like Gecko) Version/26.3 Mobile/15E148 Safari/604.1"
169.224.28.139 - - [24/Mar/2026:02:14:43 +0530] "GET /assets/js/jquery.appear.js HTTP/2.0" 200 1360 "https://www.pathoworld.in/" "Mozilla/5.0 (iPhone; CPU iPhone OS 18_7 like Mac OS X) AppleWebKit/605.1.15 (KHTML, like Gecko) Version/26.3 Mobile/15E148 Safari/604.1"
169.224.28.139 - - [24/Mar/2026:02:14:43 +0530] "GET /assets/css/meanmenu.css HTTP/2.0" 200 986 "https://www.pathoworld.in/" "Mozilla/5.0 (iPhone; CPU iPhone OS 18_7 like Mac OS X) AppleWebKit/605.1.15 (KHTML, like Gecko) Version/26.3 Mobile/15E148 Safari/604.1"
169.224.28.139 - - [24/Mar/2026:02:14:43 +0530] "GET /assets/css/bootstrap.min.css HTTP/2.0" 200 22910 "https://www.pathoworld.in/" "Mozilla/5.0 (iPhone; CPU iPhone OS 18_7 like Mac OS X) AppleWebKit/605.1.15 (KHTML, like Gecko) Version/26.3 Mobile/15E148 Safari/604.1"
103.92.100.163 - - [24/Mar/2026:02:14:43 +0530] "GET /assets/js/jquery.magnific-popup.min.js HTTP/2.0" 200 7346 "https://www.pathoworld.in/" "Mozilla/5.0 (Linux; Android 10; K) AppleWebKit/537.36 (KHTML, like Gecko) Chrome/146.0.0.0 Mobile Safari/537.36"
103.92.100.163 - - [24/Mar/2026:02:14:43 +0530] "GET /assets/js/parallax.min.js HTTP/2.0" 200 4001 "https://www.pathoworld.in/" "Mozilla/5.0 (Linux; Android 10; K) AppleWebKit/537.36 (KHTML, like Gecko) Chrome/146.0.0.0 Mobile Safari/537.36"
103.92.100.163 - - [24/Mar/2026:02:14:43 +0530] "GET /assets/js/owl.carousel.min.js HTTP/2.0" 200 11412 "https://www.pathoworld.in/" "Mozilla/5.0 (Linux; Android 10; K) AppleWebKit/537.36 (KHTML, like Gecko) Chrome/146.0.0.0 Mobile Safari/537.36"
103.92.100.163 - - [24/Mar/2026:02:14:43 +0530] "GET /assets/js/progressbar.min.js HTTP/2.0" 200 504 "https://www.pathoworld.in/" "Mozilla/5.0 (Linux; Android 10; K) AppleWebKit/537.36 (KHTML, like Gecko) Chrome/146.0.0.0 Mobile Safari/537.36"
213.153.144.233 - - [24/Mar/2026:02:14:43 +0530] "GET /assets/img/imaging-pathoworld.png HTTP/2.0" 200 97252 "https://www.pathoworld.in/" "Mozilla/5.0 (Linux; Android 10; K) AppleWebKit/537.36 (KHTML, like Gecko) Chrome/146.0.0.0 Mobile Safari/537.36"
118.179.183.220 - - [24/Mar/2026:02:14:43 +0530] "GET /assets/img/shape-image/2.png HTTP/2.0" 200 8055 "https://www.pathoworld.in/" "Mozilla/5.0 (Windows NT 10.0; Win64; x64) AppleWebKit/537.36 (KHTML, like Gecko) Chrome/130.0.0.0 Safari/537.36 UCPC/1.1.0.15"
118.179.183.220 - - [24/Mar/2026:02:14:43 +0530] "GET /assets/img/shape-image/3.png HTTP/2.0" 200 4473 "https://www.pathoworld.in/" "Mozilla/5.0 (Windows NT 10.0; Win64; x64) AppleWebKit/537.36 (KHTML, like Gecko) Chrome/130.0.0.0 Safari/537.36 UCPC/1.1.0.15"
49.47.152.244 - - [24/Mar/2026:02:14:43 +0530] "GET /assets/js/popper.min.js HTTP/2.0" 200 6623 "https://www.pathoworld.in/" "Mozilla/5.0 (Linux; Android 10; K) AppleWebKit/537.36 (KHTML, like Gecko) Chrome/146.0.0.0 Mobile Safari/537.36"
118.179.183.220 - - [24/Mar/2026:02:14:43 +0530] "GET /admin/icon/eldermanhealthcheckup.png HTTP/2.0" 200 47535 "https://www.pathoworld.in/" "Mozilla/5.0 (Windows NT 10.0; Win64; x64) AppleWebKit/537.36 (KHTML, like Gecko) Chrome/130.0.0.0 Safari/537.36 UCPC/1.1.0.15"
118.179.183.220 - - [24/Mar/2026:02:14:43 +0530] "GET /assets/img/shape-image/6.png HTTP/2.0" 200 8105 "https://www.pathoworld.in/" "Mozilla/5.0 (Windows NT 10.0; Win64; x64) AppleWebKit/537.36 (KHTML, like Gecko) Chrome/130.0.0.0 Safari/537.36 UCPC/1.1.0.15"
118.179.183.220 - - [24/Mar/2026:02:14:43 +0530] "GET /assets/img/shape-image/4.png HTTP/2.0" 200 4607 "https://www.pathoworld.in/" "Mozilla/5.0 (Windows NT 10.0; Win64; x64) AppleWebKit/537.36 (KHTML, like Gecko) Chrome/130.0.0.0 Safari/537.36 UCPC/1.1.0.15"
118.179.183.220 - - [24/Mar/2026:02:14:43 +0530] "GET /admin/icon/healthcheckup.png HTTP/2.0" 200 42881 "https://www.pathoworld.in/" "Mozilla/5.0 (Windows NT 10.0; Win64; x64) AppleWebKit/537.36 (KHTML, like Gecko) Chrome/130.0.0.0 Safari/537.36 UCPC/1.1.0.15"
118.179.183.220 - - [24/Mar/2026:02:14:43 +0530] "GET /admin/icon/elderwomanhealthcheckup.png HTTP/2.0" 200 43513 "https://www.pathoworld.in/" "Mozilla/5.0 (Windows NT 10.0; Win64; x64) AppleWebKit/537.36 (KHTML, like Gecko) Chrome/130.0.0.0 Safari/537.36 UCPC/1.1.0.15"
118.179.183.220 - - [24/Mar/2026:02:14:43 +0530] "GET /assets/img/shape-image/8.png HTTP/2.0" 200 8181 "https://www.pathoworld.in/" "Mozilla/5.0 (Windows NT 10.0; Win64; x64) AppleWebKit/537.36 (KHTML, like Gecko) Chrome/130.0.0.0 Safari/537.36 UCPC/1.1.0.15"
118.179.183.220 - - [24/Mar/2026:02:14:43 +0530] "GET /assets/img/shape-image/5.png HTTP/2.0" 200 3980 "https://www.pathoworld.in/" "Mozilla/5.0 (Windows NT 10.0; Win64; x64) AppleWebKit/537.36 (KHTML, like Gecko) Chrome/130.0.0.0 Safari/537.36 UCPC/1.1.0.15"
118.179.183.220 - - [24/Mar/2026:02:14:43 +0530] "GET /assets/img/shape-image/7.png HTTP/2.0" 200 4036 "https://www.pathoworld.in/" "Mozilla/5.0 (Windows NT 10.0; Win64; x64) AppleWebKit/537.36 (KHTML, like Gecko) Chrome/130.0.0.0 Safari/537.36 UCPC/1.1.0.15"
151.236.176.102 - - [24/Mar/2026:02:14:43 +0530] "GET /assets/css/odometer.min.css HTTP/2.0" 200 515 "https://www.pathoworld.in/" "Mozilla/5.0 (Linux; Android 10; K) AppleWebKit/537.36 (KHTML, like Gecko) Chrome/146.0.0.0 Mobile Safari/537.36"
151.236.176.102 - - [24/Mar/2026:02:14:43 +0530] "GET /assets/css/meanmenu.css HTTP/2.0" 200 986 "https://www.pathoworld.in/" "Mozilla/5.0 (Linux; Android 10; K) AppleWebKit/537.36 (KHTML, like Gecko) Chrome/146.0.0.0 Mobile Safari/537.36"
118.179.183.220 - - [24/Mar/2026:02:14:43 +0530] "GET /assets/fonts/fa-solid-900.woff2 HTTP/2.0" 200 74256 "https://www.pathoworld.in/assets/css/fontawesome.min.css" "Mozilla/5.0 (Windows NT 10.0; Win64; x64) AppleWebKit/537.36 (KHTML, like Gecko) Chrome/130.0.0.0 Safari/537.36 UCPC/1.1.0.15"
106.206.249.206 - - [24/Mar/2026:02:14:43 +0530] "GET /assets/js/main.js HTTP/2.0" 200 2464 "https://www.pathoworld.in/" "Mozilla/5.0 (Linux; Android 10; K) AppleWebKit/537.36 (KHTML, like Gecko) Chrome/140.0.0.0 Mobile Safari/537.36"
117.200.178.12 - - [24/Mar/2026:02:14:43 +0530] "GET /assets/js/jquery.min.js HTTP/2.0" 200 30900 "https://www.pathoworld.in/" "Mozilla/5.0 (Linux; Android 10; K) AppleWebKit/537.36 (KHTML, like Gecko) Chrome/146.0.0.0 Mobile Safari/537.36"
49.47.152.244 - - [24/Mar/2026:02:14:43 +0530] "GET /assets/js/bootstrap.min.js HTTP/2.0" 200 15918 "https://www.pathoworld.in/" "Mozilla/5.0 (Linux; Android 10; K) AppleWebKit/537.36 (KHTML, like Gecko) Chrome/146.0.0.0 Mobile Safari/537.36"
106.206.249.206 - - [24/Mar/2026:02:14:43 +0530] "GET /assets/img/slider/s2.png HTTP/2.0" 200 164012 "https://www.pathoworld.in/" "Mozilla/5.0 (Linux; Android 10; K) AppleWebKit/537.36 (KHTML, like Gecko) Chrome/140.0.0.0 Mobile Safari/537.36"
49.47.152.244 - - [24/Mar/2026:02:14:43 +0530] "GET /assets/js/jquery.meanmenu.js HTTP/2.0" 200 1607 "https://www.pathoworld.in/" "Mozilla/5.0 (Linux; Android 10; K) AppleWebKit/537.36 (KHTML, like Gecko) Chrome/146.0.0.0 Mobile Safari/537.36"
42.104.189.237 - - [24/Mar/2026:02:14:42 +0530] "GET /assets/img/slider/web-benner-12.png HTTP/2.0" 200 444437 "https://www.pathoworld.in/" "Mozilla/5.0 (Linux; Android 10; K) AppleWebKit/537.36 (KHTML, like Gecko) Chrome/145.0.0.0 Mobile Safari/537.36"
154.184.20.104 - - [24/Mar/2026:02:14:43 +0530] "GET /assets/css/odometer.min.css HTTP/2.0" 200 515 "https://www.pathoworld.in/" "Mozilla/5.0 (Linux; Android 10; K) AppleWebKit/537.36 (KHTML, like Gecko) Chrome/144.0.0.0 Mobile Safari/537.36"
117.200.178.12 - - [24/Mar/2026:02:14:43 +0530] "GET /assets/js/popper.min.js HTTP/2.0" 200 6623 "https://www.pathoworld.in/" "Mozilla/5.0 (Linux; Android 10; K) AppleWebKit/537.36 (KHTML, like Gecko) Chrome/146.0.0.0 Mobile Safari/537.36"
223.185.131.225 - - [24/Mar/2026:02:14:43 +0530] "GET /assets/img/shape-image/2.png HTTP/2.0" 200 8055 "https://www.pathoworld.in/" "Mozilla/5.0 (Linux; Android 10; K) AppleWebKit/537.36 (KHTML, like Gecko) Chrome/146.0.0.0 Mobile Safari/537.36"
154.184.20.104 - - [24/Mar/2026:02:14:43 +0530] "GET /assets/css/meanmenu.css HTTP/2.0" 200 986 "https://www.pathoworld.in/" "Mozilla/5.0 (Linux; Android 10; K) AppleWebKit/537.36 (KHTML, like Gecko) Chrome/144.0.0.0 Mobile Safari/537.36"
103.92.100.163 - - [24/Mar/2026:02:14:43 +0530] "GET /assets/js/wow.min.js HTTP/2.0" 200 2702 "https://www.pathoworld.in/" "Mozilla/5.0 (Linux; Android 10; K) AppleWebKit/537.36 (KHTML, like Gecko) Chrome/146.0.0.0 Mobile Safari/537.36"
118.179.183.220 - - [24/Mar/2026:02:14:43 +0530] "GET /assets/img/worldhealth.png HTTP/2.0" 200 6557 "https://www.pathoworld.in/" "Mozilla/5.0 (Windows NT 10.0; Win64; x64) AppleWebKit/537.36 (KHTML, like Gecko) Chrome/130.0.0.0 Safari/537.36 UCPC/1.1.0.15"
118.179.183.220 - - [24/Mar/2026:02:14:43 +0530] "GET /assets/img/icons/discount.png HTTP/2.0" 200 62356 "https://www.pathoworld.in/" "Mozilla/5.0 (Windows NT 10.0; Win64; x64) AppleWebKit/537.36 (KHTML, like Gecko) Chrome/130.0.0.0 Safari/537.36 UCPC/1.1.0.15"
82.83.252.40 - - [24/Mar/2026:02:14:43 +0530] "GET /assets/img/slider/s3.png HTTP/2.0" 200 124455 "https://www.pathoworld.in/" "Mozilla/5.0 (Macintosh; Intel Mac OS X 10_15_7) AppleWebKit/605.1.15 (KHTML, like Gecko) Version/16.6.2 Safari/605.1.15"
118.179.183.220 - - [24/Mar/2026:02:14:43 +0530] "GET /assets/img/icons/mobile.png HTTP/2.0" 200 43677 "https://www.pathoworld.in/" "Mozilla/5.0 (Windows NT 10.0; Win64; x64) AppleWebKit/537.36 (KHTML, like Gecko) Chrome/130.0.0.0 Safari/537.36 UCPC/1.1.0.15"
118.179.183.220 - - [24/Mar/2026:02:14:43 +0530] "GET /assets/img/icons/blood.png HTTP/2.0" 200 10471 "https://www.pathoworld.in/" "Mozilla/5.0 (Windows NT 10.0; Win64; x64) AppleWebKit/537.36 (KHTML, like Gecko) Chrome/130.0.0.0 Safari/537.36 UCPC/1.1.0.15"
118.179.183.220 - - [24/Mar/2026:02:14:43 +0530] "GET /assets/img/icons/graph.png HTTP/2.0" 200 29886 "https://www.pathoworld.in/" "Mozilla/5.0 (Windows NT 10.0; Win64; x64) AppleWebKit/537.36 (KHTML, like Gecko) Chrome/130.0.0.0 Safari/537.36 UCPC/1.1.0.15"
118.179.183.220 - - [24/Mar/2026:02:14:43 +0530] "GET /assets/img/icons/sugar.png HTTP/2.0" 200 14022 "https://www.pathoworld.in/" "Mozilla/5.0 (Windows NT 10.0; Win64; x64) AppleWebKit/537.36 (KHTML, like Gecko) Chrome/130.0.0.0 Safari/537.36 UCPC/1.1.0.15"
42.104.189.237 - - [24/Mar/2026:02:14:43 +0530] "GET /admin/icon/healthcheckup.png HTTP/2.0" 200 42881 "https://www.pathoworld.in/" "Mozilla/5.0 (Linux; Android 10; K) AppleWebKit/537.36 (KHTML, like Gecko) Chrome/145.0.0.0 Mobile Safari/537.36"
117.200.178.12 - - [24/Mar/2026:02:14:43 +0530] "GET /assets/js/bootstrap.min.js HTTP/2.0" 200 15918 "https://www.pathoworld.in/" "Mozilla/5.0 (Linux; Android 10; K) AppleWebKit/537.36 (KHTML, like Gecko) Chrome/146.0.0.0 Mobile Safari/537.36"
223.185.131.225 - - [24/Mar/2026:02:14:43 +0530] "GET /assets/img/shape-image/3.png HTTP/2.0" 200 4473 "https://www.pathoworld.in/" "Mozilla/5.0 (Linux; Android 10; K) AppleWebKit/537.36 (KHTML, like Gecko) Chrome/146.0.0.0 Mobile Safari/537.36"
49.47.152.244 - - [24/Mar/2026:02:14:43 +0530] "GET /assets/js/jquery.appear.js HTTP/2.0" 200 1360 "https://www.pathoworld.in/" "Mozilla/5.0 (Linux; Android 10; K) AppleWebKit/537.36 (KHTML, like Gecko) Chrome/146.0.0.0 Mobile Safari/537.36"
49.47.152.244 - - [24/Mar/2026:02:14:43 +0530] "GET /assets/js/odometer.min.js HTTP/2.0" 200 3631 "https://www.pathoworld.in/" "Mozilla/5.0 (Linux; Android 10; K) AppleWebKit/537.36 (KHTML, like Gecko) Chrome/146.0.0.0 Mobile Safari/537.36"
223.185.131.225 - - [24/Mar/2026:02:14:43 +0530] "GET /assets/img/shape-image/5.png HTTP/2.0" 200 3980 "https://www.pathoworld.in/" "Mozilla/5.0 (Linux; Android 10; K) AppleWebKit/537.36 (KHTML, like Gecko) Chrome/146.0.0.0 Mobile Safari/537.36"
223.185.131.225 - - [24/Mar/2026:02:14:43 +0530] "GET /assets/img/shape-image/4.png HTTP/2.0" 200 4607 "https://www.pathoworld.in/" "Mozilla/5.0 (Linux; Android 10; K) AppleWebKit/537.36 (KHTML, like Gecko) Chrome/146.0.0.0 Mobile Safari/537.36"
117.200.178.12 - - [24/Mar/2026:02:14:43 +0530] "GET /assets/js/jquery.meanmenu.js HTTP/2.0" 200 1607 "https://www.pathoworld.in/" "Mozilla/5.0 (Linux; Android 10; K) AppleWebKit/537.36 (KHTML, like Gecko) Chrome/146.0.0.0 Mobile Safari/537.36"
43.251.93.89 - - [24/Mar/2026:02:14:40 +0530] "GET / HTTP/2.0" 200 9055 "https://www.indianbfvideos.com/" "Mozilla/5.0 (Linux; Android 10; K) AppleWebKit/537.36 (KHTML, like Gecko) Chrome/146.0.0.0 Mobile Safari/537.36"
42.104.189.237 - - [24/Mar/2026:02:14:43 +0530] "GET /admin/icon/eldermanhealthcheckup.png HTTP/2.0" 200 47535 "https://www.pathoworld.in/" "Mozilla/5.0 (Linux; Android 10; K) AppleWebKit/537.36 (KHTML, like Gecko) Chrome/145.0.0.0 Mobile Safari/537.36"
118.179.183.220 - - [24/Mar/2026:02:14:43 +0530] "GET /assets/img/icons/family.png HTTP/2.0" 200 45194 "https://www.pathoworld.in/" "Mozilla/5.0 (Windows NT 10.0; Win64; x64) AppleWebKit/537.36 (KHTML, like Gecko) Chrome/130.0.0.0 Safari/537.36 UCPC/1.1.0.15"
118.179.183.220 - - [24/Mar/2026:02:14:43 +0530] "GET /assets/img/shape-image/10.png HTTP/2.0" 200 1515 "https://www.pathoworld.in/" "Mozilla/5.0 (Windows NT 10.0; Win64; x64) AppleWebKit/537.36 (KHTML, like Gecko) Chrome/130.0.0.0 Safari/537.36 UCPC/1.1.0.15"
118.179.183.220 - - [24/Mar/2026:02:14:43 +0530] "GET /assets/img/shape-image/9.png HTTP/2.0" 200 3623 "https://www.pathoworld.in/" "Mozilla/5.0 (Windows NT 10.0; Win64; x64) AppleWebKit/537.36 (KHTML, like Gecko) Chrome/130.0.0.0 Safari/537.36 UCPC/1.1.0.15"
118.179.183.220 - - [24/Mar/2026:02:14:43 +0530] "GET /assets/img/map1.png HTTP/2.0" 200 71706 "https://www.pathoworld.in/" "Mozilla/5.0 (Windows NT 10.0; Win64; x64) AppleWebKit/537.36 (KHTML, like Gecko) Chrome/130.0.0.0 Safari/537.36 UCPC/1.1.0.15"
117.200.178.12 - - [24/Mar/2026:02:14:43 +0530] "GET /assets/js/jquery.appear.js HTTP/2.0" 200 1360 "https://www.pathoworld.in/" "Mozilla/5.0 (Linux; Android 10; K) AppleWebKit/537.36 (KHTML, like Gecko) Chrome/146.0.0.0 Mobile Safari/537.36"
118.179.183.220 - - [24/Mar/2026:02:14:43 +0530] "GET /assets/img/user.png HTTP/2.0" 200 26361 "https://www.pathoworld.in/" "Mozilla/5.0 (Windows NT 10.0; Win64; x64) AppleWebKit/537.36 (KHTML, like Gecko) Chrome/130.0.0.0 Safari/537.36 UCPC/1.1.0.15"
