165.51.101.209 - - [24/Mar/2026:02:14:46 +0530] "GET /assets/img/icons/discount.png HTTP/2.0" 200 62356 "https://www.pathoworld.in/" "Mozilla/5.0 (Linux; Android 10; K) AppleWebKit/537.36 (KHTML, like Gecko) Chrome/146.0.0.0 Mobile Safari/537.36"
213.153.144.233 - - [24/Mar/2026:02:14:46 +0530] "GET /assets/img/shape-image/3.png HTTP/2.0" 200 4473 "https://www.pathoworld.in/" "Mozilla/5.0 (Linux; Android 10; K) AppleWebKit/537.36 (KHTML, like Gecko) Chrome/146.0.0.0 Mobile Safari/537.36"
150.228.105.6 - - [24/Mar/2026:02:14:46 +0530] "GET /assets/js/bootstrap.min.js HTTP/2.0" 200 15918 "https://www.pathoworld.in/" "Mozilla/5.0 (Linux; Android 10; K) AppleWebKit/537.36 (KHTML, like Gecko) Chrome/146.0.0.0 Mobile Safari/537.36"
213.153.144.233 - - [24/Mar/2026:02:14:46 +0530] "GET /assets/img/shape-image/5.png HTTP/2.0" 200 3980 "https://www.pathoworld.in/" "Mozilla/5.0 (Linux; Android 10; K) AppleWebKit/537.36 (KHTML, like Gecko) Chrome/146.0.0.0 Mobile Safari/537.36"
213.153.144.233 - - [24/Mar/2026:02:14:46 +0530] "GET /assets/img/shape-image/4.png HTTP/2.0" 200 4607 "https://www.pathoworld.in/" "Mozilla/5.0 (Linux; Android 10; K) AppleWebKit/537.36 (KHTML, like Gecko) Chrome/146.0.0.0 Mobile Safari/537.36"
152.57.126.31 - - [24/Mar/2026:02:14:46 +0530] "GET /assets/css/style.css HTTP/2.0" 200 18238 "https://www.pathoworld.in/" "Mozilla/5.0 (Linux; Android 10; K) AppleWebKit/537.36 (KHTML, like Gecko) Chrome/145.0.0.0 Mobile Safari/537.36"
151.236.176.102 - - [24/Mar/2026:02:14:46 +0530] "GET /assets/js/jquery.min.js HTTP/2.0" 200 30900 "https://www.pathoworld.in/" "Mozilla/5.0 (Linux; Android 10; K) AppleWebKit/537.36 (KHTML, like Gecko) Chrome/146.0.0.0 Mobile Safari/537.36"
152.57.126.31 - - [24/Mar/2026:02:14:46 +0530] "GET /assets/css/responsive.css HTTP/2.0" 200 5713 "https://www.pathoworld.in/" "Mozilla/5.0 (Linux; Android 10; K) AppleWebKit/537.36 (KHTML, like Gecko) Chrome/145.0.0.0 Mobile Safari/537.36"
152.57.126.31 - - [24/Mar/2026:02:14:46 +0530] "GET /assets/cart-icon.png HTTP/2.0" 200 2855 "https://www.pathoworld.in/" "Mozilla/5.0 (Linux; Android 10; K) AppleWebKit/537.36 (KHTML, like Gecko) Chrome/145.0.0.0 Mobile Safari/537.36"
152.57.126.31 - - [24/Mar/2026:02:14:46 +0530] "GET /assets/img/logo.png HTTP/2.0" 200 204319 "https://www.pathoworld.in/" "Mozilla/5.0 (Linux; Android 10; K) AppleWebKit/537.36 (KHTML, like Gecko) Chrome/145.0.0.0 Mobile Safari/537.36"
154.184.20.104 - - [24/Mar/2026:02:14:46 +0530] "GET /assets/js/owl.carousel.min.js HTTP/2.0" 200 11412 "https://www.pathoworld.in/" "Mozilla/5.0 (Linux; Android 10; K) AppleWebKit/537.36 (KHTML, like Gecko) Chrome/144.0.0.0 Mobile Safari/537.36"
43.251.93.89 - - [24/Mar/2026:02:14:46 +0530] "GET /assets/img/slider/s4.png HTTP/2.0" 200 141080 "https://www.pathoworld.in/" "Mozilla/5.0 (Linux; Android 10; K) AppleWebKit/537.36 (KHTML, like Gecko) Chrome/146.0.0.0 Mobile Safari/537.36"
106.192.117.207 - - [24/Mar/2026:02:14:46 +0530] "GET /assets/fonts/fa-solid-900.woff2 HTTP/2.0" 200 74256 "https://www.pathoworld.in/assets/css/fontawesome.min.css" "Mozilla/5.0 (Linux; Android 10; K) AppleWebKit/537.36 (KHTML, like Gecko) Chrome/145.0.0.0 Mobile Safari/537.36"
157.42.21.9 - - [24/Mar/2026:02:14:46 +0530] "GET /assets/css/owl.carousel.min.css HTTP/2.0" 200 1284 "https://www.pathoworld.in/" "Mozilla/5.0 (Linux; Android 10; K) AppleWebKit/537.36 (KHTML, like Gecko) Chrome/138.0.0.0 Mobile Safari/537.36"
84.255.184.223 - - [24/Mar/2026:02:14:31 +0530] "GET / HTTP/2.0" 200 9055 "https://29571643-33181-36574.squitoiages.com/jCVPCIc3PAnnZtczvQOYbhxKk9RS5tiGZvtUX8icEJ4WPJmdyTQV0F0RPwVOhcNrndnyGdQ?_=04b7e7ee-26f9-11f1-b35a-d6a2005eb2f8&d=BQ5qQHPeqJW2rzn5kwMR5dfYEgCwJFKMV3IAw_srIUVlSJoj32vxI2-_FeyuzVt_RT0IG5LnRr8lZIonrWT2g4kjLJap474MDUqQgm5X9V8N3QI7_MLnhlDtD7PiLZlvl6trgf8vQxrNBZvVa-_FAPmMnMaJouQlm_CDrvaw253H0WWpQgT79igjd8bk0QK15kOpNvpd_n30rDj22yLnWXjP-L0FIx9qHgAJvvg4ijRHgyaLmkwAyWK5VV45jQKA4GyWRFT2QcrbokT0xPrjGQSYGG2oxAtJ8AyKwImHbTlereKML43I9k_huyPf6Yy95Uq6Yc4H1Z8OhMZUWbU1YVqDvSASUGcbuGb0-lK7JQMF-W8kYF9Zex2CzNp30Ivq1YWCypVmMNotPhVufWIbKAvzo-dkUak1e8UaajqL1d3YbWwEGW9pF1DPs5yGFOOkDGP3Icuymuj1aoqE-c-wJCHLwqeiiIxkI3fPkuTPeqNFzzSA40GZVovQn6fw6J4-Y8SpMZVKax3SSaeU4wUDRHKP0COM3GalakEoHSJy-7FKLvga9tocJ6mWwnRDNMLTHSQaVI3uD81a1RxuhjjN_OiLxgHtt_L08Gn9shUtoa-JbUCFhSGTa37NOP4yvfhJM7Jww0mFPuJ8yZmKXlzoQVjggIC4rnjaplX9_pNhG1ViBuD3Fg2zij73gb-KtGhCArJj4jk-83r1BKsSJdlbbcr8-iPEM9_yk-XsBJY50-_rW052BqbIo09m400F_3rsBBsmP1PMxdI_X4qjhllcC4dsFHnmmTAiuUVGlvAYVj2lkg5DASgeKDcnDmKLw_YncmzOt-7XooWxHYey1NRxE2h4e8h5Xpz36adVWSoSTtrQtglFjgH3ZiqttR_rZsP0hU5XSmrBMXGquGrjRGXl07K_bLFdFZWA1Rvkr-tuKIUUt1zui1xuMf-7UR4LHn1pfGD7pXp_yEWM1Od9YXmztgx-C4E03_cEePGMiyFVLO_6wITn5lfhdmof1_0vtWAprZKqeGUniseB1CwKSLlzdjqa7tkxn7fU2fcuvGwocyWy7z0A1LMniOBj_jLSrIz7bKRjmBu-AeOD31FHhhGnWBnHC9LUgo3XxKNque2qJE2BBusphDpc_zhsd4dfD2s&_bbr=1" "Mozilla/5.0 (Windows NT 10.0; Win64; x64) AppleWebKit/537.36 (KHTML, like Gecko) Chrome/144.0.0.0 Safari/537.36"
43.251.93.89 - - [24/Mar/2026:02:14:46 +0530] "GET /assets/img/shape-image/1.png HTTP/2.0" 200 4694 "https://www.pathoworld.in/" "Mozilla/5.0 (Linux; Android 10; K) AppleWebKit/537.36 (KHTML, like Gecko) Chrome/146.0.0.0 Mobile Safari/537.36"
106.192.117.207 - - [24/Mar/2026:02:14:46 +0530] "GET /assets/fonts/Flaticon.woff2 HTTP/2.0" 200 7532 "https://www.pathoworld.in/assets/css/flaticon.css" "Mozilla/5.0 (Linux; Android 10; K) AppleWebKit/537.36 (KHTML, like Gecko) Chrome/145.0.0.0 Mobile Safari/537.36"
106.192.117.207 - - [24/Mar/2026:02:14:46 +0530] "GET /admin/icon/healthcheckup.png HTTP/2.0" 200 42881 "https://www.pathoworld.in/" "Mozilla/5.0 (Linux; Android 10; K) AppleWebKit/537.36 (KHTML, like Gecko) Chrome/145.0.0.0 Mobile Safari/537.36"
213.153.144.233 - - [24/Mar/2026:02:14:46 +0530] "GET /assets/fonts/fa-solid-900.woff2 HTTP/2.0" 200 74256 "https://www.pathoworld.in/assets/css/fontawesome.min.css" "Mozilla/5.0 (Linux; Android 10; K) AppleWebKit/537.36 (KHTML, like Gecko) Chrome/146.0.0.0 Mobile Safari/537.36"
49.47.152.244 - - [24/Mar/2026:02:14:46 +0530] "GET /assets/img/slider/s2.png HTTP/2.0" 200 164012 "https://www.pathoworld.in/" "Mozilla/5.0 (Linux; Android 10; K) AppleWebKit/537.36 (KHTML, like Gecko) Chrome/146.0.0.0 Mobile Safari/537.36"
106.192.117.207 - - [24/Mar/2026:02:14:46 +0530] "GET /assets/img/slider/s1.png HTTP/2.0" 200 104353 "https://www.pathoworld.in/" "Mozilla/5.0 (Linux; Android 10; K) AppleWebKit/537.36 (KHTML, like Gecko) Chrome/145.0.0.0 Mobile Safari/537.36"
106.192.117.207 - - [24/Mar/2026:02:14:46 +0530] "GET /admin/icon/eldermanhealthcheckup.png HTTP/2.0" 200 47535 "https://www.pathoworld.in/" "Mozilla/5.0 (Linux; Android 10; K) AppleWebKit/537.36 (KHTML, like Gecko) Chrome/145.0.0.0 Mobile Safari/537.36"
152.58.169.162 - - [24/Mar/2026:02:14:46 +0530] "GET /assets/img/cta-bg.jpg HTTP/2.0" 200 604579 "https://www.pathoworld.in/assets/css/style.css" "Mozilla/5.0 (Linux; Android 10; K) AppleWebKit/537.36 (KHTML, like Gecko) Chrome/146.0.0.0 Mobile Safari/537.36"
106.192.117.207 - - [24/Mar/2026:02:14:46 +0530] "GET /assets/img/slider/s2.png HTTP/2.0" 200 164012 "https://www.pathoworld.in/" "Mozilla/5.0 (Linux; Android 10; K) AppleWebKit/537.36 (KHTML, like Gecko) Chrome/145.0.0.0 Mobile Safari/537.36"
43.251.93.89 - - [24/Mar/2026:02:14:46 +0530] "GET /assets/img/shape-image/2.png HTTP/2.0" 200 8055 "https://www.pathoworld.in/" "Mozilla/5.0 (Linux; Android 10; K) AppleWebKit/537.36 (KHTML, like Gecko) Chrome/146.0.0.0 Mobile Safari/537.36"
106.192.117.207 - - [24/Mar/2026:02:14:46 +0530] "GET /assets/img/slider/s3.png HTTP/2.0" 200 124455 "https://www.pathoworld.in/" "Mozilla/5.0 (Linux; Android 10; K) AppleWebKit/537.36 (KHTML, like Gecko) Chrome/145.0.0.0 Mobile Safari/537.36"
154.184.20.104 - - [24/Mar/2026:02:14:46 +0530] "GET /assets/js/progressbar.min.js HTTP/2.0" 200 504 "https://www.pathoworld.in/" "Mozilla/5.0 (Linux; Android 10; K) AppleWebKit/537.36 (KHTML, like Gecko) Chrome/144.0.0.0 Mobile Safari/537.36"
213.153.144.233 - - [24/Mar/2026:02:14:46 +0530] "GET /assets/img/shape-image/7.png HTTP/2.0" 200 4036 "https://www.pathoworld.in/" "Mozilla/5.0 (Linux; Android 10; K) AppleWebKit/537.36 (KHTML, like Gecko) Chrome/146.0.0.0 Mobile Safari/537.36"
213.153.144.233 - - [24/Mar/2026:02:14:46 +0530] "GET /assets/img/shape-image/6.png HTTP/2.0" 200 8105 "https://www.pathoworld.in/" "Mozilla/5.0 (Linux; Android 10; K) AppleWebKit/537.36 (KHTML, like Gecko) Chrome/146.0.0.0 Mobile Safari/537.36"
106.192.117.207 - - [24/Mar/2026:02:14:46 +0530] "GET /assets/img/slider/s4.png HTTP/2.0" 200 141080 "https://www.pathoworld.in/" "Mozilla/5.0 (Linux; Android 10; K) AppleWebKit/537.36 (KHTML, like Gecko) Chrome/145.0.0.0 Mobile Safari/537.36"
213.153.144.233 - - [24/Mar/2026:02:14:46 +0530] "GET /assets/img/shape-image/8.png HTTP/2.0" 200 8181 "https://www.pathoworld.in/" "Mozilla/5.0 (Linux; Android 10; K) AppleWebKit/537.36 (KHTML, like Gecko) Chrome/146.0.0.0 Mobile Safari/537.36"
43.251.93.89 - - [24/Mar/2026:02:14:46 +0530] "GET /assets/img/shape-image/3.png HTTP/2.0" 200 4473 "https://www.pathoworld.in/" "Mozilla/5.0 (Linux; Android 10; K) AppleWebKit/537.36 (KHTML, like Gecko) Chrome/146.0.0.0 Mobile Safari/537.36"
43.251.93.89 - - [24/Mar/2026:02:14:46 +0530] "GET /assets/img/shape-image/4.png HTTP/2.0" 200 4607 "https://www.pathoworld.in/" "Mozilla/5.0 (Linux; Android 10; K) AppleWebKit/537.36 (KHTML, like Gecko) Chrome/146.0.0.0 Mobile Safari/537.36"
43.251.93.89 - - [24/Mar/2026:02:14:46 +0530] "GET /assets/img/shape-image/5.png HTTP/2.0" 200 3980 "https://www.pathoworld.in/" "Mozilla/5.0 (Linux; Android 10; K) AppleWebKit/537.36 (KHTML, like Gecko) Chrome/146.0.0.0 Mobile Safari/537.36"
106.192.117.207 - - [24/Mar/2026:02:14:46 +0530] "GET /assets/img/shape-image/1.png HTTP/2.0" 200 4694 "https://www.pathoworld.in/" "Mozilla/5.0 (Linux; Android 10; K) AppleWebKit/537.36 (KHTML, like Gecko) Chrome/145.0.0.0 Mobile Safari/537.36"
154.184.20.104 - - [24/Mar/2026:02:14:47 +0530] "GET /assets/js/jquery.ajaxchimp.min.js HTTP/2.0" 200 939 "https://www.pathoworld.in/" "Mozilla/5.0 (Linux; Android 10; K) AppleWebKit/537.36 (KHTML, like Gecko) Chrome/144.0.0.0 Mobile Safari/537.36"
154.184.20.104 - - [24/Mar/2026:02:14:47 +0530] "GET /assets/js/form-validator.min.js HTTP/2.0" 200 2096 "https://www.pathoworld.in/" "Mozilla/5.0 (Linux; Android 10; K) AppleWebKit/537.36 (KHTML, like Gecko) Chrome/144.0.0.0 Mobile Safari/537.36"
106.192.117.207 - - [24/Mar/2026:02:14:47 +0530] "GET /assets/img/shape-image/2.png HTTP/2.0" 200 8055 "https://www.pathoworld.in/" "Mozilla/5.0 (Linux; Android 10; K) AppleWebKit/537.36 (KHTML, like Gecko) Chrome/145.0.0.0 Mobile Safari/537.36"
43.251.93.89 - - [24/Mar/2026:02:14:47 +0530] "GET /assets/img/shape-image/6.png HTTP/2.0" 200 8105 "https://www.pathoworld.in/" "Mozilla/5.0 (Linux; Android 10; K) AppleWebKit/537.36 (KHTML, like Gecko) Chrome/146.0.0.0 Mobile Safari/537.36"
151.236.176.102 - - [24/Mar/2026:02:14:47 +0530] "GET /assets/js/popper.min.js HTTP/2.0" 200 6623 "https://www.pathoworld.in/" "Mozilla/5.0 (Linux; Android 10; K) AppleWebKit/537.36 (KHTML, like Gecko) Chrome/146.0.0.0 Mobile Safari/537.36"
43.251.93.89 - - [24/Mar/2026:02:14:47 +0530] "GET /assets/img/shape-image/7.png HTTP/2.0" 200 4036 "https://www.pathoworld.in/" "Mozilla/5.0 (Linux; Android 10; K) AppleWebKit/537.36 (KHTML, like Gecko) Chrome/146.0.0.0 Mobile Safari/537.36"
185.242.97.235 - - [24/Mar/2026:02:14:31 +0530] "GET / HTTP/2.0" 200 9055 "https://29571644-34893-36574.tentedienat.com/jiFEBoYwNA7mZtczvQOYbhxKk9RS5tiGZvtUX8icEJ4RPJyTySjPsiRZhZl1D_RDVSzVQec?_=01KME71JGCGB904AHVJS65QZ7J&d=BQ5qQHPeDZSWqTlJ1xYQ5dcqEgAwXpW26caaDMRbXv3-sVrOvtwq0fpu-iCsRKf-Rzcgw0J_lRO3q-mjGjIkdoSTV2mOeE3ZB4k1iSMkR3Q-FniQRw6-4IhWn2ZWkwVeS2rPjMPIeszeCtgPLVs0P1HSsgsLrRMC5RLFe2mgno9Tn91xBOXyy--1aw5UVRSaBFN_NS1GqXaZLdB6kshhX2JBfbYELU5MwINNd-6PITT1sidfBEwvcwRINSUnhlroha1UgI4PV5wPCpDmBX1hBdeOsP-NC_J3L3N7KrdAktACL2yZltozowYihP-up_-HTaZVxbQVd16GB8t6HLxGnN74KN2f7iIjTesvZHNkxYl5QMH11bxGs1l9lPOfY7kn6XETdKlAqSjQUT7XVHJ2VJey13952T-7TALyTD6Adskche2zwdtenl6n-WJwfjsVvjNZw1VE5F4s9r4JOaB1n5fqC8V0dRGh_hX-M5qk7vriLYuF8pFgPNiJgMDLugYS3mhRxjfiQmPmFO3N8IzkuEfqfljBbdzP2_WFE58zpWdcm8aRzbQhMJjzy0xqIET8gLLhYcexd51s_NN12LFWmAP0Dt-IGEjhvIPtGUzQSRNkXQiStCf5Ht1wuLIQZUdfg4nKGONBGzllW4BJ5NtP4tusnySj8EglYsYzq2nxxewFskQtFUjclwtmqb6xzU-Q7VPk4Wkhi0PedIBXPCVinXwOZDyHtsHu0A6FaJr4VRr1JmXHNHVPfnr8Kzt1zr-vuFiCbFi-sS5bW8h7v02nSNfdu75fkhTfpTUJ2yFLURj6ECXI0MxJOxLOHvo8Qtt2q_Wxm5JR1e6QEC0lHyxsAstKtAMNBtC5N-YixoU_eq1ohUpFvMQh4U_wyMXicDEnTbZ6PoKj2jJUG7s_YaAgnHIe8WDC5om9PMb7NNsrHbB0KRma-6Ij3SbOIwrdcpjYTt1oMEKuY1QxsJM0w0jVU5DqkwvvhNVg0PpxEpr3tjg7xM0kzXQRsTvkRrAssNGgsTAJXQwic4Cf0Wq0VEZI2X2csWVGBYTSxLZj4hTda7mx_PNa8nP4UAepYqYAfczLXDfOBuFf8QGGOvZabs7JXyWGqsU7u1iiRPSzr7svE-mIiZqNb2FxivSvJValx9V-4gS9vnQAqoPmbw2_qmgaXmEnBsZiLCgAA0v9g-K4-upitqARLy55SoQimaBgj2cpLbD4NhOPImZQjHA9ikxEehZF9g&__trctx=064db718953de0face12a4&_bbr=1" "Mozilla/5.0 (Linux; Android 10; K) AppleWebKit/537.36 (KHTML, like Gecko) Chrome/146.0.0.0 Mobile Safari/537.36"
152.171.29.10 - - [24/Mar/2026:02:14:47 +0530] "GET /assets/js/progressbar.min.js HTTP/2.0" 200 504 "https://www.pathoworld.in/" "Mozilla/5.0 (Linux; Android 10; K) AppleWebKit/537.36 (KHTML, like Gecko) Chrome/146.0.0.0 Mobile Safari/537.36"
43.251.93.89 - - [24/Mar/2026:02:14:47 +0530] "GET /assets/img/shape-image/8.png HTTP/2.0" 200 8181 "https://www.pathoworld.in/" "Mozilla/5.0 (Linux; Android 10; K) AppleWebKit/537.36 (KHTML, like Gecko) Chrome/146.0.0.0 Mobile Safari/537.36"
49.36.177.141 - - [24/Mar/2026:02:14:47 +0530] "GET /assets/img/favicon.png HTTP/2.0" 200 14733 "https://www.pathoworld.in/" "Mozilla/5.0 (Linux; Android 10; K) AppleWebKit/537.36 (KHTML, like Gecko) Chrome/146.0.0.0 Mobile Safari/537.36"
106.192.117.207 - - [24/Mar/2026:02:14:47 +0530] "GET /assets/img/shape-image/3.png HTTP/2.0" 200 4473 "https://www.pathoworld.in/" "Mozilla/5.0 (Linux; Android 10; K) AppleWebKit/537.36 (KHTML, like Gecko) Chrome/145.0.0.0 Mobile Safari/537.36"
152.171.29.10 - - [24/Mar/2026:02:14:47 +0530] "GET /assets/js/wow.min.js HTTP/2.0" 200 2702 "https://www.pathoworld.in/" "Mozilla/5.0 (Linux; Android 10; K) AppleWebKit/537.36 (KHTML, like Gecko) Chrome/146.0.0.0 Mobile Safari/537.36"
106.192.117.207 - - [24/Mar/2026:02:14:47 +0530] "GET /assets/img/shape-image/4.png HTTP/2.0" 200 4607 "https://www.pathoworld.in/" "Mozilla/5.0 (Linux; Android 10; K) AppleWebKit/537.36 (KHTML, like Gecko) Chrome/145.0.0.0 Mobile Safari/537.36"
106.192.117.207 - - [24/Mar/2026:02:14:47 +0530] "GET /assets/img/shape-image/5.png HTTP/2.0" 200 3980 "https://www.pathoworld.in/" "Mozilla/5.0 (Linux; Android 10; K) AppleWebKit/537.36 (KHTML, like Gecko) Chrome/145.0.0.0 Mobile Safari/537.36"
43.251.93.89 - - [24/Mar/2026:02:14:47 +0530] "GET /admin/icon/elderwomanhealthcheckup.png HTTP/2.0" 200 43513 "https://www.pathoworld.in/" "Mozilla/5.0 (Linux; Android 10; K) AppleWebKit/537.36 (KHTML, like Gecko) Chrome/146.0.0.0 Mobile Safari/537.36"
43.251.93.89 - - [24/Mar/2026:02:14:47 +0530] "GET /assets/img/worldhealth.png HTTP/2.0" 200 6557 "https://www.pathoworld.in/" "Mozilla/5.0 (Linux; Android 10; K) AppleWebKit/537.36 (KHTML, like Gecko) Chrome/146.0.0.0 Mobile Safari/537.36"
157.42.21.9 - - [24/Mar/2026:02:14:47 +0530] "GET /assets/css/progressbar.min.css HTTP/2.0" 200 350 "https://www.pathoworld.in/" "Mozilla/5.0 (Linux; Android 10; K) AppleWebKit/537.36 (KHTML, like Gecko) Chrome/138.0.0.0 Mobile Safari/537.36"
106.192.117.207 - - [24/Mar/2026:02:14:47 +0530] "GET /assets/img/shape-image/6.png HTTP/2.0" 200 8105 "https://www.pathoworld.in/" "Mozilla/5.0 (Linux; Android 10; K) AppleWebKit/537.36 (KHTML, like Gecko) Chrome/145.0.0.0 Mobile Safari/537.36"
165.51.101.209 - - [24/Mar/2026:02:14:47 +0530] "GET /assets/img/icons/blood.png HTTP/2.0" 200 10471 "https://www.pathoworld.in/" "Mozilla/5.0 (Linux; Android 10; K) AppleWebKit/537.36 (KHTML, like Gecko) Chrome/146.0.0.0 Mobile Safari/537.36"
157.42.21.9 - - [24/Mar/2026:02:14:47 +0530] "GET /assets/css/responsive.css HTTP/2.0" 200 5713 "https://www.pathoworld.in/" "Mozilla/5.0 (Linux; Android 10; K) AppleWebKit/537.36 (KHTML, like Gecko) Chrome/138.0.0.0 Mobile Safari/537.36"
43.251.93.89 - - [24/Mar/2026:02:14:47 +0530] "GET /assets/img/icons/discount.png HTTP/2.0" 200 62356 "https://www.pathoworld.in/" "Mozilla/5.0 (Linux; Android 10; K) AppleWebKit/537.36 (KHTML, like Gecko) Chrome/146.0.0.0 Mobile Safari/537.36"
157.42.21.9 - - [24/Mar/2026:02:14:47 +0530] "GET /assets/css/style.css HTTP/2.0" 200 18238 "https://www.pathoworld.in/" "Mozilla/5.0 (Linux; Android 10; K) AppleWebKit/537.36 (KHTML, like Gecko) Chrome/138.0.0.0 Mobile Safari/537.36"
165.51.101.209 - - [24/Mar/2026:02:14:47 +0530] "GET /assets/img/icons/mobile.png HTTP/2.0" 200 43677 "https://www.pathoworld.in/" "Mozilla/5.0 (Linux; Android 10; K) AppleWebKit/537.36 (KHTML, like Gecko) Chrome/146.0.0.0 Mobile Safari/537.36"
106.192.117.207 - - [24/Mar/2026:02:14:47 +0530] "GET /assets/img/shape-image/8.png HTTP/2.0" 200 8181 "https://www.pathoworld.in/" "Mozilla/5.0 (Linux; Android 10; K) AppleWebKit/537.36 (KHTML, like Gecko) Chrome/145.0.0.0 Mobile Safari/537.36"
106.192.117.207 - - [24/Mar/2026:02:14:47 +0530] "GET /assets/img/shape-image/7.png HTTP/2.0" 200 4036 "https://www.pathoworld.in/" "Mozilla/5.0 (Linux; Android 10; K) AppleWebKit/537.36 (KHTML, like Gecko) Chrome/145.0.0.0 Mobile Safari/537.36"
152.57.126.31 - - [24/Mar/2026:02:14:47 +0530] "GET /assets/img/imaging-pathoworld.png HTTP/2.0" 200 97252 "https://www.pathoworld.in/" "Mozilla/5.0 (Linux; Android 10; K) AppleWebKit/537.36 (KHTML, like Gecko) Chrome/145.0.0.0 Mobile Safari/537.36"
106.192.117.207 - - [24/Mar/2026:02:14:47 +0530] "GET /admin/icon/elderwomanhealthcheckup.png HTTP/2.0" 200 43513 "https://www.pathoworld.in/" "Mozilla/5.0 (Linux; Android 10; K) AppleWebKit/537.36 (KHTML, like Gecko) Chrome/145.0.0.0 Mobile Safari/537.36"
106.192.117.207 - - [24/Mar/2026:02:14:47 +0530] "GET /assets/img/worldhealth.png HTTP/2.0" 200 6557 "https://www.pathoworld.in/" "Mozilla/5.0 (Linux; Android 10; K) AppleWebKit/537.36 (KHTML, like Gecko) Chrome/145.0.0.0 Mobile Safari/537.36"
43.251.93.89 - - [24/Mar/2026:02:14:47 +0530] "GET /assets/img/icons/blood.png HTTP/2.0" 200 10471 "https://www.pathoworld.in/" "Mozilla/5.0 (Linux; Android 10; K) AppleWebKit/537.36 (KHTML, like Gecko) Chrome/146.0.0.0 Mobile Safari/537.36"
43.251.93.89 - - [24/Mar/2026:02:14:47 +0530] "GET /assets/img/icons/mobile.png HTTP/2.0" 200 43677 "https://www.pathoworld.in/" "Mozilla/5.0 (Linux; Android 10; K) AppleWebKit/537.36 (KHTML, like Gecko) Chrome/146.0.0.0 Mobile Safari/537.36"
106.192.117.207 - - [24/Mar/2026:02:14:47 +0530] "GET /assets/img/icons/discount.png HTTP/2.0" 200 62356 "https://www.pathoworld.in/" "Mozilla/5.0 (Linux; Android 10; K) AppleWebKit/537.36 (KHTML, like Gecko) Chrome/145.0.0.0 Mobile Safari/537.36"
43.251.93.89 - - [24/Mar/2026:02:14:47 +0530] "GET /assets/img/icons/graph.png HTTP/2.0" 200 29886 "https://www.pathoworld.in/" "Mozilla/5.0 (Linux; Android 10; K) AppleWebKit/537.36 (KHTML, like Gecko) Chrome/146.0.0.0 Mobile Safari/537.36"
151.236.176.102 - - [24/Mar/2026:02:14:47 +0530] "GET /assets/js/bootstrap.min.js HTTP/2.0" 200 15918 "https://www.pathoworld.in/" "Mozilla/5.0 (Linux; Android 10; K) AppleWebKit/537.36 (KHTML, like Gecko) Chrome/146.0.0.0 Mobile Safari/537.36"
49.47.152.244 - - [24/Mar/2026:02:14:46 +0530] "GET /assets/img/slider/s3.png HTTP/2.0" 200 124455 "https://www.pathoworld.in/" "Mozilla/5.0 (Linux; Android 10; K) AppleWebKit/537.36 (KHTML, like Gecko) Chrome/146.0.0.0 Mobile Safari/537.36"
49.47.152.244 - - [24/Mar/2026:02:14:46 +0530] "GET /assets/img/slider/s4.png HTTP/2.0" 200 141080 "https://www.pathoworld.in/" "Mozilla/5.0 (Linux; Android 10; K) AppleWebKit/537.36 (KHTML, like Gecko) Chrome/146.0.0.0 Mobile Safari/537.36"
106.192.117.207 - - [24/Mar/2026:02:14:47 +0530] "GET /assets/img/icons/mobile.png HTTP/2.0" 200 43677 "https://www.pathoworld.in/" "Mozilla/5.0 (Linux; Android 10; K) AppleWebKit/537.36 (KHTML, like Gecko) Chrome/145.0.0.0 Mobile Safari/537.36"
106.192.117.207 - - [24/Mar/2026:02:14:47 +0530] "GET /assets/img/icons/blood.png HTTP/2.0" 200 10471 "https://www.pathoworld.in/" "Mozilla/5.0 (Linux; Android 10; K) AppleWebKit/537.36 (KHTML, like Gecko) Chrome/145.0.0.0 Mobile Safari/537.36"
43.251.93.89 - - [24/Mar/2026:02:14:47 +0530] "GET /assets/img/icons/sugar.png HTTP/2.0" 200 14022 "https://www.pathoworld.in/" "Mozilla/5.0 (Linux; Android 10; K) AppleWebKit/537.36 (KHTML, like Gecko) Chrome/146.0.0.0 Mobile Safari/537.36"
106.192.117.207 - - [24/Mar/2026:02:14:47 +0530] "GET /assets/img/icons/graph.png HTTP/2.0" 200 29886 "https://www.pathoworld.in/" "Mozilla/5.0 (Linux; Android 10; K) AppleWebKit/537.36 (KHTML, like Gecko) Chrome/145.0.0.0 Mobile Safari/537.36"
150.228.105.6 - - [24/Mar/2026:02:14:47 +0530] "GET /assets/js/jquery.meanmenu.js HTTP/2.0" 200 1607 "https://www.pathoworld.in/" "Mozilla/5.0 (Linux; Android 10; K) AppleWebKit/537.36 (KHTML, like Gecko) Chrome/146.0.0.0 Mobile Safari/537.36"
43.251.93.89 - - [24/Mar/2026:02:14:47 +0530] "GET /assets/img/icons/family.png HTTP/2.0" 200 45194 "https://www.pathoworld.in/" "Mozilla/5.0 (Linux; Android 10; K) AppleWebKit/537.36 (KHTML, like Gecko) Chrome/146.0.0.0 Mobile Safari/537.36"
43.251.93.89 - - [24/Mar/2026:02:14:47 +0530] "GET /assets/img/shape-image/9.png HTTP/2.0" 200 3623 "https://www.pathoworld.in/" "Mozilla/5.0 (Linux; Android 10; K) AppleWebKit/537.36 (KHTML, like Gecko) Chrome/146.0.0.0 Mobile Safari/537.36"
150.228.105.6 - - [24/Mar/2026:02:14:47 +0530] "GET /assets/js/jquery.appear.js HTTP/2.0" 200 1360 "https://www.pathoworld.in/" "Mozilla/5.0 (Linux; Android 10; K) AppleWebKit/537.36 (KHTML, like Gecko) Chrome/146.0.0.0 Mobile Safari/537.36"
157.48.66.84 - - [24/Mar/2026:02:14:45 +0530] "GET /assets/img/cta-bg.jpg HTTP/2.0" 200 604579 "https://www.pathoworld.in/assets/css/style.css" "Mozilla/5.0 (Linux; Android 10; K) AppleWebKit/537.36 (KHTML, like Gecko) Chrome/146.0.0.0 Mobile Safari/537.36"
106.192.117.207 - - [24/Mar/2026:02:14:47 +0530] "GET /assets/img/shape-image/9.png HTTP/2.0" 200 3623 "https://www.pathoworld.in/" "Mozilla/5.0 (Linux; Android 10; K) AppleWebKit/537.36 (KHTML, like Gecko) Chrome/145.0.0.0 Mobile Safari/537.36"
106.192.117.207 - - [24/Mar/2026:02:14:47 +0530] "GET /assets/img/icons/sugar.png HTTP/2.0" 200 14022 "https://www.pathoworld.in/" "Mozilla/5.0 (Linux; Android 10; K) AppleWebKit/537.36 (KHTML, like Gecko) Chrome/145.0.0.0 Mobile Safari/537.36"
106.192.117.207 - - [24/Mar/2026:02:14:47 +0530] "GET /assets/img/icons/family.png HTTP/2.0" 200 45194 "https://www.pathoworld.in/" "Mozilla/5.0 (Linux; Android 10; K) AppleWebKit/537.36 (KHTML, like Gecko) Chrome/145.0.0.0 Mobile Safari/537.36"
43.251.93.89 - - [24/Mar/2026:02:14:47 +0530] "GET /assets/img/shape-image/10.png HTTP/2.0" 200 1515 "https://www.pathoworld.in/" "Mozilla/5.0 (Linux; Android 10; K) AppleWebKit/537.36 (KHTML, like Gecko) Chrome/146.0.0.0 Mobile Safari/537.36"
152.58.154.75 - - [24/Mar/2026:02:14:47 +0530] "GET /assets/img/imaging-pathoworld.png HTTP/2.0" 200 97252 "https://www.pathoworld.in/" "Mozilla/5.0 (Linux; Android 10; K) AppleWebKit/537.36 (KHTML, like Gecko) Chrome/145.0.0.0 Mobile Safari/537.36"
106.192.117.207 - - [24/Mar/2026:02:14:47 +0530] "GET /assets/img/shape-image/10.png HTTP/2.0" 200 1515 "https://www.pathoworld.in/" "Mozilla/5.0 (Linux; Android 10; K) AppleWebKit/537.36 (KHTML, like Gecko) Chrome/145.0.0.0 Mobile Safari/537.36"
189.34.144.229 - - [24/Mar/2026:02:14:31 +0530] "GET / HTTP/2.0" 200 9055 "https://29571643-33181-36574.tentedienat.com/hi1PDY0zOAfhZtczvQOYbhxKk9RS5tiGZvtUX8icEJ4WPJmdyZWJFVMXpEK3_6CX3IlVSJs?_=051f76b0-26f9-11f1-874f-4d961652a552&d=BQ5qQHPe2ZX-rjkZUQkFRS5bEjODteFVI0yTtkgpS3likKSTK6xpwIx_vVmEww1GKR00tsXqmlReQBniAjBwnHhtZBJDpSGwoUvtmiFp3rx4N7PMCh1Fx8M-D2rHizKzfXPDY3Dn5FV62LWNvE7kMNAtAoSE-KsxSh2F9GZyR52KKlt8UJcrWrQEKHoT0DH6KgHzH8VvqWWNO_wr0ee3vqBiClJhWqtVZOA3y90dTjzEN_jLlHzmKiiavgQ6BWbfDSm3EHNkyPzhDe8jzMV1nj-EPj1J8a6L5ylbWSw3SnQJ-Qe-qVtvoKHy1TQG05eX_n8-0E93uX4JF_6HjNHTs_0G2IFfEY-QxC7mcs8mAsbdPW0o6sFEq30HM-PZkyKkOeRODiW0oz2yLMhydPmBwboUy8xVIVio2rv-8Vwl-1TSY5MAmlWTIn_nsSMp7IfRcWeLY8e3C78q3IaBstHguwqeJcTCY8StyYEZAgGAVvlluig2ftgP_8JQby4YuqOvbOS31V2YgqAGe550QnOhIObq5szRrs3XeG2FIzB43jib6CvE7IaiP4ZlmJt_gjOl3Omi4iVys6zzSJNLeftDvvYAaXgHSIrXpuL5_AfDKwxPJV8ET-ScUwq94eIkwlXwgCvTMHL6TMgpmdb-PDgUpyMNZXKn6fEChsibT2UL6Ii7-mpvm7D3U9BrIBvmA-2VrxVmkhhjz4Ba8WtGGxHaeuG8kS3mLcRvz7s1OK0fi-ap4DUce8W9hJPZ4AooLWorMxlkCwaKx0UVfSNsv90rDAIS4Nb08Ebpg30d-W72JN1V6KoKjosmoGrvgJxIIB1DacCCfdn6Jbyaa6xgN3iddfRKsHPelg1MofPeRF23P1T5uUJuFni7UuUsGtHz7X86pOBqXarRS5EWToEZ4i5OxQDPXJcmWplQofFHL2eOGJLZut-bD0TuKL-6bXzSfMUtfK5c-p7lcvA58ezerfl1SWzYd-zfba2ARfEOf19rDJv7rUxST4t5WxujhU2MMMR8N6pZ429fe8ylQCvtyR0bZbV8-FqWeiv_UkmK9yhrhnUTIrhBN0Z-b6Hyc1evfwv7pqW-6Zj4-hZOQ6UnOHszM50noonVCxoSZXa4-INcRg21ezjuOqvjuLqFwm4YyQ97ygTGLE0SM2a-Z9N82-OCDCwPYoEH2wLxUAe1fhjD-2kTeaEz3eyVng&_bbr=1" "Mozilla/5.0 (Linux; Android 10; K) AppleWebKit/537.36 (KHTML, like Gecko) Chrome/144.0.0.0 Mobile Safari/537.36"
106.192.117.207 - - [24/Mar/2026:02:14:47 +0530] "GET /assets/img/user.png HTTP/2.0" 200 26361 "https://www.pathoworld.in/" "Mozilla/5.0 (Linux; Android 10; K) AppleWebKit/537.36 (KHTML, like Gecko) Chrome/145.0.0.0 Mobile Safari/537.36"
106.192.117.207 - - [24/Mar/2026:02:14:47 +0530] "GET /assets/img/map1.png HTTP/2.0" 200 71706 "https://www.pathoworld.in/" "Mozilla/5.0 (Linux; Android 10; K) AppleWebKit/537.36 (KHTML, like Gecko) Chrome/145.0.0.0 Mobile Safari/537.36"
176.240.84.182 - - [24/Mar/2026:02:14:47 +0530] "GET /assets/css/animate.min.css HTTP/2.0" 200 4324 "https://www.pathoworld.in/" "Mozilla/5.0 (Linux; Android 10; K) AppleWebKit/537.36 (KHTML, like Gecko) Chrome/146.0.0.0 Mobile Safari/537.36"
176.29.59.36 - - [24/Mar/2026:02:14:47 +0530] "GET /assets/img/imaging-pathoworld.png HTTP/2.0" 200 97252 "https://www.pathoworld.in/" "Mozilla/5.0 (Linux; Android 10; K) AppleWebKit/537.36 (KHTML, like Gecko) Chrome/146.0.0.0 Mobile Safari/537.36"
213.153.144.233 - - [24/Mar/2026:02:14:47 +0530] "GET /assets/img/icons/blood.png HTTP/2.0" 200 10471 "https://www.pathoworld.in/" "Mozilla/5.0 (Linux; Android 10; K) AppleWebKit/537.36 (KHTML, like Gecko) Chrome/146.0.0.0 Mobile Safari/537.36"
213.153.144.233 - - [24/Mar/2026:02:14:47 +0530] "GET /assets/img/worldhealth.png HTTP/2.0" 200 6557 "https://www.pathoworld.in/" "Mozilla/5.0 (Linux; Android 10; K) AppleWebKit/537.36 (KHTML, like Gecko) Chrome/146.0.0.0 Mobile Safari/537.36"
213.153.144.233 - - [24/Mar/2026:02:14:47 +0530] "GET /assets/img/icons/discount.png HTTP/2.0" 200 62356 "https://www.pathoworld.in/" "Mozilla/5.0 (Linux; Android 10; K) AppleWebKit/537.36 (KHTML, like Gecko) Chrome/146.0.0.0 Mobile Safari/537.36"
185.242.97.235 - - [24/Mar/2026:02:14:47 +0530] "GET /assets/css/bootstrap.min.css HTTP/2.0" 200 22910 "https://www.pathoworld.in/" "Mozilla/5.0 (Linux; Android 10; K) AppleWebKit/537.36 (KHTML, like Gecko) Chrome/146.0.0.0 Mobile Safari/537.36"
43.251.93.89 - - [24/Mar/2026:02:14:47 +0530] "GET /assets/img/map1.png HTTP/2.0" 200 71706 "https://www.pathoworld.in/" "Mozilla/5.0 (Linux; Android 10; K) AppleWebKit/537.36 (KHTML, like Gecko) Chrome/146.0.0.0 Mobile Safari/537.36"
43.251.93.89 - - [24/Mar/2026:02:14:47 +0530] "GET /assets/img/user.png HTTP/2.0" 200 26361 "https://www.pathoworld.in/" "Mozilla/5.0 (Linux; Android 10; K) AppleWebKit/537.36 (KHTML, like Gecko) Chrome/146.0.0.0 Mobile Safari/537.36"
176.29.59.36 - - [24/Mar/2026:02:14:47 +0530] "GET /assets/js/jquery.min.js HTTP/2.0" 200 30900 "https://www.pathoworld.in/" "Mozilla/5.0 (Linux; Android 10; K) AppleWebKit/537.36 (KHTML, like Gecko) Chrome/146.0.0.0 Mobile Safari/537.36"
152.57.126.31 - - [24/Mar/2026:02:14:47 +0530] "GET /assets/js/jquery.min.js HTTP/2.0" 200 30900 "https://www.pathoworld.in/" "Mozilla/5.0 (Linux; Android 10; K) AppleWebKit/537.36 (KHTML, like Gecko) Chrome/145.0.0.0 Mobile Safari/537.36"
152.57.126.31 - - [24/Mar/2026:02:14:47 +0530] "GET /assets/js/popper.min.js HTTP/2.0" 200 6623 "https://www.pathoworld.in/" "Mozilla/5.0 (Linux; Android 10; K) AppleWebKit/537.36 (KHTML, like Gecko) Chrome/145.0.0.0 Mobile Safari/537.36"
89.167.54.21 - - [24/Mar/2026:02:14:40 +0530] "GET / HTTP/1.1" 200 9055 "https://29571644-35418-36574.squitoiages.com/" "Mozilla/5.0 (Linux; Android 10; K) AppleWebKit/537.36 (KHTML, like Gecko) Chrome/144.0.0.0 Safari/537.36"
150.228.105.6 - - [24/Mar/2026:02:14:47 +0530] "GET /assets/js/odometer.min.js HTTP/2.0" 200 3631 "https://www.pathoworld.in/" "Mozilla/5.0 (Linux; Android 10; K) AppleWebKit/537.36 (KHTML, like Gecko) Chrome/146.0.0.0 Mobile Safari/537.36"
152.57.126.31 - - [24/Mar/2026:02:14:47 +0530] "GET /assets/js/bootstrap.min.js HTTP/2.0" 200 15918 "https://www.pathoworld.in/" "Mozilla/5.0 (Linux; Android 10; K) AppleWebKit/537.36 (KHTML, like Gecko) Chrome/145.0.0.0 Mobile Safari/537.36"
152.57.126.31 - - [24/Mar/2026:02:14:47 +0530] "GET /assets/js/jquery.meanmenu.js HTTP/2.0" 200 1607 "https://www.pathoworld.in/" "Mozilla/5.0 (Linux; Android 10; K) AppleWebKit/537.36 (KHTML, like Gecko) Chrome/145.0.0.0 Mobile Safari/537.36"
151.236.176.102 - - [24/Mar/2026:02:14:47 +0530] "GET /assets/js/jquery.meanmenu.js HTTP/2.0" 200 1607 "https://www.pathoworld.in/" "Mozilla/5.0 (Linux; Android 10; K) AppleWebKit/537.36 (KHTML, like Gecko) Chrome/146.0.0.0 Mobile Safari/537.36"
151.236.176.102 - - [24/Mar/2026:02:14:47 +0530] "GET /assets/js/jquery.appear.js HTTP/2.0" 200 1360 "https://www.pathoworld.in/" "Mozilla/5.0 (Linux; Android 10; K) AppleWebKit/537.36 (KHTML, like Gecko) Chrome/146.0.0.0 Mobile Safari/537.36"
49.47.152.244 - - [24/Mar/2026:02:14:47 +0530] "GET /assets/img/shape-image/1.png HTTP/2.0" 200 4694 "https://www.pathoworld.in/" "Mozilla/5.0 (Linux; Android 10; K) AppleWebKit/537.36 (KHTML, like Gecko) Chrome/146.0.0.0 Mobile Safari/537.36"
176.240.84.182 - - [24/Mar/2026:02:14:47 +0530] "GET /assets/css/flaticon.css HTTP/2.0" 200 665 "https://www.pathoworld.in/" "Mozilla/5.0 (Linux; Android 10; K) AppleWebKit/537.36 (KHTML, like Gecko) Chrome/146.0.0.0 Mobile Safari/537.36"
176.240.84.182 - - [24/Mar/2026:02:14:47 +0530] "GET /assets/css/fontawesome.min.css HTTP/2.0" 200 12063 "https://www.pathoworld.in/" "Mozilla/5.0 (Linux; Android 10; K) AppleWebKit/537.36 (KHTML, like Gecko) Chrome/146.0.0.0 Mobile Safari/537.36"
165.51.101.209 - - [24/Mar/2026:02:14:47 +0530] "GET /assets/img/icons/graph.png HTTP/2.0" 200 29886 "https://www.pathoworld.in/" "Mozilla/5.0 (Linux; Android 10; K) AppleWebKit/537.36 (KHTML, like Gecko) Chrome/146.0.0.0 Mobile Safari/537.36"
150.228.105.6 - - [24/Mar/2026:02:14:47 +0530] "GET /assets/js/parallax.min.js HTTP/2.0" 200 4001 "https://www.pathoworld.in/" "Mozilla/5.0 (Linux; Android 10; K) AppleWebKit/537.36 (KHTML, like Gecko) Chrome/146.0.0.0 Mobile Safari/537.36"
150.228.105.6 - - [24/Mar/2026:02:14:47 +0530] "GET /assets/js/jquery.magnific-popup.min.js HTTP/2.0" 200 7346 "https://www.pathoworld.in/" "Mozilla/5.0 (Linux; Android 10; K) AppleWebKit/537.36 (KHTML, like Gecko) Chrome/146.0.0.0 Mobile Safari/537.36"
152.171.29.10 - - [24/Mar/2026:02:14:47 +0530] "GET /assets/fonts/Flaticon.woff2 HTTP/2.0" 200 7532 "https://www.pathoworld.in/assets/css/flaticon.css" "Mozilla/5.0 (Linux; Android 10; K) AppleWebKit/537.36 (KHTML, like Gecko) Chrome/146.0.0.0 Mobile Safari/537.36"
152.57.126.31 - - [24/Mar/2026:02:14:47 +0530] "GET /assets/js/jquery.appear.js HTTP/2.0" 200 1360 "https://www.pathoworld.in/" "Mozilla/5.0 (Linux; Android 10; K) AppleWebKit/537.36 (KHTML, like Gecko) Chrome/145.0.0.0 Mobile Safari/537.36"
165.51.101.209 - - [24/Mar/2026:02:14:47 +0530] "GET /assets/img/icons/sugar.png HTTP/2.0" 200 14022 "https://www.pathoworld.in/" "Mozilla/5.0 (Linux; Android 10; K) AppleWebKit/537.36 (KHTML, like Gecko) Chrome/146.0.0.0 Mobile Safari/537.36"
176.29.59.36 - - [24/Mar/2026:02:14:47 +0530] "GET /assets/js/popper.min.js HTTP/2.0" 200 6623 "https://www.pathoworld.in/" "Mozilla/5.0 (Linux; Android 10; K) AppleWebKit/537.36 (KHTML, like Gecko) Chrome/146.0.0.0 Mobile Safari/537.36"
198.160.164.130 - - [24/Mar/2026:02:14:42 +0530] "GET / HTTP/2.0" 200 9055 "https://xlxx2.com/" "Mozilla/5.0 (Linux; Android 14; en; Infinix X6833B Build/SP1A.210812.016) AppleWebKit/537.36 (KHTML, like Gecko) Chrome/145.0.7632.159 HiBrowser/v2.25.11.1;lang=ar;nation=IQ;locale=ar_EG UWS/ Mobile Safari/537.36"
176.29.59.36 - - [24/Mar/2026:02:14:47 +0530] "GET /assets/js/bootstrap.min.js HTTP/2.0" 200 15918 "https://www.pathoworld.in/" "Mozilla/5.0 (Linux; Android 10; K) AppleWebKit/537.36 (KHTML, like Gecko) Chrome/146.0.0.0 Mobile Safari/537.36"
176.29.59.36 - - [24/Mar/2026:02:14:47 +0530] "GET /assets/js/jquery.meanmenu.js HTTP/2.0" 200 1607 "https://www.pathoworld.in/" "Mozilla/5.0 (Linux; Android 10; K) AppleWebKit/537.36 (KHTML, like Gecko) Chrome/146.0.0.0 Mobile Safari/537.36"
152.57.126.31 - - [24/Mar/2026:02:14:47 +0530] "GET /assets/js/odometer.min.js HTTP/2.0" 200 3631 "https://www.pathoworld.in/" "Mozilla/5.0 (Linux; Android 10; K) AppleWebKit/537.36 (KHTML, like Gecko) Chrome/145.0.0.0 Mobile Safari/537.36"
152.57.126.31 - - [24/Mar/2026:02:14:47 +0530] "GET /assets/js/jquery.magnific-popup.min.js HTTP/2.0" 200 7346 "https://www.pathoworld.in/" "Mozilla/5.0 (Linux; Android 10; K) AppleWebKit/537.36 (KHTML, like Gecko) Chrome/145.0.0.0 Mobile Safari/537.36"
213.153.144.233 - - [24/Mar/2026:02:14:47 +0530] "GET /assets/img/icons/mobile.png HTTP/2.0" 200 43677 "https://www.pathoworld.in/" "Mozilla/5.0 (Linux; Android 10; K) AppleWebKit/537.36 (KHTML, like Gecko) Chrome/146.0.0.0 Mobile Safari/537.36"
213.153.144.233 - - [24/Mar/2026:02:14:47 +0530] "GET /assets/img/icons/graph.png HTTP/2.0" 200 29886 "https://www.pathoworld.in/" "Mozilla/5.0 (Linux; Android 10; K) AppleWebKit/537.36 (KHTML, like Gecko) Chrome/146.0.0.0 Mobile Safari/537.36"
213.153.144.233 - - [24/Mar/2026:02:14:47 +0530] "GET /assets/img/icons/sugar.png HTTP/2.0" 200 14022 "https://www.pathoworld.in/" "Mozilla/5.0 (Linux; Android 10; K) AppleWebKit/537.36 (KHTML, like Gecko) Chrome/146.0.0.0 Mobile Safari/537.36"
152.58.154.75 - - [24/Mar/2026:02:14:47 +0530] "GET /assets/js/jquery.min.js HTTP/2.0" 200 30900 "https://www.pathoworld.in/" "Mozilla/5.0 (Linux; Android 10; K) AppleWebKit/537.36 (KHTML, like Gecko) Chrome/145.0.0.0 Mobile Safari/537.36"
152.58.169.162 - - [24/Mar/2026:02:14:47 +0530] "GET /assets/img/favicon.png HTTP/2.0" 200 14733 "https://www.pathoworld.in/" "Mozilla/5.0 (Linux; Android 10; K) AppleWebKit/537.36 (KHTML, like Gecko) Chrome/146.0.0.0 Mobile Safari/537.36"
152.57.126.31 - - [24/Mar/2026:02:14:47 +0530] "GET /assets/js/parallax.min.js HTTP/2.0" 200 4001 "https://www.pathoworld.in/" "Mozilla/5.0 (Linux; Android 10; K) AppleWebKit/537.36 (KHTML, like Gecko) Chrome/145.0.0.0 Mobile Safari/537.36"
157.42.21.9 - - [24/Mar/2026:02:14:47 +0530] "GET /assets/img/logo.png HTTP/2.0" 200 204319 "https://www.pathoworld.in/" "Mozilla/5.0 (Linux; Android 10; K) AppleWebKit/537.36 (KHTML, like Gecko) Chrome/138.0.0.0 Mobile Safari/537.36"
157.42.21.9 - - [24/Mar/2026:02:14:47 +0530] "GET /assets/cart-icon.png HTTP/2.0" 200 2855 "https://www.pathoworld.in/" "Mozilla/5.0 (Linux; Android 10; K) AppleWebKit/537.36 (KHTML, like Gecko) Chrome/138.0.0.0 Mobile Safari/537.36"
152.57.126.31 - - [24/Mar/2026:02:14:47 +0530] "GET /assets/js/progressbar.min.js HTTP/2.0" 200 504 "https://www.pathoworld.in/" "Mozilla/5.0 (Linux; Android 10; K) AppleWebKit/537.36 (KHTML, like Gecko) Chrome/145.0.0.0 Mobile Safari/537.36"
152.57.126.31 - - [24/Mar/2026:02:14:47 +0530] "GET /assets/js/owl.carousel.min.js HTTP/2.0" 200 11412 "https://www.pathoworld.in/" "Mozilla/5.0 (Linux; Android 10; K) AppleWebKit/537.36 (KHTML, like Gecko) Chrome/145.0.0.0 Mobile Safari/537.36"
152.58.154.75 - - [24/Mar/2026:02:14:47 +0530] "GET /assets/js/popper.min.js HTTP/2.0" 200 6623 "https://www.pathoworld.in/" "Mozilla/5.0 (Linux; Android 10; K) AppleWebKit/537.36 (KHTML, like Gecko) Chrome/145.0.0.0 Mobile Safari/537.36"
176.240.84.182 - - [24/Mar/2026:02:14:47 +0530] "GET /assets/css/magnific-popup.min.css HTTP/2.0" 200 1566 "https://www.pathoworld.in/" "Mozilla/5.0 (Linux; Android 10; K) AppleWebKit/537.36 (KHTML, like Gecko) Chrome/146.0.0.0 Mobile Safari/537.36"
103.155.198.101 - - [24/Mar/2026:02:14:41 +0530] "GET / HTTP/2.0" 200 9055 "https://29571644-30436-36574.tentedienat.com/jidGDo0wPAbjZtczvQOYbhxKk9RS5tiGZvtUX8icEJ4RPJ2SyX1AkzL3VwCo4_KUCopFLHQ?_=0ea728a7-26f9-11f1-a2c8-ebbd1424a578&d=BQ5qQHPeR5S2qzmhK487LpcMmvmjQNTfDXXJEthhVvWUtn8_fIt_WOWszDz3Sez9H7Cf1d84p0qWJwi2X3aiqjVr122btt2sT-a6rXqTixjM6s3vht4amr07NQVycwZU4KH1MarvEtlXOzXz4JsPhx0CZnX0YU80Za5ClmWu3KKQs85MsTl8Mr1s7xLIfGFf9mPDuI1sRLNsYzg7LPsZCLUbNi8I4ZhN_1POwC4Hpqxs55bU4lDgLsJgKwToyCB548ffa0gvLU6fmKm7w9gspwNZdx7PV6hj0n-ov7EEqnwGkDF0tdgmE4qwZ24sg387w2k5Ph0tWoB2cp7EVIbxoSAFz_pgOeoAUmQVfWOckZSPQjwCvDS1ijFZNGeYE7opOe7avbkivmxgwj53IyHM2YE48eh0URRS3XsFZzx8EHgCYSwOuE_jQy3-6YO0xNS_kaTnvdGztBrSCP_tBF_2AIrL8ljG_UQaY7cObEQcuC_c8Sdyr293lP8zBmz3THNAHUu8LC8YcJBir-Pit8JZYfWEcJbarrWUjUD-TtHQakgKpkXy0E4tLN_3lpFTqndJ_4TpdYJ8Kpw_oDk78HJikphntLhHhiyETKArfZvHM5lCEvfhZ7-F4NxK9xYywZVLmw4yX6BLVeyQK1T1X_pAxGIZD2WbfnKHiPDmfFA5ZD5PB3MYtcR3O9TSerLT8ZhkEhup9qUHhknG74-AXu400T5_Kmq-aojdVHIMXo17psGMcvtrcZTxbfQ7a9m1OjY8F9_6SJ4RjIUT_nmP4pwUxfkr5zZCrPIONv9ep5bECPrpKkZfH-l2CB4mwUn1zN78dS1iLYCBFpZpYQfU_9BYSe7pDvstca_CsCNvNEau3-nI9613U3VqI7_qFY2uwqfrff_nyteQSuMvYEWnne0_crc-mocAGPBtzFiCmnMaykuE9KdcP7SWp9NLISonU-dPg80XV93HfrZ1q3VKsJqn32bV5eaLZWkIzVlbsW_2cZEIHgGeErq_xB-UX8vF3tejFsQDKnJ2P6VTzNw4qan5Y9VL4Jf_Rvw6EmvKRVsSsoVSWY2DpUOuOKXWL_mZ9zUFZ-DemNWQ__tiQQ87X0l-PFQ1itolRt4XKG7nNAv04L9a8BUc9rrY5LaRV2O3S2oXc8vtN8EjXc1XdbJTL4Bn2BaY_ZQRLhbyemA7YRQkFHrk_P6fXlWzHNUGX4EQ9RZLKcFr-H7DRRmBLMY0cVTjuhPjFOUDECUE2agZZSqdPuXrNaEBVxdl6zHB0SJLsyWMnwzEghRqy1uzA-qee0CPsBgNX8tLY17HJZOw4FRD1A&_bbr=1" "Mozilla/5.0 (iPhone14,0; CPU iPhone OS 16_0_3 like Mac OS X) AppleWebKit/605.1.15 (KHTML, like Gecko) Version/16.0 Mobile/15E148 Safari/604.1"
152.171.29.10 - - [24/Mar/2026:02:14:47 +0530] "GET /assets/img/slider/web-benner-12.png HTTP/2.0" 200 444437 "https://www.pathoworld.in/" "Mozilla/5.0 (Linux; Android 10; K) AppleWebKit/537.36 (KHTML, like Gecko) Chrome/146.0.0.0 Mobile Safari/537.36"
152.171.29.10 - - [24/Mar/2026:02:14:47 +0530] "GET /admin/icon/healthcheckup.png HTTP/2.0" 200 42881 "https://www.pathoworld.in/" "Mozilla/5.0 (Linux; Android 10; K) AppleWebKit/537.36 (KHTML, like Gecko) Chrome/146.0.0.0 Mobile Safari/537.36"
152.58.154.75 - - [24/Mar/2026:02:14:47 +0530] "GET /assets/js/bootstrap.min.js HTTP/2.0" 200 15918 "https://www.pathoworld.in/" "Mozilla/5.0 (Linux; Android 10; K) AppleWebKit/537.36 (KHTML, like Gecko) Chrome/145.0.0.0 Mobile Safari/537.36"
106.206.249.206 - - [24/Mar/2026:02:14:47 +0530] "GET /assets/img/cta-bg.jpg HTTP/2.0" 200 604579 "https://www.pathoworld.in/assets/css/style.css" "Mozilla/5.0 (Linux; Android 10; K) AppleWebKit/537.36 (KHTML, like Gecko) Chrome/140.0.0.0 Mobile Safari/537.36"
152.58.154.75 - - [24/Mar/2026:02:14:47 +0530] "GET /assets/js/jquery.meanmenu.js HTTP/2.0" 200 1607 "https://www.pathoworld.in/" "Mozilla/5.0 (Linux; Android 10; K) AppleWebKit/537.36 (KHTML, like Gecko) Chrome/145.0.0.0 Mobile Safari/537.36"
150.228.105.6 - - [24/Mar/2026:02:14:47 +0530] "GET /assets/js/owl.carousel.min.js HTTP/2.0" 200 11412 "https://www.pathoworld.in/" "Mozilla/5.0 (Linux; Android 10; K) AppleWebKit/537.36 (KHTML, like Gecko) Chrome/146.0.0.0 Mobile Safari/537.36"
105.235.133.174 - - [24/Mar/2026:02:14:47 +0530] "GET /assets/css/bootstrap.min.css HTTP/2.0" 200 22910 "https://www.pathoworld.in/" "Mozilla/5.0 (Linux; Android 10; K) AppleWebKit/537.36 (KHTML, like Gecko) Chrome/144.0.0.0 Mobile Safari/537.36"
165.51.101.209 - - [24/Mar/2026:02:14:47 +0530] "GET /assets/img/icons/family.png HTTP/2.0" 200 45194 "https://www.pathoworld.in/" "Mozilla/5.0 (Linux; Android 10; K) AppleWebKit/537.36 (KHTML, like Gecko) Chrome/146.0.0.0 Mobile Safari/537.36"
151.236.176.102 - - [24/Mar/2026:02:14:47 +0530] "GET /assets/js/odometer.min.js HTTP/2.0" 200 3631 "https://www.pathoworld.in/" "Mozilla/5.0 (Linux; Android 10; K) AppleWebKit/537.36 (KHTML, like Gecko) Chrome/146.0.0.0 Mobile Safari/537.36"
176.29.59.36 - - [24/Mar/2026:02:14:47 +0530] "GET /assets/js/jquery.appear.js HTTP/2.0" 200 1360 "https://www.pathoworld.in/" "Mozilla/5.0 (Linux; Android 10; K) AppleWebKit/537.36 (KHTML, like Gecko) Chrome/146.0.0.0 Mobile Safari/537.36"
176.29.59.36 - - [24/Mar/2026:02:14:47 +0530] "GET /assets/js/odometer.min.js HTTP/2.0" 200 3631 "https://www.pathoworld.in/" "Mozilla/5.0 (Linux; Android 10; K) AppleWebKit/537.36 (KHTML, like Gecko) Chrome/146.0.0.0 Mobile Safari/537.36"
151.236.176.102 - - [24/Mar/2026:02:14:47 +0530] "GET /assets/js/parallax.min.js HTTP/2.0" 200 4001 "https://www.pathoworld.in/" "Mozilla/5.0 (Linux; Android 10; K) AppleWebKit/537.36 (KHTML, like Gecko) Chrome/146.0.0.0 Mobile Safari/537.36"
151.236.176.102 - - [24/Mar/2026:02:14:47 +0530] "GET /assets/js/jquery.magnific-popup.min.js HTTP/2.0" 200 7346 "https://www.pathoworld.in/" "Mozilla/5.0 (Linux; Android 10; K) AppleWebKit/537.36 (KHTML, like Gecko) Chrome/146.0.0.0 Mobile Safari/537.36"
176.29.59.36 - - [24/Mar/2026:02:14:47 +0530] "GET /assets/js/jquery.magnific-popup.min.js HTTP/2.0" 200 7346 "https://www.pathoworld.in/" "Mozilla/5.0 (Linux; Android 10; K) AppleWebKit/537.36 (KHTML, like Gecko) Chrome/146.0.0.0 Mobile Safari/537.36"
152.58.154.75 - - [24/Mar/2026:02:14:47 +0530] "GET /assets/js/jquery.appear.js HTTP/2.0" 200 1360 "https://www.pathoworld.in/" "Mozilla/5.0 (Linux; Android 10; K) AppleWebKit/537.36 (KHTML, like Gecko) Chrome/145.0.0.0 Mobile Safari/537.36"
152.58.154.75 - - [24/Mar/2026:02:14:47 +0530] "GET /assets/js/odometer.min.js HTTP/2.0" 200 3631 "https://www.pathoworld.in/" "Mozilla/5.0 (Linux; Android 10; K) AppleWebKit/537.36 (KHTML, like Gecko) Chrome/145.0.0.0 Mobile Safari/537.36"
152.57.126.31 - - [24/Mar/2026:02:14:47 +0530] "GET /assets/js/wow.min.js HTTP/2.0" 200 2702 "https://www.pathoworld.in/" "Mozilla/5.0 (Linux; Android 10; K) AppleWebKit/537.36 (KHTML, like Gecko) Chrome/145.0.0.0 Mobile Safari/537.36"
152.58.154.75 - - [24/Mar/2026:02:14:47 +0530] "GET /assets/js/jquery.magnific-popup.min.js HTTP/2.0" 200 7346 "https://www.pathoworld.in/" "Mozilla/5.0 (Linux; Android 10; K) AppleWebKit/537.36 (KHTML, like Gecko) Chrome/145.0.0.0 Mobile Safari/537.36"
176.240.84.182 - - [24/Mar/2026:02:14:47 +0530] "GET /assets/css/odometer.min.css HTTP/2.0" 200 515 "https://www.pathoworld.in/" "Mozilla/5.0 (Linux; Android 10; K) AppleWebKit/537.36 (KHTML, like Gecko) Chrome/146.0.0.0 Mobile Safari/537.36"
150.228.105.6 - - [24/Mar/2026:02:14:47 +0530] "GET /assets/js/progressbar.min.js HTTP/2.0" 200 504 "https://www.pathoworld.in/" "Mozilla/5.0 (Linux; Android 10; K) AppleWebKit/537.36 (KHTML, like Gecko) Chrome/146.0.0.0 Mobile Safari/537.36"
176.240.84.182 - - [24/Mar/2026:02:14:47 +0530] "GET /assets/css/meanmenu.css HTTP/2.0" 200 986 "https://www.pathoworld.in/" "Mozilla/5.0 (Linux; Android 10; K) AppleWebKit/537.36 (KHTML, like Gecko) Chrome/146.0.0.0 Mobile Safari/537.36"
150.228.105.6 - - [24/Mar/2026:02:14:47 +0530] "GET /assets/js/wow.min.js HTTP/2.0" 200 2702 "https://www.pathoworld.in/" "Mozilla/5.0 (Linux; Android 10; K) AppleWebKit/537.36 (KHTML, like Gecko) Chrome/146.0.0.0 Mobile Safari/537.36"
213.153.144.233 - - [24/Mar/2026:02:14:47 +0530] "GET /assets/img/icons/family.png HTTP/2.0" 200 45194 "https://www.pathoworld.in/" "Mozilla/5.0 (Linux; Android 10; K) AppleWebKit/537.36 (KHTML, like Gecko) Chrome/146.0.0.0 Mobile Safari/537.36"
103.155.198.101 - - [24/Mar/2026:02:14:47 +0530] "GET /assets/css/odometer.min.css HTTP/2.0" 200 515 "https://www.pathoworld.in/" "Mozilla/5.0 (iPhone14,0; CPU iPhone OS 16_0_3 like Mac OS X) AppleWebKit/605.1.15 (KHTML, like Gecko) Version/16.0 Mobile/15E148 Safari/604.1"
103.155.198.101 - - [24/Mar/2026:02:14:47 +0530] "GET /assets/css/animate.min.css HTTP/2.0" 200 4324 "https://www.pathoworld.in/" "Mozilla/5.0 (iPhone14,0; CPU iPhone OS 16_0_3 like Mac OS X) AppleWebKit/605.1.15 (KHTML, like Gecko) Version/16.0 Mobile/15E148 Safari/604.1"
103.155.198.101 - - [24/Mar/2026:02:14:47 +0530] "GET /assets/css/flaticon.css HTTP/2.0" 200 665 "https://www.pathoworld.in/" "Mozilla/5.0 (iPhone14,0; CPU iPhone OS 16_0_3 like Mac OS X) AppleWebKit/605.1.15 (KHTML, like Gecko) Version/16.0 Mobile/15E148 Safari/604.1"
103.155.198.101 - - [24/Mar/2026:02:14:47 +0530] "GET /assets/css/magnific-popup.min.css HTTP/2.0" 200 1566 "https://www.pathoworld.in/" "Mozilla/5.0 (iPhone14,0; CPU iPhone OS 16_0_3 like Mac OS X) AppleWebKit/605.1.15 (KHTML, like Gecko) Version/16.0 Mobile/15E148 Safari/604.1"
103.155.198.101 - - [24/Mar/2026:02:14:47 +0530] "GET /assets/css/meanmenu.css HTTP/2.0" 200 986 "https://www.pathoworld.in/" "Mozilla/5.0 (iPhone14,0; CPU iPhone OS 16_0_3 like Mac OS X) AppleWebKit/605.1.15 (KHTML, like Gecko) Version/16.0 Mobile/15E148 Safari/604.1"
103.155.198.101 - - [24/Mar/2026:02:14:47 +0530] "GET /assets/css/owl.carousel.min.css HTTP/2.0" 200 1284 "https://www.pathoworld.in/" "Mozilla/5.0 (iPhone14,0; CPU iPhone OS 16_0_3 like Mac OS X) AppleWebKit/605.1.15 (KHTML, like Gecko) Version/16.0 Mobile/15E148 Safari/604.1"
103.155.198.101 - - [24/Mar/2026:02:14:47 +0530] "GET /assets/css/bootstrap.min.css HTTP/2.0" 200 22910 "https://www.pathoworld.in/" "Mozilla/5.0 (iPhone14,0; CPU iPhone OS 16_0_3 like Mac OS X) AppleWebKit/605.1.15 (KHTML, like Gecko) Version/16.0 Mobile/15E148 Safari/604.1"
103.155.198.101 - - [24/Mar/2026:02:14:47 +0530] "GET /assets/css/fontawesome.min.css HTTP/2.0" 200 12063 "https://www.pathoworld.in/" "Mozilla/5.0 (iPhone14,0; CPU iPhone OS 16_0_3 like Mac OS X) AppleWebKit/605.1.15 (KHTML, like Gecko) Version/16.0 Mobile/15E148 Safari/604.1"
103.155.198.101 - - [24/Mar/2026:02:14:47 +0530] "GET /assets/css/progressbar.min.css HTTP/2.0" 200 350 "https://www.pathoworld.in/" "Mozilla/5.0 (iPhone14,0; CPU iPhone OS 16_0_3 like Mac OS X) AppleWebKit/605.1.15 (KHTML, like Gecko) Version/16.0 Mobile/15E148 Safari/604.1"
103.155.198.101 - - [24/Mar/2026:02:14:47 +0530] "GET /assets/css/style.css HTTP/2.0" 200 18238 "https://www.pathoworld.in/" "Mozilla/5.0 (iPhone14,0; CPU iPhone OS 16_0_3 like Mac OS X) AppleWebKit/605.1.15 (KHTML, like Gecko) Version/16.0 Mobile/15E148 Safari/604.1"
185.242.97.235 - - [24/Mar/2026:02:14:47 +0530] "GET /assets/css/animate.min.css HTTP/2.0" 200 4324 "https://www.pathoworld.in/" "Mozilla/5.0 (Linux; Android 10; K) AppleWebKit/537.36 (KHTML, like Gecko) Chrome/146.0.0.0 Mobile Safari/537.36"
176.240.84.182 - - [24/Mar/2026:02:14:47 +0530] "GET /assets/css/owl.carousel.min.css HTTP/2.0" 200 1284 "https://www.pathoworld.in/" "Mozilla/5.0 (Linux; Android 10; K) AppleWebKit/537.36 (KHTML, like Gecko) Chrome/146.0.0.0 Mobile Safari/537.36"
176.29.59.36 - - [24/Mar/2026:02:14:47 +0530] "GET /assets/js/parallax.min.js HTTP/2.0" 200 4001 "https://www.pathoworld.in/" "Mozilla/5.0 (Linux; Android 10; K) AppleWebKit/537.36 (KHTML, like Gecko) Chrome/146.0.0.0 Mobile Safari/537.36"
176.29.59.36 - - [24/Mar/2026:02:14:47 +0530] "GET /assets/js/owl.carousel.min.js HTTP/2.0" 200 11412 "https://www.pathoworld.in/" "Mozilla/5.0 (Linux; Android 10; K) AppleWebKit/537.36 (KHTML, like Gecko) Chrome/146.0.0.0 Mobile Safari/537.36"
176.29.59.36 - - [24/Mar/2026:02:14:47 +0530] "GET /assets/js/progressbar.min.js HTTP/2.0" 200 504 "https://www.pathoworld.in/" "Mozilla/5.0 (Linux; Android 10; K) AppleWebKit/537.36 (KHTML, like Gecko) Chrome/146.0.0.0 Mobile Safari/537.36"
106.192.117.207 - - [24/Mar/2026:02:14:47 +0530] "GET /assets/img/cta-bg.jpg HTTP/2.0" 200 604579 "https://www.pathoworld.in/assets/css/style.css" "Mozilla/5.0 (Linux; Android 10; K) AppleWebKit/537.36 (KHTML, like Gecko) Chrome/145.0.0.0 Mobile Safari/537.36"
43.251.93.89 - - [24/Mar/2026:02:14:47 +0530] "GET /assets/img/cta-bg.jpg HTTP/2.0" 200 604579 "https://www.pathoworld.in/assets/css/style.css" "Mozilla/5.0 (Linux; Android 10; K) AppleWebKit/537.36 (KHTML, like Gecko) Chrome/146.0.0.0 Mobile Safari/537.36"
152.171.29.10 - - [24/Mar/2026:02:14:47 +0530] "GET /admin/icon/eldermanhealthcheckup.png HTTP/2.0" 200 47535 "https://www.pathoworld.in/" "Mozilla/5.0 (Linux; Android 10; K) AppleWebKit/537.36 (KHTML, like Gecko) Chrome/146.0.0.0 Mobile Safari/537.36"
165.51.101.209 - - [24/Mar/2026:02:14:47 +0530] "GET /assets/img/shape-image/9.png HTTP/2.0" 200 3623 "https://www.pathoworld.in/" "Mozilla/5.0 (Linux; Android 10; K) AppleWebKit/537.36 (KHTML, like Gecko) Chrome/146.0.0.0 Mobile Safari/537.36"
152.58.154.75 - - [24/Mar/2026:02:14:47 +0530] "GET /assets/js/parallax.min.js HTTP/2.0" 200 4001 "https://www.pathoworld.in/" "Mozilla/5.0 (Linux; Android 10; K) AppleWebKit/537.36 (KHTML, like Gecko) Chrome/145.0.0.0 Mobile Safari/537.36"
152.58.154.75 - - [24/Mar/2026:02:14:47 +0530] "GET /assets/js/owl.carousel.min.js HTTP/2.0" 200 11412 "https://www.pathoworld.in/" "Mozilla/5.0 (Linux; Android 10; K) AppleWebKit/537.36 (KHTML, like Gecko) Chrome/145.0.0.0 Mobile Safari/537.36"
152.57.126.31 - - [24/Mar/2026:02:14:47 +0530] "GET /assets/fonts/fa-solid-900.woff2 HTTP/2.0" 200 74256 "https://www.pathoworld.in/assets/css/fontawesome.min.css" "Mozilla/5.0 (Linux; Android 10; K) AppleWebKit/537.36 (KHTML, like Gecko) Chrome/145.0.0.0 Mobile Safari/537.36"
151.236.176.102 - - [24/Mar/2026:02:14:47 +0530] "GET /assets/js/owl.carousel.min.js HTTP/2.0" 200 11412 "https://www.pathoworld.in/" "Mozilla/5.0 (Linux; Android 10; K) AppleWebKit/537.36 (KHTML, like Gecko) Chrome/146.0.0.0 Mobile Safari/537.36"
165.51.101.209 - - [24/Mar/2026:02:14:47 +0530] "GET /assets/img/shape-image/10.png HTTP/2.0" 200 1515 "https://www.pathoworld.in/" "Mozilla/5.0 (Linux; Android 10; K) AppleWebKit/537.36 (KHTML, like Gecko) Chrome/146.0.0.0 Mobile Safari/537.36"
