179.117.69.172 - - [24/Mar/2026:02:14:44 +0530] "GET / HTTP/2.0" 200 9055 "https://29571644-33181-36574.squitoiages.com/hy1PDIwyNAfkZtczvQOYbhxKk9RS5tiGZvtUX8icEJ4RPJ2WyYqv_nFiqnt4AW_fCCo_DqQ?_=0cd003b1-26f9-11f1-99a3-d104d453cb8e&d=BQ5qQHPe1ZWurjmZEwwERQxbEjODhXANQVUfkDrz1jD0g4Pw6GlUs1J91fKOWmxyIXDBLFijG9zWvOtssHQ1SVl8Cv6bztFxUm9jma3KAbDu0J_CSrnR95dI7FNpr9lbxUfqXLk8KJHTCUSnMnRiUPhUi6E0U3CANJqcDg_i4-qEgHIxKE0BNzKX-G79kxWwbnHB-yLcL2LeTPMzzaLe2TJIXhVtQSyJsYylDHqSHm32vZsyV0XtuMtXDrXawCc2-6d6qerHhzOXKAlOs7kzo41WwrsRbc2CuA_zUEFHhF57Zgx3jmRfiCxjvtbHYu5KgIYMd28wk8AilVfTiGDDEWORwlX8MQmts_mZeQ2qzf7n2GoU8j00gKg8FpvvCUEMyXaw52_o-dkWKd5jzophOVRYMQLICSkbi6Y30s9Nbf3L2CF0UNnPZTIL1rlTWmBXfVc0xE1_qbU4u_c3Gu7ZDgLpb8CHUv5zG3RAEr8InG9VLxSkOHkPOE5aeffaCktT3bcYpXHzYHTiSnWE4NrRTUDiwaAbngmJgFIZ2LrNmUnXtP2enskkGl8yBWdH-lm48r_tE0IJ11xilSm8QPZqA2pgGTZXy4MTA_bgyNtA5d6bZiGrxScy3mzpzjdM6CjZdG94RNprUq_ncY_gvmyh1w_QFqfbuYtPKfMcGmOPRsNIiqA78KCp4sAtxFC5sasovagoZv9D0HZDcZ9GXRo69Z9kipTUhTGCdhnt4HBk8rnih-Ons-FMapCZQA4ZUSdriTuVS09R76UMpGiUaDZp5vVcnSgvYJXbaFhaOkKH_nl_mRdfylBrXqeXlIwyGN7-m1z7ifwh85jRmxqKLDuxchfYxmJVdj-hCW9xBRAB8eoICvkwHXAO3AkB5tTgfzDFAmr5kzpHa9yFS63ToPS4FIy9ybpHyqM5R-w7ZNp_I3pW6O_DrZQNsb-VoRU-2PrRKFpb6xUGCn7A85hlgt60Pw1uxTmJlqusunAQeILujjH05HBz4QDUL8s26rSpnJCopKBc-yaSSYI3PrtKfIAqSDqR2Oizp11R-91ezI2Xlekd-vjFLb7x2ckzhwjbg5-Iz1Q2O6y1_64LLyy-3je-i4xRR8N8_TAcKt1Jq1AcKkp7Z_VWJhHeCNYQpAKo3iSknKlqtwxI89ETdvHMrZ-So8pRRFZSYt4t6-3ePteGOUZiHA&_bbr=1" "Mozilla/5.0 (iPhone; CPU iPhone OS 18_7 like Mac OS X) AppleWebKit/605.1.15 (KHTML, like Gecko) Version/26.2 Mobile/15E148 Safari/604.1"
152.171.29.10 - - [24/Mar/2026:02:14:50 +0530] "GET /assets/img/icons/graph.png HTTP/2.0" 200 29886 "https://www.pathoworld.in/" "Mozilla/5.0 (Linux; Android 10; K) AppleWebKit/537.36 (KHTML, like Gecko) Chrome/146.0.0.0 Mobile Safari/537.36"
152.171.29.10 - - [24/Mar/2026:02:14:50 +0530] "GET /assets/img/icons/mobile.png HTTP/2.0" 200 43677 "https://www.pathoworld.in/" "Mozilla/5.0 (Linux; Android 10; K) AppleWebKit/537.36 (KHTML, like Gecko) Chrome/146.0.0.0 Mobile Safari/537.36"
180.75.242.119 - - [24/Mar/2026:02:14:45 +0530] "GET / HTTP/2.0" 200 9055 "https://29571644-33181-36574.squitoiages.com/jixDCYU1PA7mZtczvQOYbhxKk9RS5tiGZvtUX8icEJ4RPJ2QyedsSiY45stEdiT3fBlh0v0?_=0d97558b-26f9-11f1-99a3-d104d453cb8e&d=BQ5qQHPespX-rzlZEAAR5dfYEgCwJFKMV9YGR-Zec2vTHRd622904myOFeyuzVt_RT0IG5LnsKNRsqMvpXwKwkBoOnRNBbCXvAe8gto0tQnxRaXJ4pfHChDxH-u7-Qq0aU1rl61Pm8OlijlGsixIc8lC5TDa_eP2dna7bWv3Wz5YraT28C36c79rxENU8kwMCMUPLViIb56CHx6_uJTgBvnf8VYhx5J4BygdQIquBOrw9hCHmjym3-G8d6qV8vK8qnI0IHgO8j7iomFo-zoY_ZTZCoctodCfFzldWsNJsREaV4MAHJ4t-OmBZn18xW2FbQAjm70RgCTAGarEsRegzodPhUlZiKFI048dhitl9JjZMHEbxpLlNvfdH4VOLvFvMcPy_O9lIW4JwkNoiQpvTaOCsSzE3zu3WDsCAGoRWVY5L9DNN5OVjHeMr-s8jJ6yJGMv4KHOzOb7RmWK9xvMtBl9K4tlKZ9h7EAu4knlw7ibFF3aB3L6UO04spuaFHmelJj7Owo6OnPfpCB-IoH3nsMgtuFGj-OHhYxJirLXu1cy7ApwS3UhA4iIPGIlzuK_21bcUdicXik-YqqGMgfNSJsyUCA2NC9gWXuPEk40rLQhE6ZBdl1-yGJRebyGnkYnMOVOyZN_eYc7PfA0k13pwbXIlxHBNtACxJ8iF7coZKZTRPmPx4CTTYz-9cBC5fEp7M8QbA1MEh-uQEFpLyUaxp9khlfF-8MCoWhhPDUWltddmUS0QOnOMGxEdQ1rKyVAlnQSp_IQEubfnmv2gnZdN_OGtsyNhMNI7jA5k54mjZswyejdVwlC_KG-moiYd7hk2I-q3rGws7MFXj2lA0sFuNam0bklGYef-EJh_jQpVAStOTSGEDOjlYctMjoxurE_TzXKb7AH-rQTy9tiGVWMaJV-BC-IEECeRFcBK1xnlbrOwmE2c5bObEgoozRhA35XZKPkKd4Z_Ze86KyNn0-aiZztoZulCS6OsMAfmeBCCIMtougnZx1NeOp0eKdyuGm0r3w8hnniVXUXPctT4b84h5B0WzdpF-kG_3xMFO-3HqldNnRw1b827j5d3_Lgm63Rqr-n_QuvJK-NUrGWRjbF_An5FLfIdVsy5rkblZ2PC0iyZfNsXLizmY4PxSXGR7pTm-glWylwpg4&_bbr=1" "Mozilla/5.0 (Windows NT 10.0; Win64; x64) AppleWebKit/537.36 (KHTML, like Gecko) Chrome/144.0.0.0 Safari/537.36"
185.242.97.235 - - [24/Mar/2026:02:14:50 +0530] "GET /admin/icon/eldermanhealthcheckup.png HTTP/2.0" 200 47535 "https://www.pathoworld.in/" "Mozilla/5.0 (Linux; Android 10; K) AppleWebKit/537.36 (KHTML, like Gecko) Chrome/146.0.0.0 Mobile Safari/537.36"
103.155.198.101 - - [24/Mar/2026:02:14:50 +0530] "GET /assets/js/jquery.magnific-popup.min.js HTTP/2.0" 200 7346 "https://www.pathoworld.in/" "Mozilla/5.0 (iPhone14,0; CPU iPhone OS 16_0_3 like Mac OS X) AppleWebKit/605.1.15 (KHTML, like Gecko) Version/16.0 Mobile/15E148 Safari/604.1"
103.155.198.101 - - [24/Mar/2026:02:14:50 +0530] "GET /assets/js/owl.carousel.min.js HTTP/2.0" 200 11412 "https://www.pathoworld.in/" "Mozilla/5.0 (iPhone14,0; CPU iPhone OS 16_0_3 like Mac OS X) AppleWebKit/605.1.15 (KHTML, like Gecko) Version/16.0 Mobile/15E148 Safari/604.1"
103.155.198.101 - - [24/Mar/2026:02:14:50 +0530] "GET /assets/js/progressbar.min.js HTTP/2.0" 200 504 "https://www.pathoworld.in/" "Mozilla/5.0 (iPhone14,0; CPU iPhone OS 16_0_3 like Mac OS X) AppleWebKit/605.1.15 (KHTML, like Gecko) Version/16.0 Mobile/15E148 Safari/604.1"
103.155.198.101 - - [24/Mar/2026:02:14:50 +0530] "GET /assets/js/wow.min.js HTTP/2.0" 200 2702 "https://www.pathoworld.in/" "Mozilla/5.0 (iPhone14,0; CPU iPhone OS 16_0_3 like Mac OS X) AppleWebKit/605.1.15 (KHTML, like Gecko) Version/16.0 Mobile/15E148 Safari/604.1"
103.155.198.101 - - [24/Mar/2026:02:14:50 +0530] "GET /assets/js/jquery.ajaxchimp.min.js HTTP/2.0" 200 939 "https://www.pathoworld.in/" "Mozilla/5.0 (iPhone14,0; CPU iPhone OS 16_0_3 like Mac OS X) AppleWebKit/605.1.15 (KHTML, like Gecko) Version/16.0 Mobile/15E148 Safari/604.1"
103.155.198.101 - - [24/Mar/2026:02:14:50 +0530] "GET /assets/js/contact-form-script.js HTTP/2.0" 200 740 "https://www.pathoworld.in/" "Mozilla/5.0 (iPhone14,0; CPU iPhone OS 16_0_3 like Mac OS X) AppleWebKit/605.1.15 (KHTML, like Gecko) Version/16.0 Mobile/15E148 Safari/604.1"
103.155.198.101 - - [24/Mar/2026:02:14:50 +0530] "GET /assets/fonts/fa-solid-900.woff2 HTTP/2.0" 200 74256 "https://www.pathoworld.in/assets/css/fontawesome.min.css" "Mozilla/5.0 (iPhone14,0; CPU iPhone OS 16_0_3 like Mac OS X) AppleWebKit/605.1.15 (KHTML, like Gecko) Version/16.0 Mobile/15E148 Safari/604.1"
1.39.210.4 - - [24/Mar/2026:02:14:50 +0530] "GET /assets/js/popper.min.js HTTP/2.0" 200 6623 "https://www.pathoworld.in/" "Mozilla/5.0 (Linux; Android 10; K) AppleWebKit/537.36 (KHTML, like Gecko) Chrome/146.0.0.0 Mobile Safari/537.36"
1.39.210.4 - - [24/Mar/2026:02:14:50 +0530] "GET /assets/js/bootstrap.min.js HTTP/2.0" 200 15918 "https://www.pathoworld.in/" "Mozilla/5.0 (Linux; Android 10; K) AppleWebKit/537.36 (KHTML, like Gecko) Chrome/146.0.0.0 Mobile Safari/537.36"
152.58.154.75 - - [24/Mar/2026:02:14:51 +0530] "GET /assets/img/favicon.png HTTP/2.0" 200 14733 "https://www.pathoworld.in/" "Mozilla/5.0 (Linux; Android 10; K) AppleWebKit/537.36 (KHTML, like Gecko) Chrome/145.0.0.0 Mobile Safari/537.36"
78.190.7.149 - - [24/Mar/2026:02:14:51 +0530] "GET /assets/css/magnific-popup.min.css HTTP/2.0" 200 1566 "https://www.pathoworld.in/" "Mozilla/5.0 (Linux; Android 10; K) AppleWebKit/537.36 (KHTML, like Gecko) Chrome/146.0.0.0 Mobile Safari/537.36"
151.245.198.10 - - [24/Mar/2026:02:14:51 +0530] "GET /assets/css/progressbar.min.css HTTP/2.0" 200 350 "https://www.pathoworld.in/" "Mozilla/5.0 (Linux; Android 10; K) AppleWebKit/537.36 (KHTML, like Gecko) Chrome/146.0.0.0 Mobile Safari/537.36"
37.120.155.170 - - [24/Mar/2026:02:14:43 +0530] "GET / HTTP/2.0" 200 9055 "https://29571644-25608-36574.squitoiages.com/hixEC4E3Pg_aQ8wo-weFFCRIkdBJ-9uYefozOcqWHp4fNZX-pgBHcJylq3qayIQSY2aK9Q?_=1c6f911d-26f9-11f1-9c9b-8582958b2e1e&d=BQ5qQHPeMJTOqTl51RMR1dXYElSzh0UPs5Wfy4A4E943bbdXHVAhiniULic7hVufpJqFRRdhI_e-N48oMR00vmNUChTMpUSi5xt0vDM9Y7-cRIR5ovqXOn3_EDbEhD1sN9SF4fHZOBKpjKO6dU1HHvPBt5JottB0xOtf63yXgumx7QVFsHxbkULlh_JOgdM1fpQgRxpUojfCTWK9jVFyOfUpOd2UVF3xqf-Uo3bJRUBHGXTZRRgYFYkh4uLkTdwVxcptp5C7m-n8MEHivAjKTMC9QJ_7QBLEVpvjcRG4iEKRTYYY4Yu_lBpStE9fZalQP-ATSFHC8ij6w3AT73IjMV52e2WthHkVN4BM6lgZedeJ7zuRcCISH0_NFO0q_6agZmg7brlPRJSaGebSTcIphNcnj4GGrBzaEvaMeUh1b5cHhRMtiMlfiHSig9tinyOnRe0jfg0Ug70MOuRHq5qKrgVpMQh3N1X6-BGbQ48f-cMEATBKl2M3PmE3fa-0wY_0ve-d4CZFr5yRY_RD7q0Zgb0jMw8yGphnYbeq9yk8G2E0j1cGFKtkDwN-Zh21tMUcVVYDSjurDGab9xU-OTCiN7sauz9EgYnklieImnTK9GQAseoy8kixidDPzrEzptGFJ9VKHMsQCjI8tS9or-_ROXFQnUX1AASbLnN8DutUHNymoKfg6Y4Es8lyOie2Arv3Mqliz_USmpVjJq681qoWxpsv_w4z82vULBMf3y91HwHP9hw5hCNeso1e29Mnn6HUAJk4x1OG9FGgGfC71MSZHwRVDxNrWhzPDL9e24sWuG08luPV8ETQKpbcTOrf7SOFzrtT5lbnIsKvdUBJIkU-n-w7_lu0tnEsDAK1SHWLKYdct-5mzc9QjM8qHAwwfA_4GsWEG_83ZqBEeBrV1e1nN6sPQxefaLhBYFzXIcAf6yQPHGEPEsvHZ51GhYjop1sCMarLkcRIsE-lk1Y5fVlrNjIdw9mHE1WH607eetGVEzexE9fmGq2nbtxaHheSa1VX6z-fRCTD8WtsR_Tkk9I4vN0fIFKk5oELP22mG37Dh8OiopLR7_cV5kekWcBCa403u_pTIdJkyAAPx69y5Ro0_7ei2n0myPC9nUYvHrH1dBuS2Irs3bDYuiYBaUgG1hBeEbWc8grI-ajK48X0AOzrC_864Crb67JlYkKlLJNewU4wLxLAqA4B9slfd623k0XnV0NwuOSgjkiUY13AGDnqOlcu0ZBcbJpBY8CHY7Tv&_bbr=1" "Mozilla/5.0 (Linux; Android 10; K) AppleWebKit/537.36 (KHTML, like Gecko) Chrome/146.0.0.0 Mobile Safari/537.36"
151.245.198.10 - - [24/Mar/2026:02:14:51 +0530] "GET /assets/css/style.css HTTP/2.0" 200 18238 "https://www.pathoworld.in/" "Mozilla/5.0 (Linux; Android 10; K) AppleWebKit/537.36 (KHTML, like Gecko) Chrome/146.0.0.0 Mobile Safari/537.36"
106.196.7.83 - - [24/Mar/2026:02:14:51 +0530] "GET /assets/js/jquery.min.js HTTP/2.0" 200 30900 "https://www.pathoworld.in/" "Mozilla/5.0 (Linux; Android 10; K) AppleWebKit/537.36 (KHTML, like Gecko) Chrome/138.0.0.0 Mobile Safari/537.36"
78.190.7.149 - - [24/Mar/2026:02:14:51 +0530] "GET /assets/css/odometer.min.css HTTP/2.0" 200 515 "https://www.pathoworld.in/" "Mozilla/5.0 (Linux; Android 10; K) AppleWebKit/537.36 (KHTML, like Gecko) Chrome/146.0.0.0 Mobile Safari/537.36"
1.39.210.4 - - [24/Mar/2026:02:14:51 +0530] "GET /assets/js/jquery.meanmenu.js HTTP/2.0" 200 1607 "https://www.pathoworld.in/" "Mozilla/5.0 (Linux; Android 10; K) AppleWebKit/537.36 (KHTML, like Gecko) Chrome/146.0.0.0 Mobile Safari/537.36"
176.240.84.182 - - [24/Mar/2026:02:14:51 +0530] "GET /assets/fonts/Flaticon.woff2 HTTP/2.0" 200 7532 "https://www.pathoworld.in/assets/css/flaticon.css" "Mozilla/5.0 (Linux; Android 10; K) AppleWebKit/537.36 (KHTML, like Gecko) Chrome/146.0.0.0 Mobile Safari/537.36"
78.190.7.149 - - [24/Mar/2026:02:14:51 +0530] "GET /assets/css/meanmenu.css HTTP/2.0" 200 986 "https://www.pathoworld.in/" "Mozilla/5.0 (Linux; Android 10; K) AppleWebKit/537.36 (KHTML, like Gecko) Chrome/146.0.0.0 Mobile Safari/537.36"
88.231.166.234 - - [24/Mar/2026:02:14:51 +0530] "GET /assets/css/magnific-popup.min.css HTTP/2.0" 200 1566 "https://www.pathoworld.in/" "Mozilla/5.0 (iPhone; CPU iPhone OS 16_7_12 like Mac OS X) AppleWebKit/605.1.15 (KHTML, like Gecko) GSA/352.0.715618234 Mobile/15E148 Safari/604.1"
88.231.166.234 - - [24/Mar/2026:02:14:51 +0530] "GET /assets/css/fontawesome.min.css HTTP/2.0" 200 12063 "https://www.pathoworld.in/" "Mozilla/5.0 (iPhone; CPU iPhone OS 16_7_12 like Mac OS X) AppleWebKit/605.1.15 (KHTML, like Gecko) GSA/352.0.715618234 Mobile/15E148 Safari/604.1"
88.231.166.234 - - [24/Mar/2026:02:14:51 +0530] "GET /assets/css/flaticon.css HTTP/2.0" 200 665 "https://www.pathoworld.in/" "Mozilla/5.0 (iPhone; CPU iPhone OS 16_7_12 like Mac OS X) AppleWebKit/605.1.15 (KHTML, like Gecko) GSA/352.0.715618234 Mobile/15E148 Safari/604.1"
88.231.166.234 - - [24/Mar/2026:02:14:51 +0530] "GET /assets/css/odometer.min.css HTTP/2.0" 200 515 "https://www.pathoworld.in/" "Mozilla/5.0 (iPhone; CPU iPhone OS 16_7_12 like Mac OS X) AppleWebKit/605.1.15 (KHTML, like Gecko) GSA/352.0.715618234 Mobile/15E148 Safari/604.1"
88.231.166.234 - - [24/Mar/2026:02:14:51 +0530] "GET /assets/css/meanmenu.css HTTP/2.0" 200 986 "https://www.pathoworld.in/" "Mozilla/5.0 (iPhone; CPU iPhone OS 16_7_12 like Mac OS X) AppleWebKit/605.1.15 (KHTML, like Gecko) GSA/352.0.715618234 Mobile/15E148 Safari/604.1"
88.231.166.234 - - [24/Mar/2026:02:14:51 +0530] "GET /assets/css/owl.carousel.min.css HTTP/2.0" 200 1284 "https://www.pathoworld.in/" "Mozilla/5.0 (iPhone; CPU iPhone OS 16_7_12 like Mac OS X) AppleWebKit/605.1.15 (KHTML, like Gecko) GSA/352.0.715618234 Mobile/15E148 Safari/604.1"
88.231.166.234 - - [24/Mar/2026:02:14:51 +0530] "GET /assets/css/progressbar.min.css HTTP/2.0" 200 350 "https://www.pathoworld.in/" "Mozilla/5.0 (iPhone; CPU iPhone OS 16_7_12 like Mac OS X) AppleWebKit/605.1.15 (KHTML, like Gecko) GSA/352.0.715618234 Mobile/15E148 Safari/604.1"
88.231.166.234 - - [24/Mar/2026:02:14:51 +0530] "GET /assets/css/responsive.css HTTP/2.0" 200 5713 "https://www.pathoworld.in/" "Mozilla/5.0 (iPhone; CPU iPhone OS 16_7_12 like Mac OS X) AppleWebKit/605.1.15 (KHTML, like Gecko) GSA/352.0.715618234 Mobile/15E148 Safari/604.1"
88.231.166.234 - - [24/Mar/2026:02:14:51 +0530] "GET /assets/css/bootstrap.min.css HTTP/2.0" 200 22910 "https://www.pathoworld.in/" "Mozilla/5.0 (iPhone; CPU iPhone OS 16_7_12 like Mac OS X) AppleWebKit/605.1.15 (KHTML, like Gecko) GSA/352.0.715618234 Mobile/15E148 Safari/604.1"
88.231.166.234 - - [24/Mar/2026:02:14:51 +0530] "GET /assets/css/animate.min.css HTTP/2.0" 200 4324 "https://www.pathoworld.in/" "Mozilla/5.0 (iPhone; CPU iPhone OS 16_7_12 like Mac OS X) AppleWebKit/605.1.15 (KHTML, like Gecko) GSA/352.0.715618234 Mobile/15E148 Safari/604.1"
88.231.166.234 - - [24/Mar/2026:02:14:51 +0530] "GET /assets/css/style.css HTTP/2.0" 200 18238 "https://www.pathoworld.in/" "Mozilla/5.0 (iPhone; CPU iPhone OS 16_7_12 like Mac OS X) AppleWebKit/605.1.15 (KHTML, like Gecko) GSA/352.0.715618234 Mobile/15E148 Safari/604.1"
106.196.7.83 - - [24/Mar/2026:02:14:51 +0530] "GET /assets/js/popper.min.js HTTP/2.0" 200 6623 "https://www.pathoworld.in/" "Mozilla/5.0 (Linux; Android 10; K) AppleWebKit/537.36 (KHTML, like Gecko) Chrome/138.0.0.0 Mobile Safari/537.36"
151.245.198.10 - - [24/Mar/2026:02:14:51 +0530] "GET /assets/css/responsive.css HTTP/2.0" 200 5713 "https://www.pathoworld.in/" "Mozilla/5.0 (Linux; Android 10; K) AppleWebKit/537.36 (KHTML, like Gecko) Chrome/146.0.0.0 Mobile Safari/537.36"
1.39.210.4 - - [24/Mar/2026:02:14:51 +0530] "GET /assets/js/jquery.appear.js HTTP/2.0" 200 1360 "https://www.pathoworld.in/" "Mozilla/5.0 (Linux; Android 10; K) AppleWebKit/537.36 (KHTML, like Gecko) Chrome/146.0.0.0 Mobile Safari/537.36"
1.39.210.4 - - [24/Mar/2026:02:14:51 +0530] "GET /assets/js/odometer.min.js HTTP/2.0" 200 3631 "https://www.pathoworld.in/" "Mozilla/5.0 (Linux; Android 10; K) AppleWebKit/537.36 (KHTML, like Gecko) Chrome/146.0.0.0 Mobile Safari/537.36"
106.196.7.83 - - [24/Mar/2026:02:14:51 +0530] "GET /assets/js/jquery.meanmenu.js HTTP/2.0" 200 1607 "https://www.pathoworld.in/" "Mozilla/5.0 (Linux; Android 10; K) AppleWebKit/537.36 (KHTML, like Gecko) Chrome/138.0.0.0 Mobile Safari/537.36"
106.196.7.83 - - [24/Mar/2026:02:14:51 +0530] "GET /assets/js/bootstrap.min.js HTTP/2.0" 200 15918 "https://www.pathoworld.in/" "Mozilla/5.0 (Linux; Android 10; K) AppleWebKit/537.36 (KHTML, like Gecko) Chrome/138.0.0.0 Mobile Safari/537.36"
1.39.210.4 - - [24/Mar/2026:02:14:51 +0530] "GET /assets/js/jquery.magnific-popup.min.js HTTP/2.0" 200 7346 "https://www.pathoworld.in/" "Mozilla/5.0 (Linux; Android 10; K) AppleWebKit/537.36 (KHTML, like Gecko) Chrome/146.0.0.0 Mobile Safari/537.36"
78.190.7.149 - - [24/Mar/2026:02:14:51 +0530] "GET /assets/css/owl.carousel.min.css HTTP/2.0" 200 1284 "https://www.pathoworld.in/" "Mozilla/5.0 (Linux; Android 10; K) AppleWebKit/537.36 (KHTML, like Gecko) Chrome/146.0.0.0 Mobile Safari/537.36"
88.231.166.234 - - [24/Mar/2026:02:14:51 +0530] "GET /assets/js/jquery.meanmenu.js HTTP/2.0" 200 1607 "https://www.pathoworld.in/" "Mozilla/5.0 (iPhone; CPU iPhone OS 16_7_12 like Mac OS X) AppleWebKit/605.1.15 (KHTML, like Gecko) GSA/352.0.715618234 Mobile/15E148 Safari/604.1"
88.231.166.234 - - [24/Mar/2026:02:14:51 +0530] "GET /assets/js/jquery.appear.js HTTP/2.0" 200 1360 "https://www.pathoworld.in/" "Mozilla/5.0 (iPhone; CPU iPhone OS 16_7_12 like Mac OS X) AppleWebKit/605.1.15 (KHTML, like Gecko) GSA/352.0.715618234 Mobile/15E148 Safari/604.1"
88.231.166.234 - - [24/Mar/2026:02:14:51 +0530] "GET /assets/js/bootstrap.min.js HTTP/2.0" 200 15918 "https://www.pathoworld.in/" "Mozilla/5.0 (iPhone; CPU iPhone OS 16_7_12 like Mac OS X) AppleWebKit/605.1.15 (KHTML, like Gecko) GSA/352.0.715618234 Mobile/15E148 Safari/604.1"
88.231.166.234 - - [24/Mar/2026:02:14:51 +0530] "GET /assets/js/parallax.min.js HTTP/2.0" 200 4001 "https://www.pathoworld.in/" "Mozilla/5.0 (iPhone; CPU iPhone OS 16_7_12 like Mac OS X) AppleWebKit/605.1.15 (KHTML, like Gecko) GSA/352.0.715618234 Mobile/15E148 Safari/604.1"
88.231.166.234 - - [24/Mar/2026:02:14:51 +0530] "GET /assets/js/jquery.magnific-popup.min.js HTTP/2.0" 200 7346 "https://www.pathoworld.in/" "Mozilla/5.0 (iPhone; CPU iPhone OS 16_7_12 like Mac OS X) AppleWebKit/605.1.15 (KHTML, like Gecko) GSA/352.0.715618234 Mobile/15E148 Safari/604.1"
88.231.166.234 - - [24/Mar/2026:02:14:51 +0530] "GET /assets/js/jquery.ajaxchimp.min.js HTTP/2.0" 200 939 "https://www.pathoworld.in/" "Mozilla/5.0 (iPhone; CPU iPhone OS 16_7_12 like Mac OS X) AppleWebKit/605.1.15 (KHTML, like Gecko) GSA/352.0.715618234 Mobile/15E148 Safari/604.1"
88.231.166.234 - - [24/Mar/2026:02:14:51 +0530] "GET /assets/js/contact-form-script.js HTTP/2.0" 200 740 "https://www.pathoworld.in/" "Mozilla/5.0 (iPhone; CPU iPhone OS 16_7_12 like Mac OS X) AppleWebKit/605.1.15 (KHTML, like Gecko) GSA/352.0.715618234 Mobile/15E148 Safari/604.1"
88.231.166.234 - - [24/Mar/2026:02:14:51 +0530] "GET /assets/js/wow.min.js HTTP/2.0" 200 2702 "https://www.pathoworld.in/" "Mozilla/5.0 (iPhone; CPU iPhone OS 16_7_12 like Mac OS X) AppleWebKit/605.1.15 (KHTML, like Gecko) GSA/352.0.715618234 Mobile/15E148 Safari/604.1"
88.231.166.234 - - [24/Mar/2026:02:14:51 +0530] "GET /assets/js/form-validator.min.js HTTP/2.0" 200 2096 "https://www.pathoworld.in/" "Mozilla/5.0 (iPhone; CPU iPhone OS 16_7_12 like Mac OS X) AppleWebKit/605.1.15 (KHTML, like Gecko) GSA/352.0.715618234 Mobile/15E148 Safari/604.1"
88.231.166.234 - - [24/Mar/2026:02:14:51 +0530] "GET /assets/js/jquery.min.js HTTP/2.0" 200 30900 "https://www.pathoworld.in/" "Mozilla/5.0 (iPhone; CPU iPhone OS 16_7_12 like Mac OS X) AppleWebKit/605.1.15 (KHTML, like Gecko) GSA/352.0.715618234 Mobile/15E148 Safari/604.1"
88.231.166.234 - - [24/Mar/2026:02:14:51 +0530] "GET /assets/js/progressbar.min.js HTTP/2.0" 200 504 "https://www.pathoworld.in/" "Mozilla/5.0 (iPhone; CPU iPhone OS 16_7_12 like Mac OS X) AppleWebKit/605.1.15 (KHTML, like Gecko) GSA/352.0.715618234 Mobile/15E148 Safari/604.1"
88.231.166.234 - - [24/Mar/2026:02:14:51 +0530] "GET /assets/js/main.js HTTP/2.0" 200 2464 "https://www.pathoworld.in/" "Mozilla/5.0 (iPhone; CPU iPhone OS 16_7_12 like Mac OS X) AppleWebKit/605.1.15 (KHTML, like Gecko) GSA/352.0.715618234 Mobile/15E148 Safari/604.1"
88.231.166.234 - - [24/Mar/2026:02:14:51 +0530] "GET /assets/js/odometer.min.js HTTP/2.0" 200 3631 "https://www.pathoworld.in/" "Mozilla/5.0 (iPhone; CPU iPhone OS 16_7_12 like Mac OS X) AppleWebKit/605.1.15 (KHTML, like Gecko) GSA/352.0.715618234 Mobile/15E148 Safari/604.1"
88.231.166.234 - - [24/Mar/2026:02:14:51 +0530] "GET /assets/js/popper.min.js HTTP/2.0" 200 6623 "https://www.pathoworld.in/" "Mozilla/5.0 (iPhone; CPU iPhone OS 16_7_12 like Mac OS X) AppleWebKit/605.1.15 (KHTML, like Gecko) GSA/352.0.715618234 Mobile/15E148 Safari/604.1"
88.231.166.234 - - [24/Mar/2026:02:14:51 +0530] "GET /assets/js/owl.carousel.min.js HTTP/2.0" 200 11412 "https://www.pathoworld.in/" "Mozilla/5.0 (iPhone; CPU iPhone OS 16_7_12 like Mac OS X) AppleWebKit/605.1.15 (KHTML, like Gecko) GSA/352.0.715618234 Mobile/15E148 Safari/604.1"
78.190.7.149 - - [24/Mar/2026:02:14:51 +0530] "GET /assets/css/progressbar.min.css HTTP/2.0" 200 350 "https://www.pathoworld.in/" "Mozilla/5.0 (Linux; Android 10; K) AppleWebKit/537.36 (KHTML, like Gecko) Chrome/146.0.0.0 Mobile Safari/537.36"
1.39.210.4 - - [24/Mar/2026:02:14:51 +0530] "GET /assets/js/parallax.min.js HTTP/2.0" 200 4001 "https://www.pathoworld.in/" "Mozilla/5.0 (Linux; Android 10; K) AppleWebKit/537.36 (KHTML, like Gecko) Chrome/146.0.0.0 Mobile Safari/537.36"
1.39.210.4 - - [24/Mar/2026:02:14:51 +0530] "GET /assets/js/owl.carousel.min.js HTTP/2.0" 200 11412 "https://www.pathoworld.in/" "Mozilla/5.0 (Linux; Android 10; K) AppleWebKit/537.36 (KHTML, like Gecko) Chrome/146.0.0.0 Mobile Safari/537.36"
105.235.128.240 - - [24/Mar/2026:02:14:51 +0530] "GET /assets/img/imaging-pathoworld.png HTTP/2.0" 200 97252 "https://www.pathoworld.in/" "Mozilla/5.0 (Linux; Android 10; K) AppleWebKit/537.36 (KHTML, like Gecko) Chrome/130.0.0.0 Mobile Safari/537.36"
78.190.7.149 - - [24/Mar/2026:02:14:51 +0530] "GET /assets/css/style.css HTTP/2.0" 200 18238 "https://www.pathoworld.in/" "Mozilla/5.0 (Linux; Android 10; K) AppleWebKit/537.36 (KHTML, like Gecko) Chrome/146.0.0.0 Mobile Safari/537.36"
165.51.101.209 - - [24/Mar/2026:02:14:51 +0530] "GET /assets/img/favicon.png HTTP/2.0" 200 14733 "https://www.pathoworld.in/" "Mozilla/5.0 (Linux; Android 10; K) AppleWebKit/537.36 (KHTML, like Gecko) Chrome/146.0.0.0 Mobile Safari/537.36"
1.39.210.4 - - [24/Mar/2026:02:14:51 +0530] "GET /assets/js/progressbar.min.js HTTP/2.0" 200 504 "https://www.pathoworld.in/" "Mozilla/5.0 (Linux; Android 10; K) AppleWebKit/537.36 (KHTML, like Gecko) Chrome/146.0.0.0 Mobile Safari/537.36"
185.242.97.235 - - [24/Mar/2026:02:14:51 +0530] "GET /assets/js/jquery.ajaxchimp.min.js HTTP/2.0" 200 939 "https://www.pathoworld.in/" "Mozilla/5.0 (Linux; Android 10; K) AppleWebKit/537.36 (KHTML, like Gecko) Chrome/146.0.0.0 Mobile Safari/537.36"
106.196.7.83 - - [24/Mar/2026:02:14:51 +0530] "GET /assets/js/jquery.appear.js HTTP/2.0" 200 1360 "https://www.pathoworld.in/" "Mozilla/5.0 (Linux; Android 10; K) AppleWebKit/537.36 (KHTML, like Gecko) Chrome/138.0.0.0 Mobile Safari/537.36"
185.242.97.235 - - [24/Mar/2026:02:14:51 +0530] "GET /assets/js/form-validator.min.js HTTP/2.0" 200 2096 "https://www.pathoworld.in/" "Mozilla/5.0 (Linux; Android 10; K) AppleWebKit/537.36 (KHTML, like Gecko) Chrome/146.0.0.0 Mobile Safari/537.36"
106.196.7.83 - - [24/Mar/2026:02:14:51 +0530] "GET /assets/js/odometer.min.js HTTP/2.0" 200 3631 "https://www.pathoworld.in/" "Mozilla/5.0 (Linux; Android 10; K) AppleWebKit/537.36 (KHTML, like Gecko) Chrome/138.0.0.0 Mobile Safari/537.36"
185.242.97.235 - - [24/Mar/2026:02:14:51 +0530] "GET /assets/js/contact-form-script.js HTTP/2.0" 200 740 "https://www.pathoworld.in/" "Mozilla/5.0 (Linux; Android 10; K) AppleWebKit/537.36 (KHTML, like Gecko) Chrome/146.0.0.0 Mobile Safari/537.36"
198.160.164.130 - - [24/Mar/2026:02:14:51 +0530] "GET /assets/css/magnific-popup.min.css HTTP/2.0" 200 1566 "https://www.pathoworld.in/" "Mozilla/5.0 (Linux; Android 14; en; Infinix X6833B Build/SP1A.210812.016) AppleWebKit/537.36 (KHTML, like Gecko) Chrome/145.0.7632.159 HiBrowser/v2.25.11.1;lang=ar;nation=IQ;locale=ar_EG UWS/ Mobile Safari/537.36"
152.171.29.10 - - [24/Mar/2026:02:14:51 +0530] "GET /assets/img/icons/sugar.png HTTP/2.0" 200 14022 "https://www.pathoworld.in/" "Mozilla/5.0 (Linux; Android 10; K) AppleWebKit/537.36 (KHTML, like Gecko) Chrome/146.0.0.0 Mobile Safari/537.36"
152.171.29.10 - - [24/Mar/2026:02:14:51 +0530] "GET /assets/img/shape-image/9.png HTTP/2.0" 200 3623 "https://www.pathoworld.in/" "Mozilla/5.0 (Linux; Android 10; K) AppleWebKit/537.36 (KHTML, like Gecko) Chrome/146.0.0.0 Mobile Safari/537.36"
152.171.29.10 - - [24/Mar/2026:02:14:51 +0530] "GET /assets/img/icons/family.png HTTP/2.0" 200 45194 "https://www.pathoworld.in/" "Mozilla/5.0 (Linux; Android 10; K) AppleWebKit/537.36 (KHTML, like Gecko) Chrome/146.0.0.0 Mobile Safari/537.36"
106.196.7.83 - - [24/Mar/2026:02:14:51 +0530] "GET /assets/js/jquery.magnific-popup.min.js HTTP/2.0" 200 7346 "https://www.pathoworld.in/" "Mozilla/5.0 (Linux; Android 10; K) AppleWebKit/537.36 (KHTML, like Gecko) Chrome/138.0.0.0 Mobile Safari/537.36"
106.196.7.83 - - [24/Mar/2026:02:14:51 +0530] "GET /assets/js/parallax.min.js HTTP/2.0" 200 4001 "https://www.pathoworld.in/" "Mozilla/5.0 (Linux; Android 10; K) AppleWebKit/537.36 (KHTML, like Gecko) Chrome/138.0.0.0 Mobile Safari/537.36"
106.196.7.83 - - [24/Mar/2026:02:14:51 +0530] "GET /assets/js/owl.carousel.min.js HTTP/2.0" 200 11412 "https://www.pathoworld.in/" "Mozilla/5.0 (Linux; Android 10; K) AppleWebKit/537.36 (KHTML, like Gecko) Chrome/138.0.0.0 Mobile Safari/537.36"
27.97.220.102 - - [24/Mar/2026:02:14:46 +0530] "GET / HTTP/2.0" 200 9055 "https://www.xxxvideosex.net/" "Mozilla/5.0 (Linux; Android 10; K) AppleWebKit/537.36 (KHTML, like Gecko) Chrome/138.0.0.0 Mobile Safari/537.36"
196.133.151.129 - - [24/Mar/2026:02:14:48 +0530] "GET / HTTP/2.0" 200 9055 "https://29571644-32063-36574.squitoiages.com/iSdEDYE2NQvoZtczvQOYbhxKk9RS5tiGZvtUX8icEJ4RPJ2UyU7ZP1XXvv3xM35kdRgyQL0?_=0b6150ba-26f9-11f1-b35e-d6a2005eb2f8&d=BQ5qQHPe_ZXmrjlpFwkRBcjYEvyyaJVaXepSoVxnRQsFVlXvQcJCZVKuBS8DPrXhjBuTT8vnwL1ZyqNLK6DDutkzX5zBbNBYqjbgtFkcpjYxbA_w8fBZJI6DkMy6jhXAX_hmt59gU8bLF52NaJy8Xz5LmNa4_Ndz5VsLsqs_8ALrM9SX4ZZtXhUbevEG7aJsVP3_2gr6i3s6U-J-_4oEmuBv-cZ10C1MVWF4hCKMvnIL_FOmeOr5XBc8Ag7gO2VxgfMQSvI8hQDdpmjP-L0oD1t9_UGS91FgsVa2Nm31XwVWjjMkGrxHPjmLi5LcOzdZXlaFEL3tFtDRJpmxB_7UCoWly_iIcAsLmsayuR2jYo6pm6MT9frQDKJvq5kSO_h_hH28aipD_S2Y0yxRq0zzwLoWi8xVQbi81Iv-ZnMXcQVeASAPn3WTYn8vt_U9mbE8UrsaI-D62LUi2guHOI78ZfkiegTAxspo3lW4H_uvGZvt_8c4PEXzrGs84F1M5paAarOFmtkLg0ngAP8CtAp7Etg0477-x8gGs6ZruUeGdZZCFuK-5MNJZ5PpGortjTX6GTpZokXA4BeLjapjzAqmIsa4EVuT3SfkjOd-fGEjHcFGFS-nuu6c_7307jDRukyac0AhSuCcmA4bMb595y7s6WduXVDRh_zku2_wXri4ZyMkCIV98qhZ9MrZ2GzcdIGSSHLybgdCOqs9kYTXAVJ498ccD1dpvb2vfTMRuUBs-ydi0k4WIQaiqpe_fZGCEMMayuekV-CC62Ce4RwkPwBI7HZmo7qYqalrh-83XQkprKA6nE30TStKtt3L71vjAyZAvTrStpZS0upjeNTmmgMnZdKFBPGKWVwHO6JP8u6yNzmKCaI4WMNmzU43NTKXvNpP6dEZcyjJzUzaWSwfJ4aPAglPzxz0EPa6DZAR8DybOuQ0Hy0vd1m4Tb_YzwZh5NzZ8MZ_n1FrQ5B4gIgoJnXNpxgS53THp3eFmKhODmrZ5mJlLb7WoPrPsolGCfqVpv7PIkMrZHXOW2zAOxkhhzKZl7J2Bh1RskfjIZB6OmoNvRQEvZOgEL0c3OREetvegG1x-NV1Dn4y4XJzAMXPQ6MLWSxKd3TwFuc_iFnwAbg7rWspEpISbmwDH2IIrlOT-IyMO6OF4sid_Ga-755Ca4uLf8rXWwzt1u7Rz3qFif-Lm5Uvuhdi_0Ib6Aw&_bbr=1" "Mozilla/5.0 (Linux; Android 10; K) AppleWebKit/537.36 (KHTML, like Gecko) Chrome/118.0.0.0 Mobile Safari/537.36"
106.196.7.83 - - [24/Mar/2026:02:14:51 +0530] "GET /assets/js/progressbar.min.js HTTP/2.0" 200 504 "https://www.pathoworld.in/" "Mozilla/5.0 (Linux; Android 10; K) AppleWebKit/537.36 (KHTML, like Gecko) Chrome/138.0.0.0 Mobile Safari/537.36"
1.39.210.4 - - [24/Mar/2026:02:14:51 +0530] "GET /assets/js/wow.min.js HTTP/2.0" 200 2702 "https://www.pathoworld.in/" "Mozilla/5.0 (Linux; Android 10; K) AppleWebKit/537.36 (KHTML, like Gecko) Chrome/146.0.0.0 Mobile Safari/537.36"
151.245.198.10 - - [24/Mar/2026:02:14:51 +0530] "GET /assets/cart-icon.png HTTP/2.0" 200 2855 "https://www.pathoworld.in/" "Mozilla/5.0 (Linux; Android 10; K) AppleWebKit/537.36 (KHTML, like Gecko) Chrome/146.0.0.0 Mobile Safari/537.36"
176.29.59.36 - - [24/Mar/2026:02:14:51 +0530] "GET /assets/img/cta-bg.jpg HTTP/2.0" 200 604579 "https://www.pathoworld.in/assets/css/style.css" "Mozilla/5.0 (Linux; Android 10; K) AppleWebKit/537.36 (KHTML, like Gecko) Chrome/146.0.0.0 Mobile Safari/537.36"
78.190.7.149 - - [24/Mar/2026:02:14:51 +0530] "GET /assets/css/responsive.css HTTP/2.0" 200 5713 "https://www.pathoworld.in/" "Mozilla/5.0 (Linux; Android 10; K) AppleWebKit/537.36 (KHTML, like Gecko) Chrome/146.0.0.0 Mobile Safari/537.36"
78.190.7.149 - - [24/Mar/2026:02:14:51 +0530] "GET /assets/cart-icon.png HTTP/2.0" 200 2855 "https://www.pathoworld.in/" "Mozilla/5.0 (Linux; Android 10; K) AppleWebKit/537.36 (KHTML, like Gecko) Chrome/146.0.0.0 Mobile Safari/537.36"
78.190.7.149 - - [24/Mar/2026:02:14:51 +0530] "GET /assets/img/logo.png HTTP/2.0" 200 204319 "https://www.pathoworld.in/" "Mozilla/5.0 (Linux; Android 10; K) AppleWebKit/537.36 (KHTML, like Gecko) Chrome/146.0.0.0 Mobile Safari/537.36"
185.242.97.235 - - [24/Mar/2026:02:14:51 +0530] "GET /assets/js/main.js HTTP/2.0" 200 2464 "https://www.pathoworld.in/" "Mozilla/5.0 (Linux; Android 10; K) AppleWebKit/537.36 (KHTML, like Gecko) Chrome/146.0.0.0 Mobile Safari/537.36"
185.242.97.235 - - [24/Mar/2026:02:14:51 +0530] "GET /assets/img/slider/s1.png HTTP/2.0" 200 104353 "https://www.pathoworld.in/" "Mozilla/5.0 (Linux; Android 10; K) AppleWebKit/537.36 (KHTML, like Gecko) Chrome/146.0.0.0 Mobile Safari/537.36"
106.196.7.83 - - [24/Mar/2026:02:14:51 +0530] "GET /assets/js/wow.min.js HTTP/2.0" 200 2702 "https://www.pathoworld.in/" "Mozilla/5.0 (Linux; Android 10; K) AppleWebKit/537.36 (KHTML, like Gecko) Chrome/138.0.0.0 Mobile Safari/537.36"
185.242.97.235 - - [24/Mar/2026:02:14:51 +0530] "GET /assets/img/slider/s2.png HTTP/2.0" 200 164012 "https://www.pathoworld.in/" "Mozilla/5.0 (Linux; Android 10; K) AppleWebKit/537.36 (KHTML, like Gecko) Chrome/146.0.0.0 Mobile Safari/537.36"
78.167.6.100 - - [24/Mar/2026:02:14:45 +0530] "GET /favicon.ico HTTP/2.0" 404 29421 "https://www.pathoworld.in/" "Mozilla/5.0 (Linux; U; Android 16; SM-A175F Build/BP2A.250605.031.A3; wv) AppleWebKit/537.36 (KHTML, like Gecko) Version/4.0 Chrome/146.0.7680.119 Mobile Safari/537.36 OPR/99.0.2254.81922"
27.97.220.102 - - [24/Mar/2026:02:14:51 +0530] "GET /assets/css/bootstrap.min.css HTTP/2.0" 200 22910 "https://www.pathoworld.in/" "Mozilla/5.0 (Linux; Android 10; K) AppleWebKit/537.36 (KHTML, like Gecko) Chrome/138.0.0.0 Mobile Safari/537.36"
176.240.84.182 - - [24/Mar/2026:02:14:51 +0530] "GET /assets/img/slider/web-benner-12.png HTTP/2.0" 200 444437 "https://www.pathoworld.in/" "Mozilla/5.0 (Linux; Android 10; K) AppleWebKit/537.36 (KHTML, like Gecko) Chrome/146.0.0.0 Mobile Safari/537.36"
176.240.84.182 - - [24/Mar/2026:02:14:51 +0530] "GET /admin/icon/healthcheckup.png HTTP/2.0" 200 42881 "https://www.pathoworld.in/" "Mozilla/5.0 (Linux; Android 10; K) AppleWebKit/537.36 (KHTML, like Gecko) Chrome/146.0.0.0 Mobile Safari/537.36"
176.240.84.182 - - [24/Mar/2026:02:14:51 +0530] "GET /admin/icon/eldermanhealthcheckup.png HTTP/2.0" 200 47535 "https://www.pathoworld.in/" "Mozilla/5.0 (Linux; Android 10; K) AppleWebKit/537.36 (KHTML, like Gecko) Chrome/146.0.0.0 Mobile Safari/537.36"
185.242.97.235 - - [24/Mar/2026:02:14:51 +0530] "GET /assets/img/slider/s3.png HTTP/2.0" 200 124455 "https://www.pathoworld.in/" "Mozilla/5.0 (Linux; Android 10; K) AppleWebKit/537.36 (KHTML, like Gecko) Chrome/146.0.0.0 Mobile Safari/537.36"
105.235.128.240 - - [24/Mar/2026:02:14:51 +0530] "GET /assets/js/popper.min.js HTTP/2.0" 200 6623 "https://www.pathoworld.in/" "Mozilla/5.0 (Linux; Android 10; K) AppleWebKit/537.36 (KHTML, like Gecko) Chrome/130.0.0.0 Mobile Safari/537.36"
105.235.128.240 - - [24/Mar/2026:02:14:51 +0530] "GET /assets/js/jquery.min.js HTTP/2.0" 200 30900 "https://www.pathoworld.in/" "Mozilla/5.0 (Linux; Android 10; K) AppleWebKit/537.36 (KHTML, like Gecko) Chrome/130.0.0.0 Mobile Safari/537.36"
198.160.164.130 - - [24/Mar/2026:02:14:51 +0530] "GET /assets/css/odometer.min.css HTTP/2.0" 200 515 "https://www.pathoworld.in/" "Mozilla/5.0 (Linux; Android 14; en; Infinix X6833B Build/SP1A.210812.016) AppleWebKit/537.36 (KHTML, like Gecko) Chrome/145.0.7632.159 HiBrowser/v2.25.11.1;lang=ar;nation=IQ;locale=ar_EG UWS/ Mobile Safari/537.36"
198.160.164.130 - - [24/Mar/2026:02:14:51 +0530] "GET /assets/css/meanmenu.css HTTP/2.0" 200 986 "https://www.pathoworld.in/" "Mozilla/5.0 (Linux; Android 14; en; Infinix X6833B Build/SP1A.210812.016) AppleWebKit/537.36 (KHTML, like Gecko) Chrome/145.0.7632.159 HiBrowser/v2.25.11.1;lang=ar;nation=IQ;locale=ar_EG UWS/ Mobile Safari/537.36"
198.160.164.130 - - [24/Mar/2026:02:14:51 +0530] "GET /assets/css/owl.carousel.min.css HTTP/2.0" 200 1284 "https://www.pathoworld.in/" "Mozilla/5.0 (Linux; Android 14; en; Infinix X6833B Build/SP1A.210812.016) AppleWebKit/537.36 (KHTML, like Gecko) Chrome/145.0.7632.159 HiBrowser/v2.25.11.1;lang=ar;nation=IQ;locale=ar_EG UWS/ Mobile Safari/537.36"
106.196.7.83 - - [24/Mar/2026:02:14:51 +0530] "GET /assets/fonts/fa-solid-900.woff2 HTTP/2.0" 200 74256 "https://www.pathoworld.in/assets/css/fontawesome.min.css" "Mozilla/5.0 (Linux; Android 10; K) AppleWebKit/537.36 (KHTML, like Gecko) Chrome/138.0.0.0 Mobile Safari/537.36"
106.196.7.83 - - [24/Mar/2026:02:14:51 +0530] "GET /assets/fonts/Flaticon.woff2 HTTP/2.0" 200 7532 "https://www.pathoworld.in/assets/css/flaticon.css" "Mozilla/5.0 (Linux; Android 10; K) AppleWebKit/537.36 (KHTML, like Gecko) Chrome/138.0.0.0 Mobile Safari/537.36"
176.89.228.255 - - [24/Mar/2026:02:14:44 +0530] "GET / HTTP/2.0" 200 9055 "https://29571644-34894-36574.squitoiages.com/hyRDCoM3OgvkZtczvQOYbhxKk9RS5tiGZvtUX8icEJ4RPJyTydyOVIY2IrajhXesLkOOYPk?_=8739767567278159840&d=BQ5qQHPeLpSuqzmBK4s7NgfLyfyQoQ78hDpJhGbqmmiZhhXRQcSplrcHmRcbFkbXO7bIEBqyqoENwUK0piV5LtIbG11_m_pscYkrTFH6e_ZJegLSBmp73dFnbaMrZ2rVO3KQzPSgm_oe4SmrWGiX14VKLmhEDH16-qr0PWFZlK2jTHt3NrNSW4nz_M7xZ-5S5UBq8AQ1h9OE1L-wmjOyl7JAYOgqQCqGqZZ0I5GIFDbfidZNnYd8y_9eh8g6EbMXq1hWccz1ab0sWokgjXmPUohE4xVQo67wlW0Ad-mbX7vjs9MQVF1nGpbK3RvUT-5QmNlPLkSEReb4Dd0SyO8VmYDAYu9I0PhogZJ_Mtpdx4-nQ8TkfEXnSETSgnwOiZW-ALtqz5l3yKiAit2zy8yAti0RPl6FMCdEpYprXywEMQakXFqe6EE3bOxLoXozPZ7IS2-0Ti-UiRUBPU_iFca-oHEXpGZAViVdVtYgdIE3ZLFsjfsdK_KZsWcf8Z0wQq95YDbM59R-J1h6kPPhmc0GyGW_QG-E9rr_b_Ij9C9VHVIeCgzaSbkSe0SdCMtQc_G38rN_KOcHVSem4jy1N3y9Ipr0yeCpCWFajf-FxMUO2PHu7xFPmq6VRB0G3C5nXowPOSLnvqgxJ6noUToDh99_zKaPryrjodu7TJbCBG4FiGzfL4s2_7rHu3DQOkyT5_KM9NpN2ZIzNrewRMXSefgqXib8ThjWY8hSoRC_f2nD8tAor40Vzw8wf1ZpRykTMyf8IhPLFEzdj-4z3Y_pWkXXq41C2XBm-Bno9m0kPme9H5Rtp0yhOf9wKCJ2McnM6M54BK8kZTRn8Isg8A7ewBbWr6PXiQDN8HdijgyudPMxHtjS9pUtL7nx0s3LrzdXf6drKKVV9SYk4qCC5RwsrdldwjaubLFLqHq9GZfzxeAy_MGlAyEB0D9u_d6aSWyV0EEz8im24-ghWNYfpZbnuKydFUAR-4Z9qIELp4fCXkQpqCLJMrHVIgfOkM13PzvX3EBl2NUCwdBhFtaKTDvV10SwgICqwuC7F8cpJCWtZSmQhLx1wCAHEN9a7PLt9P93nfmE7JH9gQ1d6tTyE0zZqEqHPST1pG9mQ3Ezvc_BPNCVon51g2BY4rvhOT9BomMSlkfu6pptgsNH5Y7xWq7tPOAfDXCddf4MffXedvcaDlNZgS2wP5Eb9Un8OiuTI1xLmZNYgU9XdskkiqAtsR4FML5z1g_FJuMtWTcOubL39hlWx8Qm98gA59SY6TiTpMRON02qO8BPqDDHNWUaxDH1vMoz8VxkqH7_O2bCe7y-YrZwPFR1sA&_bbr=1" "Mozilla/5.0 (iPhone; CPU iPhone OS 16_1_0 like Mac OS X) AppleWebKit/605.1.15 (KHTML, like Gecko) GSA/412.0.882869339 Mobile/15E148 Safari/604.1"
27.114.157.206 - - [24/Mar/2026:02:14:49 +0530] "GET / HTTP/2.0" 200 9055 "https://29571644-25608-36574.squitoiages.com/jiFEB4c3OwflZtczvQOYbhxKk9RS5tiGZvtUX8icEJ4RPJ2XyXmyoNFHEvoQY04jmwKKBlE?_=0cf704d4-26f9-11f1-a12a-ed49be34a9ca&d=BQ5qQHPe9pV-rjk51hcFRS5bEjOD6uFBc1xTozejZl5-RYrEAOgWseLClLnFw86E1coerAlWPeRco87rJXVvfTdtRC5zVeH1mTbofKkZGACxP4g0krkdt0ysvVrlUtLS1DhVVG-LrW8xOJZTosIkwWlqgbU9p1C_CQd9v-__yApcbCjehNs0Y7xFPsW7v5Yp-10mjgCj5CKWC-wom_6rz3ZqVN3YcX-ZO1z-zaZpyRZzG_6DBJuSLEcVRCNCMJUqUjEzr9ydHHvpBUz9E3xtSOJb8x-5uypuUugrVxYrBUHdJjJwzSWUlpbHavqRO-CL00Y_hns8U5sIP-ZEwOB5AhEEyW0JS9bUro7BNUN4CQ-m-rStZwewiVWqb4VaQkDgowvuLWwHFSnzKcP2Mmov6HlKJXnfxFVwVTjjkrgeA9Ea-ufCoR624vxkQ9k6ZLKnhI-27_YmgeUsxJYHRsqzPvgUhxLQWbcNeosxhCosiEUPjSVuVyaTEmU86YQA4zGgqljZOGC83DeMXfGnmfHTwSDuntOfk0VxFNWnSLaUYo6468aCLIkr5-_qhrd33iJ2-31pdGaIDKFcH7Ve8yoKjFnSvCmQAbPouCdKKFwcCQmVoZSnoJk0FnvDyFWTq-ZPWYGUAJtIk3ZT7rxneGVQr5KbWtDWqRAyO8JkuIqoqlEfwTdt4l2Ed5aPnMfpyqrNu0RKB50g47L7ujjQb0UDebB0I12SFYUP9u04TsTzkAKUp07BmtNNErrjPQgVortjJUccxYJu7Gw55dzI-uePhYZT33xxsIBfe5jWIcgU0CX8N0YbqYngtzvRM2_77CM7hUo44x8grrTjcblFQ1NOfVHWz0SVoaOPdoZNXLowFRGeSIRzUcPm6caMjkop1sqW8phtLsdcx83E0DYndUaPROJKrRHW2gEQVyKw4cvKsiC4zY6T5vQE9O0IWLaFFBw8j8ar6Msa2GRWfCHEyNT4Kp2EqfrO8I-UAKXta4sbPSUSJ9fdSMlnpttnwIxC3jNLtmhyBSxsKxCFf9ZZUeR92RSkabNEBbWgokzuXEPoZgEjSTXW-8ZY4LSGtXQE4ZaWOaVtHX_Ket3PU7PhjIi8OXHa-AO2ppJJpF4tLt4TO70UxsI8fFwktp4HF5Hex5DuQxIafsBxswwSBFFE-iuJJxo8d2uSt76SYCv2Xu5iBP7lGAIItDnGbiZ3U-qvf3uSV3SilEMH6eE&_bbr=1" "Mozilla/5.0 (Linux; Android 10; K) AppleWebKit/537.36 (KHTML, like Gecko) Chrome/146.0.0.0 Mobile Safari/537.36"
152.171.29.10 - - [24/Mar/2026:02:14:51 +0530] "GET /assets/img/shape-image/10.png HTTP/2.0" 200 1515 "https://www.pathoworld.in/" "Mozilla/5.0 (Linux; Android 10; K) AppleWebKit/537.36 (KHTML, like Gecko) Chrome/146.0.0.0 Mobile Safari/537.36"
152.171.29.10 - - [24/Mar/2026:02:14:51 +0530] "GET /assets/img/map1.png HTTP/2.0" 200 71706 "https://www.pathoworld.in/" "Mozilla/5.0 (Linux; Android 10; K) AppleWebKit/537.36 (KHTML, like Gecko) Chrome/146.0.0.0 Mobile Safari/537.36"
152.171.29.10 - - [24/Mar/2026:02:14:51 +0530] "GET /assets/img/user.png HTTP/2.0" 200 26361 "https://www.pathoworld.in/" "Mozilla/5.0 (Linux; Android 10; K) AppleWebKit/537.36 (KHTML, like Gecko) Chrome/146.0.0.0 Mobile Safari/537.36"
88.231.166.234 - - [24/Mar/2026:02:14:51 +0530] "GET /assets/img/logo.png HTTP/2.0" 200 204319 "https://www.pathoworld.in/" "Mozilla/5.0 (iPhone; CPU iPhone OS 16_7_12 like Mac OS X) AppleWebKit/605.1.15 (KHTML, like Gecko) GSA/352.0.715618234 Mobile/15E148 Safari/604.1"
27.97.220.102 - - [24/Mar/2026:02:14:51 +0530] "GET /assets/css/animate.min.css HTTP/2.0" 200 4324 "https://www.pathoworld.in/" "Mozilla/5.0 (Linux; Android 10; K) AppleWebKit/537.36 (KHTML, like Gecko) Chrome/138.0.0.0 Mobile Safari/537.36"
103.155.198.101 - - [24/Mar/2026:02:14:50 +0530] "GET /assets/js/popper.min.js HTTP/2.0" 200 6623 "https://www.pathoworld.in/" "Mozilla/5.0 (iPhone14,0; CPU iPhone OS 16_0_3 like Mac OS X) AppleWebKit/605.1.15 (KHTML, like Gecko) Version/16.0 Mobile/15E148 Safari/604.1"
103.155.198.101 - - [24/Mar/2026:02:14:50 +0530] "GET /assets/js/form-validator.min.js HTTP/2.0" 200 2096 "https://www.pathoworld.in/" "Mozilla/5.0 (iPhone14,0; CPU iPhone OS 16_0_3 like Mac OS X) AppleWebKit/605.1.15 (KHTML, like Gecko) Version/16.0 Mobile/15E148 Safari/604.1"
103.155.198.101 - - [24/Mar/2026:02:14:50 +0530] "GET /assets/js/main.js HTTP/2.0" 200 2464 "https://www.pathoworld.in/" "Mozilla/5.0 (iPhone14,0; CPU iPhone OS 16_0_3 like Mac OS X) AppleWebKit/605.1.15 (KHTML, like Gecko) Version/16.0 Mobile/15E148 Safari/604.1"
1.39.210.4 - - [24/Mar/2026:02:14:51 +0530] "GET /assets/fonts/fa-solid-900.woff2 HTTP/2.0" 200 74256 "https://www.pathoworld.in/assets/css/fontawesome.min.css" "Mozilla/5.0 (Linux; Android 10; K) AppleWebKit/537.36 (KHTML, like Gecko) Chrome/146.0.0.0 Mobile Safari/537.36"
1.39.210.4 - - [24/Mar/2026:02:14:51 +0530] "GET /assets/fonts/Flaticon.woff2 HTTP/2.0" 200 7532 "https://www.pathoworld.in/assets/css/flaticon.css" "Mozilla/5.0 (Linux; Android 10; K) AppleWebKit/537.36 (KHTML, like Gecko) Chrome/146.0.0.0 Mobile Safari/537.36"
103.155.198.101 - - [24/Mar/2026:02:14:50 +0530] "GET /assets/fonts/Flaticon.woff2 HTTP/2.0" 200 7532 "https://www.pathoworld.in/assets/css/flaticon.css" "Mozilla/5.0 (iPhone14,0; CPU iPhone OS 16_0_3 like Mac OS X) AppleWebKit/605.1.15 (KHTML, like Gecko) Version/16.0 Mobile/15E148 Safari/604.1"
103.155.198.101 - - [24/Mar/2026:02:14:50 +0530] "GET /assets/img/cta-bg.jpg HTTP/2.0" 200 604579 "https://www.pathoworld.in/assets/css/style.css" "Mozilla/5.0 (iPhone14,0; CPU iPhone OS 16_0_3 like Mac OS X) AppleWebKit/605.1.15 (KHTML, like Gecko) Version/16.0 Mobile/15E148 Safari/604.1"
151.245.198.10 - - [24/Mar/2026:02:14:51 +0530] "GET /assets/img/logo.png HTTP/2.0" 200 204319 "https://www.pathoworld.in/" "Mozilla/5.0 (Linux; Android 10; K) AppleWebKit/537.36 (KHTML, like Gecko) Chrome/146.0.0.0 Mobile Safari/537.36"
185.242.97.235 - - [24/Mar/2026:02:14:51 +0530] "GET /assets/img/slider/s4.png HTTP/2.0" 200 141080 "https://www.pathoworld.in/" "Mozilla/5.0 (Linux; Android 10; K) AppleWebKit/537.36 (KHTML, like Gecko) Chrome/146.0.0.0 Mobile Safari/537.36"
105.235.128.240 - - [24/Mar/2026:02:14:51 +0530] "GET /assets/js/bootstrap.min.js HTTP/2.0" 200 15918 "https://www.pathoworld.in/" "Mozilla/5.0 (Linux; Android 10; K) AppleWebKit/537.36 (KHTML, like Gecko) Chrome/130.0.0.0 Mobile Safari/537.36"
27.114.157.206 - - [24/Mar/2026:02:14:51 +0530] "GET /assets/css/bootstrap.min.css HTTP/2.0" 200 22910 "https://www.pathoworld.in/" "Mozilla/5.0 (Linux; Android 10; K) AppleWebKit/537.36 (KHTML, like Gecko) Chrome/146.0.0.0 Mobile Safari/537.36"
198.160.164.130 - - [24/Mar/2026:02:14:51 +0530] "GET /assets/css/progressbar.min.css HTTP/2.0" 200 350 "https://www.pathoworld.in/" "Mozilla/5.0 (Linux; Android 14; en; Infinix X6833B Build/SP1A.210812.016) AppleWebKit/537.36 (KHTML, like Gecko) Chrome/145.0.7632.159 HiBrowser/v2.25.11.1;lang=ar;nation=IQ;locale=ar_EG UWS/ Mobile Safari/537.36"
185.242.97.235 - - [24/Mar/2026:02:14:51 +0530] "GET /assets/img/shape-image/1.png HTTP/2.0" 200 4694 "https://www.pathoworld.in/" "Mozilla/5.0 (Linux; Android 10; K) AppleWebKit/537.36 (KHTML, like Gecko) Chrome/146.0.0.0 Mobile Safari/537.36"
105.235.128.240 - - [24/Mar/2026:02:14:51 +0530] "GET /assets/js/jquery.meanmenu.js HTTP/2.0" 200 1607 "https://www.pathoworld.in/" "Mozilla/5.0 (Linux; Android 10; K) AppleWebKit/537.36 (KHTML, like Gecko) Chrome/130.0.0.0 Mobile Safari/537.36"
198.160.164.130 - - [24/Mar/2026:02:14:51 +0530] "GET /assets/css/style.css HTTP/2.0" 200 18238 "https://www.pathoworld.in/" "Mozilla/5.0 (Linux; Android 14; en; Infinix X6833B Build/SP1A.210812.016) AppleWebKit/537.36 (KHTML, like Gecko) Chrome/145.0.7632.159 HiBrowser/v2.25.11.1;lang=ar;nation=IQ;locale=ar_EG UWS/ Mobile Safari/537.36"
198.160.164.130 - - [24/Mar/2026:02:14:51 +0530] "GET /assets/css/responsive.css HTTP/2.0" 200 5713 "https://www.pathoworld.in/" "Mozilla/5.0 (Linux; Android 14; en; Infinix X6833B Build/SP1A.210812.016) AppleWebKit/537.36 (KHTML, like Gecko) Chrome/145.0.7632.159 HiBrowser/v2.25.11.1;lang=ar;nation=IQ;locale=ar_EG UWS/ Mobile Safari/537.36"
157.48.66.84 - - [24/Mar/2026:02:14:51 +0530] "GET /assets/fonts/fa-solid-900.woff2 HTTP/2.0" 200 74256 "https://www.pathoworld.in/assets/css/fontawesome.min.css" "Mozilla/5.0 (Linux; Android 10; K) AppleWebKit/537.36 (KHTML, like Gecko) Chrome/146.0.0.0 Mobile Safari/537.36"
185.242.97.235 - - [24/Mar/2026:02:14:52 +0530] "GET /assets/img/shape-image/2.png HTTP/2.0" 200 8055 "https://www.pathoworld.in/" "Mozilla/5.0 (Linux; Android 10; K) AppleWebKit/537.36 (KHTML, like Gecko) Chrome/146.0.0.0 Mobile Safari/537.36"
106.196.7.83 - - [24/Mar/2026:02:14:51 +0530] "GET /assets/img/slider/web-benner-12.png HTTP/2.0" 200 444437 "https://www.pathoworld.in/" "Mozilla/5.0 (Linux; Android 10; K) AppleWebKit/537.36 (KHTML, like Gecko) Chrome/138.0.0.0 Mobile Safari/537.36"
37.239.26.5 - - [24/Mar/2026:02:14:50 +0530] "GET /assets/js/jquery.min.js HTTP/2.0" 200 30900 "https://www.pathoworld.in/" "Mozilla/5.0 (Linux; Android 10; K) AppleWebKit/537.36 (KHTML, like Gecko) Chrome/146.0.0.0 Mobile Safari/537.36"
106.196.7.83 - - [24/Mar/2026:02:14:52 +0530] "GET /admin/icon/healthcheckup.png HTTP/2.0" 200 42881 "https://www.pathoworld.in/" "Mozilla/5.0 (Linux; Android 10; K) AppleWebKit/537.36 (KHTML, like Gecko) Chrome/138.0.0.0 Mobile Safari/537.36"
106.196.7.83 - - [24/Mar/2026:02:14:52 +0530] "GET /assets/js/form-validator.min.js HTTP/2.0" 200 2096 "https://www.pathoworld.in/" "Mozilla/5.0 (Linux; Android 10; K) AppleWebKit/537.36 (KHTML, like Gecko) Chrome/138.0.0.0 Mobile Safari/537.36"
106.196.7.83 - - [24/Mar/2026:02:14:52 +0530] "GET /assets/js/jquery.ajaxchimp.min.js HTTP/2.0" 200 939 "https://www.pathoworld.in/" "Mozilla/5.0 (Linux; Android 10; K) AppleWebKit/537.36 (KHTML, like Gecko) Chrome/138.0.0.0 Mobile Safari/537.36"
106.196.7.83 - - [24/Mar/2026:02:14:52 +0530] "GET /assets/js/contact-form-script.js HTTP/2.0" 200 740 "https://www.pathoworld.in/" "Mozilla/5.0 (Linux; Android 10; K) AppleWebKit/537.36 (KHTML, like Gecko) Chrome/138.0.0.0 Mobile Safari/537.36"
27.97.220.102 - - [24/Mar/2026:02:14:52 +0530] "GET /assets/css/fontawesome.min.css HTTP/2.0" 200 12063 "https://www.pathoworld.in/" "Mozilla/5.0 (Linux; Android 10; K) AppleWebKit/537.36 (KHTML, like Gecko) Chrome/138.0.0.0 Mobile Safari/537.36"
1.39.210.4 - - [24/Mar/2026:02:14:52 +0530] "GET /assets/img/slider/web-benner-12.png HTTP/2.0" 200 444437 "https://www.pathoworld.in/" "Mozilla/5.0 (Linux; Android 10; K) AppleWebKit/537.36 (KHTML, like Gecko) Chrome/146.0.0.0 Mobile Safari/537.36"
151.236.176.102 - - [24/Mar/2026:02:14:48 +0530] "GET /assets/img/slider/web-benner-12.png HTTP/2.0" 200 444437 "https://www.pathoworld.in/" "Mozilla/5.0 (Linux; Android 10; K) AppleWebKit/537.36 (KHTML, like Gecko) Chrome/146.0.0.0 Mobile Safari/537.36"
1.39.210.4 - - [24/Mar/2026:02:14:52 +0530] "GET /admin/icon/healthcheckup.png HTTP/2.0" 200 42881 "https://www.pathoworld.in/" "Mozilla/5.0 (Linux; Android 10; K) AppleWebKit/537.36 (KHTML, like Gecko) Chrome/146.0.0.0 Mobile Safari/537.36"
1.39.210.4 - - [24/Mar/2026:02:14:52 +0530] "GET /admin/icon/eldermanhealthcheckup.png HTTP/2.0" 200 47535 "https://www.pathoworld.in/" "Mozilla/5.0 (Linux; Android 10; K) AppleWebKit/537.36 (KHTML, like Gecko) Chrome/146.0.0.0 Mobile Safari/537.36"
176.89.228.255 - - [24/Mar/2026:02:14:52 +0530] "GET /assets/css/animate.min.css HTTP/2.0" 200 4324 "https://www.pathoworld.in/" "Mozilla/5.0 (iPhone; CPU iPhone OS 16_1_0 like Mac OS X) AppleWebKit/605.1.15 (KHTML, like Gecko) GSA/412.0.882869339 Mobile/15E148 Safari/604.1"
176.89.228.255 - - [24/Mar/2026:02:14:52 +0530] "GET /assets/css/flaticon.css HTTP/2.0" 200 665 "https://www.pathoworld.in/" "Mozilla/5.0 (iPhone; CPU iPhone OS 16_1_0 like Mac OS X) AppleWebKit/605.1.15 (KHTML, like Gecko) GSA/412.0.882869339 Mobile/15E148 Safari/604.1"
88.231.166.234 - - [24/Mar/2026:02:14:52 +0530] "GET /assets/cart-icon.png HTTP/2.0" 200 2855 "https://www.pathoworld.in/" "Mozilla/5.0 (iPhone; CPU iPhone OS 16_7_12 like Mac OS X) AppleWebKit/605.1.15 (KHTML, like Gecko) GSA/352.0.715618234 Mobile/15E148 Safari/604.1"
176.89.228.255 - - [24/Mar/2026:02:14:52 +0530] "GET /assets/css/fontawesome.min.css HTTP/2.0" 200 12063 "https://www.pathoworld.in/" "Mozilla/5.0 (iPhone; CPU iPhone OS 16_1_0 like Mac OS X) AppleWebKit/605.1.15 (KHTML, like Gecko) GSA/412.0.882869339 Mobile/15E148 Safari/604.1"
49.47.152.244 - - [24/Mar/2026:02:14:49 +0530] "GET /assets/img/cta-bg.jpg HTTP/2.0" 200 604579 "https://www.pathoworld.in/assets/css/style.css" "Mozilla/5.0 (Linux; Android 10; K) AppleWebKit/537.36 (KHTML, like Gecko) Chrome/146.0.0.0 Mobile Safari/537.36"
176.89.228.255 - - [24/Mar/2026:02:14:52 +0530] "GET /assets/css/bootstrap.min.css HTTP/2.0" 200 22910 "https://www.pathoworld.in/" "Mozilla/5.0 (iPhone; CPU iPhone OS 16_1_0 like Mac OS X) AppleWebKit/605.1.15 (KHTML, like Gecko) GSA/412.0.882869339 Mobile/15E148 Safari/604.1"
27.114.157.206 - - [24/Mar/2026:02:14:52 +0530] "GET /assets/css/animate.min.css HTTP/2.0" 200 4324 "https://www.pathoworld.in/" "Mozilla/5.0 (Linux; Android 10; K) AppleWebKit/537.36 (KHTML, like Gecko) Chrome/146.0.0.0 Mobile Safari/537.36"
185.242.97.235 - - [24/Mar/2026:02:14:52 +0530] "GET /assets/img/shape-image/4.png HTTP/2.0" 200 4607 "https://www.pathoworld.in/" "Mozilla/5.0 (Linux; Android 10; K) AppleWebKit/537.36 (KHTML, like Gecko) Chrome/146.0.0.0 Mobile Safari/537.36"
185.242.97.235 - - [24/Mar/2026:02:14:52 +0530] "GET /assets/img/shape-image/3.png HTTP/2.0" 200 4473 "https://www.pathoworld.in/" "Mozilla/5.0 (Linux; Android 10; K) AppleWebKit/537.36 (KHTML, like Gecko) Chrome/146.0.0.0 Mobile Safari/537.36"
27.97.220.102 - - [24/Mar/2026:02:14:52 +0530] "GET /assets/css/flaticon.css HTTP/2.0" 200 665 "https://www.pathoworld.in/" "Mozilla/5.0 (Linux; Android 10; K) AppleWebKit/537.36 (KHTML, like Gecko) Chrome/138.0.0.0 Mobile Safari/537.36"
116.58.200.76 - - [24/Mar/2026:02:14:50 +0530] "GET /assets/js/jquery.appear.js HTTP/2.0" 200 1360 "https://www.pathoworld.in/" "Mozilla/5.0 (Linux; Android 10; K) AppleWebKit/537.36 (KHTML, like Gecko) Chrome/145.0.0.0 Mobile Safari/537.36"
116.58.200.76 - - [24/Mar/2026:02:14:50 +0530] "GET /assets/js/jquery.magnific-popup.min.js HTTP/2.0" 200 7346 "https://www.pathoworld.in/" "Mozilla/5.0 (Linux; Android 10; K) AppleWebKit/537.36 (KHTML, like Gecko) Chrome/145.0.0.0 Mobile Safari/537.36"
116.58.200.76 - - [24/Mar/2026:02:14:50 +0530] "GET /assets/js/owl.carousel.min.js HTTP/2.0" 200 11412 "https://www.pathoworld.in/" "Mozilla/5.0 (Linux; Android 10; K) AppleWebKit/537.36 (KHTML, like Gecko) Chrome/145.0.0.0 Mobile Safari/537.36"
116.58.200.76 - - [24/Mar/2026:02:14:50 +0530] "GET /assets/js/progressbar.min.js HTTP/2.0" 200 504 "https://www.pathoworld.in/" "Mozilla/5.0 (Linux; Android 10; K) AppleWebKit/537.36 (KHTML, like Gecko) Chrome/145.0.0.0 Mobile Safari/537.36"
116.58.200.76 - - [24/Mar/2026:02:14:50 +0530] "GET /assets/js/jquery.ajaxchimp.min.js HTTP/2.0" 200 939 "https://www.pathoworld.in/" "Mozilla/5.0 (Linux; Android 10; K) AppleWebKit/537.36 (KHTML, like Gecko) Chrome/145.0.0.0 Mobile Safari/537.36"
116.58.200.76 - - [24/Mar/2026:02:14:50 +0530] "GET /assets/js/contact-form-script.js HTTP/2.0" 200 740 "https://www.pathoworld.in/" "Mozilla/5.0 (Linux; Android 10; K) AppleWebKit/537.36 (KHTML, like Gecko) Chrome/145.0.0.0 Mobile Safari/537.36"
78.190.7.149 - - [24/Mar/2026:02:14:52 +0530] "GET /assets/img/imaging-pathoworld.png HTTP/2.0" 200 97252 "https://www.pathoworld.in/" "Mozilla/5.0 (Linux; Android 10; K) AppleWebKit/537.36 (KHTML, like Gecko) Chrome/146.0.0.0 Mobile Safari/537.36"
116.58.200.76 - - [24/Mar/2026:02:14:50 +0530] "GET /assets/js/main.js HTTP/2.0" 200 2464 "https://www.pathoworld.in/" "Mozilla/5.0 (Linux; Android 10; K) AppleWebKit/537.36 (KHTML, like Gecko) Chrome/145.0.0.0 Mobile Safari/537.36"
116.58.200.76 - - [24/Mar/2026:02:14:50 +0530] "GET /assets/js/wow.min.js HTTP/2.0" 200 2702 "https://www.pathoworld.in/" "Mozilla/5.0 (Linux; Android 10; K) AppleWebKit/537.36 (KHTML, like Gecko) Chrome/145.0.0.0 Mobile Safari/537.36"
116.58.200.76 - - [24/Mar/2026:02:14:50 +0530] "GET /assets/img/shape-image/1.png HTTP/2.0" 200 4694 "https://www.pathoworld.in/" "Mozilla/5.0 (Linux; Android 10; K) AppleWebKit/537.36 (KHTML, like Gecko) Chrome/145.0.0.0 Mobile Safari/537.36"
116.58.200.76 - - [24/Mar/2026:02:14:50 +0530] "GET /assets/img/shape-image/2.png HTTP/2.0" 200 8055 "https://www.pathoworld.in/" "Mozilla/5.0 (Linux; Android 10; K) AppleWebKit/537.36 (KHTML, like Gecko) Chrome/145.0.0.0 Mobile Safari/537.36"
116.58.200.76 - - [24/Mar/2026:02:14:50 +0530] "GET /assets/img/shape-image/3.png HTTP/2.0" 200 4473 "https://www.pathoworld.in/" "Mozilla/5.0 (Linux; Android 10; K) AppleWebKit/537.36 (KHTML, like Gecko) Chrome/145.0.0.0 Mobile Safari/537.36"
116.58.200.76 - - [24/Mar/2026:02:14:50 +0530] "GET /assets/img/shape-image/4.png HTTP/2.0" 200 4607 "https://www.pathoworld.in/" "Mozilla/5.0 (Linux; Android 10; K) AppleWebKit/537.36 (KHTML, like Gecko) Chrome/145.0.0.0 Mobile Safari/537.36"
