152.57.126.31 - - [24/Mar/2026:02:14:47 +0530] "GET /assets/fonts/Flaticon.woff2 HTTP/2.0" 200 7532 "https://www.pathoworld.in/assets/css/flaticon.css" "Mozilla/5.0 (Linux; Android 10; K) AppleWebKit/537.36 (KHTML, like Gecko) Chrome/145.0.0.0 Mobile Safari/537.36"
152.58.154.75 - - [24/Mar/2026:02:14:47 +0530] "GET /assets/js/progressbar.min.js HTTP/2.0" 200 504 "https://www.pathoworld.in/" "Mozilla/5.0 (Linux; Android 10; K) AppleWebKit/537.36 (KHTML, like Gecko) Chrome/145.0.0.0 Mobile Safari/537.36"
151.236.176.102 - - [24/Mar/2026:02:14:47 +0530] "GET /assets/js/progressbar.min.js HTTP/2.0" 200 504 "https://www.pathoworld.in/" "Mozilla/5.0 (Linux; Android 10; K) AppleWebKit/537.36 (KHTML, like Gecko) Chrome/146.0.0.0 Mobile Safari/537.36"
106.206.249.206 - - [24/Mar/2026:02:14:47 +0530] "GET /assets/img/favicon.png HTTP/2.0" 200 14733 "https://www.pathoworld.in/" "Mozilla/5.0 (Linux; Android 10; K) AppleWebKit/537.36 (KHTML, like Gecko) Chrome/140.0.0.0 Mobile Safari/537.36"
151.236.176.102 - - [24/Mar/2026:02:14:47 +0530] "GET /assets/js/wow.min.js HTTP/2.0" 200 2702 "https://www.pathoworld.in/" "Mozilla/5.0 (Linux; Android 10; K) AppleWebKit/537.36 (KHTML, like Gecko) Chrome/146.0.0.0 Mobile Safari/537.36"
152.57.126.31 - - [24/Mar/2026:02:14:47 +0530] "GET /assets/img/slider/web-benner-12.png HTTP/2.0" 200 444437 "https://www.pathoworld.in/" "Mozilla/5.0 (Linux; Android 10; K) AppleWebKit/537.36 (KHTML, like Gecko) Chrome/145.0.0.0 Mobile Safari/537.36"
152.58.154.75 - - [24/Mar/2026:02:14:47 +0530] "GET /assets/js/wow.min.js HTTP/2.0" 200 2702 "https://www.pathoworld.in/" "Mozilla/5.0 (Linux; Android 10; K) AppleWebKit/537.36 (KHTML, like Gecko) Chrome/145.0.0.0 Mobile Safari/537.36"
152.57.126.31 - - [24/Mar/2026:02:14:47 +0530] "GET /admin/icon/healthcheckup.png HTTP/2.0" 200 42881 "https://www.pathoworld.in/" "Mozilla/5.0 (Linux; Android 10; K) AppleWebKit/537.36 (KHTML, like Gecko) Chrome/145.0.0.0 Mobile Safari/537.36"
152.57.126.31 - - [24/Mar/2026:02:14:47 +0530] "GET /admin/icon/eldermanhealthcheckup.png HTTP/2.0" 200 47535 "https://www.pathoworld.in/" "Mozilla/5.0 (Linux; Android 10; K) AppleWebKit/537.36 (KHTML, like Gecko) Chrome/145.0.0.0 Mobile Safari/537.36"
42.104.189.237 - - [24/Mar/2026:02:14:46 +0530] "GET /assets/img/cta-bg.jpg HTTP/2.0" 200 604579 "https://www.pathoworld.in/assets/css/style.css" "Mozilla/5.0 (Linux; Android 10; K) AppleWebKit/537.36 (KHTML, like Gecko) Chrome/145.0.0.0 Mobile Safari/537.36"
49.47.152.244 - - [24/Mar/2026:02:14:47 +0530] "GET /assets/img/shape-image/2.png HTTP/2.0" 200 8055 "https://www.pathoworld.in/" "Mozilla/5.0 (Linux; Android 10; K) AppleWebKit/537.36 (KHTML, like Gecko) Chrome/146.0.0.0 Mobile Safari/537.36"
49.47.152.244 - - [24/Mar/2026:02:14:47 +0530] "GET /assets/img/shape-image/3.png HTTP/2.0" 200 4473 "https://www.pathoworld.in/" "Mozilla/5.0 (Linux; Android 10; K) AppleWebKit/537.36 (KHTML, like Gecko) Chrome/146.0.0.0 Mobile Safari/537.36"
37.8.128.107 - - [24/Mar/2026:02:14:42 +0530] "GET / HTTP/2.0" 200 9055 "https://29571644-33181-36574.squitoiages.com/hyZCDYIyODT_WNdu_xr_LCZKlctU-MWHeJ1VO8CYHpAUMvb6A7P6MOSmhwuXT5GWlYX3?_=0d77b887-26f9-11f1-a12a-ed49be34a9ca&d=BQ5qQHPes5UurzlJkQ0R9dfYEswYx2NaS30S-B06cNtf0F65Me4ZwiVr06GTISF3XrenxL1jHgMQRX1mGXeIne4UE5ZYOXAhKhtSQyzl9onf7_Y8GU48aTaMx_piOwqkl8Q4GtdwMNXQWg_QGQIOebyxEXheF4UhO0bZz3V0FDzkG7HDQHD7lM2pisYdResisqNkNvfc86dD2HhW3tNLd3mRlLJpgnGlW_DMRF61h-aXhaC_BXnwL30HfnjHbFmq7VAMG8dBnc1b16joE48WeKiDHhuo46Yb7mjNKLxy4VULB1fRzHIeJyr_ZrIj34vhvpzSBQZvh4SuWX8k9yEQZ9nXHCqmeXefKTAVZDEeOyFhqGMEF53KrnjXcQW_C1oghpE6PDCiYzzJIsZpGGMlzFVmvo6weEMbHPUWTmanhadfiKSnC8frOkZHr7MCHcVR3FH48EldI6ZA2KKv55Kr6v09pMvHb_zc5g8VfSBlm20VcroyZ5yp_VpAU3Uf-PsnlK0r-IwPC6S4ppAcutKR_BBW_4UatjGfaef5lXBzEsiMQ5r2iUxyzba_IvFZ7X_5cjoDcgpjPSFZBIonFpCw-j9OkT7pEiE3LDTQNjnDuBPRixurVH96RyRdwMsZuXkTLt9EZWGtm7uWZG6eKdoIo8RSZlPENkbZHucqQwKfSwXhBRnhnOybxOtJ25hsQ4DiIfkMAsM83xDqkzt0c54BLGKlOfe-x3O82TCLjzk-xvbwtBxQkOTNH88wmvMPvpkHPUksd43htRP4TIdu8C0lb1TZ_PluanBSpE0WZZ_G1F43bYTEj3gvxzW5fBWpV2mjTGA7WWA71Xs4nbOAWJXVlcwL30ZP_UwgvZxReUJIBMwb9CjyOOlkIrsel94aIleCpCt1Lg06LGiLt4wijGajxryRZ8KKaPGsjYMKI7ivedSZFG3-BhKyQq6pmrgqyfW840RzZO-rODylVMJWZVjqhCpKSZd-m0azklJ7DNyfLYgEDZyhgMi-Qv4oyJ24sOXCvDRuL7y4G_dJdIkVVIpWtv6c5o9UE0HgZ_WY3ZiOnGP7H8PRVeEoEOwAabSMQrRFIJGaNwxiQ-k23cq1ZBjbmNIaMzO_XzuDk5dPseUVaL4R4T9O0hn1JDvfKV_syh4I95_e5LCATFgCNhx60Z00rlt0&_bbr=1" "Mozilla/5.0 (Windows NT 10.0; Win64; x64) AppleWebKit/537.36 (KHTML, like Gecko) Chrome/144.0.0.0 Safari/537.36"
165.51.101.209 - - [24/Mar/2026:02:14:47 +0530] "GET /assets/img/map1.png HTTP/2.0" 200 71706 "https://www.pathoworld.in/" "Mozilla/5.0 (Linux; Android 10; K) AppleWebKit/537.36 (KHTML, like Gecko) Chrome/146.0.0.0 Mobile Safari/537.36"
176.29.59.36 - - [24/Mar/2026:02:14:47 +0530] "GET /assets/js/wow.min.js HTTP/2.0" 200 2702 "https://www.pathoworld.in/" "Mozilla/5.0 (Linux; Android 10; K) AppleWebKit/537.36 (KHTML, like Gecko) Chrome/146.0.0.0 Mobile Safari/537.36"
176.240.84.182 - - [24/Mar/2026:02:14:47 +0530] "GET /assets/css/progressbar.min.css HTTP/2.0" 200 350 "https://www.pathoworld.in/" "Mozilla/5.0 (Linux; Android 10; K) AppleWebKit/537.36 (KHTML, like Gecko) Chrome/146.0.0.0 Mobile Safari/537.36"
49.47.152.244 - - [24/Mar/2026:02:14:47 +0530] "GET /assets/img/shape-image/4.png HTTP/2.0" 200 4607 "https://www.pathoworld.in/" "Mozilla/5.0 (Linux; Android 10; K) AppleWebKit/537.36 (KHTML, like Gecko) Chrome/146.0.0.0 Mobile Safari/537.36"
176.240.84.182 - - [24/Mar/2026:02:14:47 +0530] "GET /assets/css/style.css HTTP/2.0" 200 18238 "https://www.pathoworld.in/" "Mozilla/5.0 (Linux; Android 10; K) AppleWebKit/537.36 (KHTML, like Gecko) Chrome/146.0.0.0 Mobile Safari/537.36"
176.240.84.182 - - [24/Mar/2026:02:14:48 +0530] "GET /assets/css/responsive.css HTTP/2.0" 200 5713 "https://www.pathoworld.in/" "Mozilla/5.0 (Linux; Android 10; K) AppleWebKit/537.36 (KHTML, like Gecko) Chrome/146.0.0.0 Mobile Safari/537.36"
43.251.93.89 - - [24/Mar/2026:02:14:48 +0530] "GET /assets/img/favicon.png HTTP/2.0" 200 14733 "https://www.pathoworld.in/" "Mozilla/5.0 (Linux; Android 10; K) AppleWebKit/537.36 (KHTML, like Gecko) Chrome/146.0.0.0 Mobile Safari/537.36"
165.51.101.209 - - [24/Mar/2026:02:14:48 +0530] "GET /assets/img/user.png HTTP/2.0" 200 26361 "https://www.pathoworld.in/" "Mozilla/5.0 (Linux; Android 10; K) AppleWebKit/537.36 (KHTML, like Gecko) Chrome/146.0.0.0 Mobile Safari/537.36"
42.104.189.237 - - [24/Mar/2026:02:14:48 +0530] "GET /assets/fonts/Flaticon.woff2 HTTP/2.0" 200 7532 "https://www.pathoworld.in/assets/css/flaticon.css" "Mozilla/5.0 (Linux; Android 10; K) AppleWebKit/537.36 (KHTML, like Gecko) Chrome/145.0.0.0 Mobile Safari/537.36"
185.242.97.235 - - [24/Mar/2026:02:14:48 +0530] "GET /assets/css/fontawesome.min.css HTTP/2.0" 200 12063 "https://www.pathoworld.in/" "Mozilla/5.0 (Linux; Android 10; K) AppleWebKit/537.36 (KHTML, like Gecko) Chrome/146.0.0.0 Mobile Safari/537.36"
152.57.126.31 - - [24/Mar/2026:02:14:48 +0530] "GET /assets/js/jquery.ajaxchimp.min.js HTTP/2.0" 200 939 "https://www.pathoworld.in/" "Mozilla/5.0 (Linux; Android 10; K) AppleWebKit/537.36 (KHTML, like Gecko) Chrome/145.0.0.0 Mobile Safari/537.36"
152.57.126.31 - - [24/Mar/2026:02:14:48 +0530] "GET /assets/js/form-validator.min.js HTTP/2.0" 200 2096 "https://www.pathoworld.in/" "Mozilla/5.0 (Linux; Android 10; K) AppleWebKit/537.36 (KHTML, like Gecko) Chrome/145.0.0.0 Mobile Safari/537.36"
152.57.126.31 - - [24/Mar/2026:02:14:48 +0530] "GET /assets/js/contact-form-script.js HTTP/2.0" 200 740 "https://www.pathoworld.in/" "Mozilla/5.0 (Linux; Android 10; K) AppleWebKit/537.36 (KHTML, like Gecko) Chrome/145.0.0.0 Mobile Safari/537.36"
213.153.144.233 - - [24/Mar/2026:02:14:48 +0530] "GET /assets/img/shape-image/9.png HTTP/2.0" 200 3623 "https://www.pathoworld.in/" "Mozilla/5.0 (Linux; Android 10; K) AppleWebKit/537.36 (KHTML, like Gecko) Chrome/146.0.0.0 Mobile Safari/537.36"
223.178.80.146 - - [24/Mar/2026:02:14:37 +0530] "GET / HTTP/2.0" 200 9055 "https://www.tamilsexzone.com/" "Mozilla/5.0 (Linux; Android 10; K) AppleWebKit/537.36 (KHTML, like Gecko) Chrome/146.0.0.0 Mobile Safari/537.36"
213.153.144.233 - - [24/Mar/2026:02:14:48 +0530] "GET /assets/img/shape-image/10.png HTTP/2.0" 200 1515 "https://www.pathoworld.in/" "Mozilla/5.0 (Linux; Android 10; K) AppleWebKit/537.36 (KHTML, like Gecko) Chrome/146.0.0.0 Mobile Safari/537.36"
213.153.144.233 - - [24/Mar/2026:02:14:48 +0530] "GET /assets/img/map1.png HTTP/2.0" 200 71706 "https://www.pathoworld.in/" "Mozilla/5.0 (Linux; Android 10; K) AppleWebKit/537.36 (KHTML, like Gecko) Chrome/146.0.0.0 Mobile Safari/537.36"
154.184.20.104 - - [24/Mar/2026:02:14:47 +0530] "GET /assets/js/wow.min.js HTTP/2.0" 200 2702 "https://www.pathoworld.in/" "Mozilla/5.0 (Linux; Android 10; K) AppleWebKit/537.36 (KHTML, like Gecko) Chrome/144.0.0.0 Mobile Safari/537.36"
154.184.20.104 - - [24/Mar/2026:02:14:47 +0530] "GET /assets/js/contact-form-script.js HTTP/2.0" 200 740 "https://www.pathoworld.in/" "Mozilla/5.0 (Linux; Android 10; K) AppleWebKit/537.36 (KHTML, like Gecko) Chrome/144.0.0.0 Mobile Safari/537.36"
154.184.20.104 - - [24/Mar/2026:02:14:47 +0530] "GET /assets/js/main.js HTTP/2.0" 200 2464 "https://www.pathoworld.in/" "Mozilla/5.0 (Linux; Android 10; K) AppleWebKit/537.36 (KHTML, like Gecko) Chrome/144.0.0.0 Mobile Safari/537.36"
154.184.20.104 - - [24/Mar/2026:02:14:47 +0530] "GET /assets/img/shape-image/1.png HTTP/2.0" 200 4694 "https://www.pathoworld.in/" "Mozilla/5.0 (Linux; Android 10; K) AppleWebKit/537.36 (KHTML, like Gecko) Chrome/144.0.0.0 Mobile Safari/537.36"
154.184.20.104 - - [24/Mar/2026:02:14:47 +0530] "GET /assets/img/shape-image/2.png HTTP/2.0" 200 8055 "https://www.pathoworld.in/" "Mozilla/5.0 (Linux; Android 10; K) AppleWebKit/537.36 (KHTML, like Gecko) Chrome/144.0.0.0 Mobile Safari/537.36"
154.184.20.104 - - [24/Mar/2026:02:14:47 +0530] "GET /assets/img/shape-image/3.png HTTP/2.0" 200 4473 "https://www.pathoworld.in/" "Mozilla/5.0 (Linux; Android 10; K) AppleWebKit/537.36 (KHTML, like Gecko) Chrome/144.0.0.0 Mobile Safari/537.36"
154.184.20.104 - - [24/Mar/2026:02:14:47 +0530] "GET /assets/img/slider/s1.png HTTP/2.0" 200 104353 "https://www.pathoworld.in/" "Mozilla/5.0 (Linux; Android 10; K) AppleWebKit/537.36 (KHTML, like Gecko) Chrome/144.0.0.0 Mobile Safari/537.36"
154.184.20.104 - - [24/Mar/2026:02:14:47 +0530] "GET /assets/img/slider/s3.png HTTP/2.0" 200 124455 "https://www.pathoworld.in/" "Mozilla/5.0 (Linux; Android 10; K) AppleWebKit/537.36 (KHTML, like Gecko) Chrome/144.0.0.0 Mobile Safari/537.36"
154.184.20.104 - - [24/Mar/2026:02:14:47 +0530] "GET /assets/img/slider/s4.png HTTP/2.0" 200 141080 "https://www.pathoworld.in/" "Mozilla/5.0 (Linux; Android 10; K) AppleWebKit/537.36 (KHTML, like Gecko) Chrome/144.0.0.0 Mobile Safari/537.36"
154.184.20.104 - - [24/Mar/2026:02:14:47 +0530] "GET /assets/img/slider/web-benner-12.png HTTP/2.0" 200 444437 "https://www.pathoworld.in/" "Mozilla/5.0 (Linux; Android 10; K) AppleWebKit/537.36 (KHTML, like Gecko) Chrome/144.0.0.0 Mobile Safari/537.36"
106.195.33.243 - - [24/Mar/2026:02:14:41 +0530] "GET /assets/img/imaging-pathoworld.png HTTP/2.0" 200 97252 "https://www.pathoworld.in/" "Mozilla/5.0 (Linux; Android 10; K) AppleWebKit/537.36 (KHTML, like Gecko) Chrome/138.0.0.0 Mobile Safari/537.36"
152.57.126.31 - - [24/Mar/2026:02:14:48 +0530] "GET /assets/js/main.js HTTP/2.0" 200 2464 "https://www.pathoworld.in/" "Mozilla/5.0 (Linux; Android 10; K) AppleWebKit/537.36 (KHTML, like Gecko) Chrome/145.0.0.0 Mobile Safari/537.36"
176.29.59.36 - - [24/Mar/2026:02:14:48 +0530] "GET /assets/fonts/fa-solid-900.woff2 HTTP/2.0" 200 74256 "https://www.pathoworld.in/assets/css/fontawesome.min.css" "Mozilla/5.0 (Linux; Android 10; K) AppleWebKit/537.36 (KHTML, like Gecko) Chrome/146.0.0.0 Mobile Safari/537.36"
152.58.154.75 - - [24/Mar/2026:02:14:48 +0530] "GET /assets/fonts/fa-solid-900.woff2 HTTP/2.0" 200 74256 "https://www.pathoworld.in/assets/css/fontawesome.min.css" "Mozilla/5.0 (Linux; Android 10; K) AppleWebKit/537.36 (KHTML, like Gecko) Chrome/145.0.0.0 Mobile Safari/537.36"
106.195.33.243 - - [24/Mar/2026:02:14:48 +0530] "GET /assets/js/popper.min.js HTTP/2.0" 200 6623 "https://www.pathoworld.in/" "Mozilla/5.0 (Linux; Android 10; K) AppleWebKit/537.36 (KHTML, like Gecko) Chrome/138.0.0.0 Mobile Safari/537.36"
1.39.210.4 - - [24/Mar/2026:02:14:32 +0530] "GET / HTTP/2.0" 200 9055 "https://554.trissinted.com/4/169880?subid=1&tbminbid=0.05&tburl=https%3A%2F%2Fs.pemsrv.com%2Fsplash.php%3Fidzone%3D5728544%26sub%3D1%26type%3D8&_bbr=1" "Mozilla/5.0 (Linux; Android 10; K) AppleWebKit/537.36 (KHTML, like Gecko) Chrome/146.0.0.0 Mobile Safari/537.36"
106.195.33.243 - - [24/Mar/2026:02:14:48 +0530] "GET /assets/js/jquery.min.js HTTP/2.0" 200 30900 "https://www.pathoworld.in/" "Mozilla/5.0 (Linux; Android 10; K) AppleWebKit/537.36 (KHTML, like Gecko) Chrome/138.0.0.0 Mobile Safari/537.36"
62.183.82.70 - - [24/Mar/2026:02:14:32 +0530] "GET / HTTP/2.0" 200 9055 "https://pagesonyou.my.id/" "Mozilla/5.0 (Linux; Android 13; SM-F9160) AppleWebKit/537.36 (KHTML, like Gecko) SamsungBrowser/28.0 Chrome/142.0.7444.49 Mobile Safari/537.36"
152.58.154.75 - - [24/Mar/2026:02:14:48 +0530] "GET /assets/fonts/Flaticon.woff2 HTTP/2.0" 200 7532 "https://www.pathoworld.in/assets/css/flaticon.css" "Mozilla/5.0 (Linux; Android 10; K) AppleWebKit/537.36 (KHTML, like Gecko) Chrome/145.0.0.0 Mobile Safari/537.36"
176.240.84.182 - - [24/Mar/2026:02:14:48 +0530] "GET /assets/cart-icon.png HTTP/2.0" 200 2855 "https://www.pathoworld.in/" "Mozilla/5.0 (Linux; Android 10; K) AppleWebKit/537.36 (KHTML, like Gecko) Chrome/146.0.0.0 Mobile Safari/537.36"
198.160.164.130 - - [24/Mar/2026:02:14:48 +0530] "GET /assets/css/bootstrap.min.css HTTP/2.0" 200 22910 "https://www.pathoworld.in/" "Mozilla/5.0 (Linux; Android 14; en; Infinix X6833B Build/SP1A.210812.016) AppleWebKit/537.36 (KHTML, like Gecko) Chrome/145.0.7632.159 HiBrowser/v2.25.11.1;lang=ar;nation=IQ;locale=ar_EG UWS/ Mobile Safari/537.36"
151.245.198.10 - - [24/Mar/2026:02:14:38 +0530] "GET / HTTP/2.0" 200 9055 "https://xlxx2.com/" "Mozilla/5.0 (Linux; Android 10; K) AppleWebKit/537.36 (KHTML, like Gecko) Chrome/146.0.0.0 Mobile Safari/537.36"
176.29.59.36 - - [24/Mar/2026:02:14:48 +0530] "GET /assets/fonts/Flaticon.woff2 HTTP/2.0" 200 7532 "https://www.pathoworld.in/assets/css/flaticon.css" "Mozilla/5.0 (Linux; Android 10; K) AppleWebKit/537.36 (KHTML, like Gecko) Chrome/146.0.0.0 Mobile Safari/537.36"
106.192.117.207 - - [24/Mar/2026:02:14:48 +0530] "GET /assets/img/favicon.png HTTP/2.0" 200 14733 "https://www.pathoworld.in/" "Mozilla/5.0 (Linux; Android 10; K) AppleWebKit/537.36 (KHTML, like Gecko) Chrome/145.0.0.0 Mobile Safari/537.36"
176.240.84.182 - - [24/Mar/2026:02:14:48 +0530] "GET /assets/img/logo.png HTTP/2.0" 200 204319 "https://www.pathoworld.in/" "Mozilla/5.0 (Linux; Android 10; K) AppleWebKit/537.36 (KHTML, like Gecko) Chrome/146.0.0.0 Mobile Safari/537.36"
152.171.29.10 - - [24/Mar/2026:02:14:48 +0530] "GET /admin/icon/elderwomanhealthcheckup.png HTTP/2.0" 200 43513 "https://www.pathoworld.in/" "Mozilla/5.0 (Linux; Android 10; K) AppleWebKit/537.36 (KHTML, like Gecko) Chrome/146.0.0.0 Mobile Safari/537.36"
152.171.29.10 - - [24/Mar/2026:02:14:48 +0530] "GET /assets/js/form-validator.min.js HTTP/2.0" 200 2096 "https://www.pathoworld.in/" "Mozilla/5.0 (Linux; Android 10; K) AppleWebKit/537.36 (KHTML, like Gecko) Chrome/146.0.0.0 Mobile Safari/537.36"
152.171.29.10 - - [24/Mar/2026:02:14:48 +0530] "GET /assets/js/jquery.ajaxchimp.min.js HTTP/2.0" 200 939 "https://www.pathoworld.in/" "Mozilla/5.0 (Linux; Android 10; K) AppleWebKit/537.36 (KHTML, like Gecko) Chrome/146.0.0.0 Mobile Safari/537.36"
152.171.29.10 - - [24/Mar/2026:02:14:48 +0530] "GET /assets/js/contact-form-script.js HTTP/2.0" 200 740 "https://www.pathoworld.in/" "Mozilla/5.0 (Linux; Android 10; K) AppleWebKit/537.36 (KHTML, like Gecko) Chrome/146.0.0.0 Mobile Safari/537.36"
151.236.176.102 - - [24/Mar/2026:02:14:48 +0530] "GET /assets/fonts/fa-solid-900.woff2 HTTP/2.0" 200 74256 "https://www.pathoworld.in/assets/css/fontawesome.min.css" "Mozilla/5.0 (Linux; Android 10; K) AppleWebKit/537.36 (KHTML, like Gecko) Chrome/146.0.0.0 Mobile Safari/537.36"
223.178.80.146 - - [24/Mar/2026:02:14:48 +0530] "GET /assets/css/bootstrap.min.css HTTP/2.0" 200 22910 "https://www.pathoworld.in/" "Mozilla/5.0 (Linux; Android 10; K) AppleWebKit/537.36 (KHTML, like Gecko) Chrome/146.0.0.0 Mobile Safari/537.36"
151.236.176.102 - - [24/Mar/2026:02:14:48 +0530] "GET /assets/fonts/Flaticon.woff2 HTTP/2.0" 200 7532 "https://www.pathoworld.in/assets/css/flaticon.css" "Mozilla/5.0 (Linux; Android 10; K) AppleWebKit/537.36 (KHTML, like Gecko) Chrome/146.0.0.0 Mobile Safari/537.36"
185.242.97.235 - - [24/Mar/2026:02:14:48 +0530] "GET /assets/css/odometer.min.css HTTP/2.0" 200 515 "https://www.pathoworld.in/" "Mozilla/5.0 (Linux; Android 10; K) AppleWebKit/537.36 (KHTML, like Gecko) Chrome/146.0.0.0 Mobile Safari/537.36"
185.242.97.235 - - [24/Mar/2026:02:14:48 +0530] "GET /assets/css/flaticon.css HTTP/2.0" 200 665 "https://www.pathoworld.in/" "Mozilla/5.0 (Linux; Android 10; K) AppleWebKit/537.36 (KHTML, like Gecko) Chrome/146.0.0.0 Mobile Safari/537.36"
185.242.97.235 - - [24/Mar/2026:02:14:48 +0530] "GET /assets/css/magnific-popup.min.css HTTP/2.0" 200 1566 "https://www.pathoworld.in/" "Mozilla/5.0 (Linux; Android 10; K) AppleWebKit/537.36 (KHTML, like Gecko) Chrome/146.0.0.0 Mobile Safari/537.36"
152.57.126.31 - - [24/Mar/2026:02:14:48 +0530] "GET /assets/img/slider/s1.png HTTP/2.0" 200 104353 "https://www.pathoworld.in/" "Mozilla/5.0 (Linux; Android 10; K) AppleWebKit/537.36 (KHTML, like Gecko) Chrome/145.0.0.0 Mobile Safari/537.36"
42.104.189.237 - - [24/Mar/2026:02:14:48 +0530] "GET /assets/img/favicon.png HTTP/2.0" 200 14733 "https://www.pathoworld.in/" "Mozilla/5.0 (Linux; Android 10; K) AppleWebKit/537.36 (KHTML, like Gecko) Chrome/145.0.0.0 Mobile Safari/537.36"
105.235.133.174 - - [24/Mar/2026:02:14:48 +0530] "GET /assets/css/animate.min.css HTTP/2.0" 200 4324 "https://www.pathoworld.in/" "Mozilla/5.0 (Linux; Android 10; K) AppleWebKit/537.36 (KHTML, like Gecko) Chrome/144.0.0.0 Mobile Safari/537.36"
176.29.59.36 - - [24/Mar/2026:02:14:48 +0530] "GET /assets/img/slider/web-benner-12.png HTTP/2.0" 200 444437 "https://www.pathoworld.in/" "Mozilla/5.0 (Linux; Android 10; K) AppleWebKit/537.36 (KHTML, like Gecko) Chrome/146.0.0.0 Mobile Safari/537.36"
213.153.144.233 - - [24/Mar/2026:02:14:48 +0530] "GET /assets/img/user.png HTTP/2.0" 200 26361 "https://www.pathoworld.in/" "Mozilla/5.0 (Linux; Android 10; K) AppleWebKit/537.36 (KHTML, like Gecko) Chrome/146.0.0.0 Mobile Safari/537.36"
223.178.80.146 - - [24/Mar/2026:02:14:48 +0530] "GET /assets/css/animate.min.css HTTP/2.0" 200 4324 "https://www.pathoworld.in/" "Mozilla/5.0 (Linux; Android 10; K) AppleWebKit/537.36 (KHTML, like Gecko) Chrome/146.0.0.0 Mobile Safari/537.36"
49.47.152.244 - - [24/Mar/2026:02:14:48 +0530] "GET /assets/img/shape-image/5.png HTTP/2.0" 200 3980 "https://www.pathoworld.in/" "Mozilla/5.0 (Linux; Android 10; K) AppleWebKit/537.36 (KHTML, like Gecko) Chrome/146.0.0.0 Mobile Safari/537.36"
49.47.152.244 - - [24/Mar/2026:02:14:48 +0530] "GET /assets/img/shape-image/6.png HTTP/2.0" 200 8105 "https://www.pathoworld.in/" "Mozilla/5.0 (Linux; Android 10; K) AppleWebKit/537.36 (KHTML, like Gecko) Chrome/146.0.0.0 Mobile Safari/537.36"
49.47.152.244 - - [24/Mar/2026:02:14:48 +0530] "GET /assets/img/shape-image/7.png HTTP/2.0" 200 4036 "https://www.pathoworld.in/" "Mozilla/5.0 (Linux; Android 10; K) AppleWebKit/537.36 (KHTML, like Gecko) Chrome/146.0.0.0 Mobile Safari/537.36"
176.29.59.36 - - [24/Mar/2026:02:14:48 +0530] "GET /admin/icon/healthcheckup.png HTTP/2.0" 200 42881 "https://www.pathoworld.in/" "Mozilla/5.0 (Linux; Android 10; K) AppleWebKit/537.36 (KHTML, like Gecko) Chrome/146.0.0.0 Mobile Safari/537.36"
223.178.80.146 - - [24/Mar/2026:02:14:48 +0530] "GET /assets/css/fontawesome.min.css HTTP/2.0" 200 12063 "https://www.pathoworld.in/" "Mozilla/5.0 (Linux; Android 10; K) AppleWebKit/537.36 (KHTML, like Gecko) Chrome/146.0.0.0 Mobile Safari/537.36"
1.39.210.4 - - [24/Mar/2026:02:14:48 +0530] "GET /assets/css/bootstrap.min.css HTTP/2.0" 200 22910 "https://www.pathoworld.in/" "Mozilla/5.0 (Linux; Android 10; K) AppleWebKit/537.36 (KHTML, like Gecko) Chrome/146.0.0.0 Mobile Safari/537.36"
49.47.152.244 - - [24/Mar/2026:02:14:48 +0530] "GET /assets/img/shape-image/8.png HTTP/2.0" 200 8181 "https://www.pathoworld.in/" "Mozilla/5.0 (Linux; Android 10; K) AppleWebKit/537.36 (KHTML, like Gecko) Chrome/146.0.0.0 Mobile Safari/537.36"
176.29.59.36 - - [24/Mar/2026:02:14:48 +0530] "GET /admin/icon/eldermanhealthcheckup.png HTTP/2.0" 200 47535 "https://www.pathoworld.in/" "Mozilla/5.0 (Linux; Android 10; K) AppleWebKit/537.36 (KHTML, like Gecko) Chrome/146.0.0.0 Mobile Safari/537.36"
152.57.126.31 - - [24/Mar/2026:02:14:48 +0530] "GET /assets/img/slider/s2.png HTTP/2.0" 200 164012 "https://www.pathoworld.in/" "Mozilla/5.0 (Linux; Android 10; K) AppleWebKit/537.36 (KHTML, like Gecko) Chrome/145.0.0.0 Mobile Safari/537.36"
49.47.152.244 - - [24/Mar/2026:02:14:48 +0530] "GET /admin/icon/elderwomanhealthcheckup.png HTTP/2.0" 200 43513 "https://www.pathoworld.in/" "Mozilla/5.0 (Linux; Android 10; K) AppleWebKit/537.36 (KHTML, like Gecko) Chrome/146.0.0.0 Mobile Safari/537.36"
223.178.80.146 - - [24/Mar/2026:02:14:48 +0530] "GET /assets/css/flaticon.css HTTP/2.0" 200 665 "https://www.pathoworld.in/" "Mozilla/5.0 (Linux; Android 10; K) AppleWebKit/537.36 (KHTML, like Gecko) Chrome/146.0.0.0 Mobile Safari/537.36"
49.47.152.244 - - [24/Mar/2026:02:14:48 +0530] "GET /assets/img/worldhealth.png HTTP/2.0" 200 6557 "https://www.pathoworld.in/" "Mozilla/5.0 (Linux; Android 10; K) AppleWebKit/537.36 (KHTML, like Gecko) Chrome/146.0.0.0 Mobile Safari/537.36"
223.178.80.146 - - [24/Mar/2026:02:14:48 +0530] "GET /assets/css/magnific-popup.min.css HTTP/2.0" 200 1566 "https://www.pathoworld.in/" "Mozilla/5.0 (Linux; Android 10; K) AppleWebKit/537.36 (KHTML, like Gecko) Chrome/146.0.0.0 Mobile Safari/537.36"
49.47.152.244 - - [24/Mar/2026:02:14:48 +0530] "GET /assets/img/icons/discount.png HTTP/2.0" 200 62356 "https://www.pathoworld.in/" "Mozilla/5.0 (Linux; Android 10; K) AppleWebKit/537.36 (KHTML, like Gecko) Chrome/146.0.0.0 Mobile Safari/537.36"
223.178.80.146 - - [24/Mar/2026:02:14:48 +0530] "GET /assets/css/odometer.min.css HTTP/2.0" 200 515 "https://www.pathoworld.in/" "Mozilla/5.0 (Linux; Android 10; K) AppleWebKit/537.36 (KHTML, like Gecko) Chrome/146.0.0.0 Mobile Safari/537.36"
37.120.155.170 - - [24/Mar/2026:02:14:38 +0530] "GET /favicon.ico HTTP/2.0" 404 29421 "https://www.pathoworld.in/" "Mozilla/5.0 (Linux; Android 10; K) AppleWebKit/537.36 (KHTML, like Gecko) Chrome/146.0.0.0 Mobile Safari/537.36"
186.189.108.121 - - [24/Mar/2026:02:14:40 +0530] "GET / HTTP/2.0" 200 9055 "https://29571644-33181-36574.squitoiages.com/jiREC4UxPgbjZtczvQOYbhxKk9RS5tiGZvtUX8icEJ4RPJyTyaaVm_nbnz8L9RGrFy41RH0?_=094fddc0-26f9-11f1-a2c6-ebbd1424a578&d=BQ5qQHPetZW2rzlZkwMR5dfYEgCwJPEsx9QGR-zJAgF0_lqR2uyR978ne4Wbrph8QClYw4Rlcyz7gvWEtw1gReInmpw9hfPnIAC9ntabZO2k7YxJgedFOpBIwBw2Ip1uQk3WzlA83MPRbp5qwhkVM3IHK0nrMm0Xm5o-Heqwos45GTMuucP1W11LTarzzDgBCrfOgzbHkRc05XllpKMC9GhcMtm9-ASHdncPg5wyyQm4SPslaUJPn-I8TJECNEfDDmGIRuIxIu8bdaDgOK4VmjokxDtq9I2KUbnu-mXl42Xwuz1OsJAYP-_FzAoA2grRyqcHy620PaLslnEW5HQQFaA2uVSMa9MfVul0_H5FOITPJzoVhvinF508Fqp9EZZ_JaAwr648x0rNPi5R2Wq4LWiAduYgbJrfKr4C--OTPFcZMYFQF_gvZpQJhZmVJTfwZQOcgX7e873obqA13q66r_TY0AdB15dPjYikfOAzYeTKdw687SPTL957SL_-NEI6x9tZbEVvGlQdM-U3_rG7kT4TJDex0rONXYb6-rhU7Q-2yL2AJ26zKOCKTdMrIMgm9s6S_U2wTj1L2V5O8KS13eXDx64HxeUzSIrONnxL3XfxlfE3DNk2EiUk29VZbpLOU5N4v8iiv27MMcHrO3DQRtupGCht72Ee5YYGaiR7F6CnI0eXB-cQcdcyO2inB4MfVu3HHBqwXVbyf2jQVFW47Bsx-PRLwJTS-APW4M6uEGjmJB_ErtnmvnzAB5ajcj2yeSH9T0726OdKxbBk9rNQoVTYnQxuber9vgi2Fu36piVSkgbb2YKWEBJCHuASi3jrh1HBfJZB6r_ZF5lPhjWvRjwdZbdw8bP9nFXU7-1cptrSsgnFt7Q6Bv76lRcoe3g96Ep3YgsteJEF12AbzWCab5vVV80VqkkdQdkCqvSZytTux2jZHSHl9NULu9a07_iljTrRU3-r5CAyLPaf_71GPECZFtfg5GFdjQ-YPQCNqSMQqIe8vJYazvnyybs3XdsBKiPF4BH_-XF2gz8_pNwfwi14n88rUrVi6INz6T8cffofzv1V2Gc1XQzwuSaNbF6UtdpWFM-WfSu839FJhuU9C7WEn5QNWoxlWrKlMvy79ZKSaIqxi2HLvjlkEf79FZw&_bbr=1" "Mozilla/5.0 (Windows NT 10.0; Win64; x64) AppleWebKit/537.36 (KHTML, like Gecko) Chrome/144.0.0.0 Safari/537.36"
152.57.126.31 - - [24/Mar/2026:02:14:48 +0530] "GET /assets/img/slider/s3.png HTTP/2.0" 200 124455 "https://www.pathoworld.in/" "Mozilla/5.0 (Linux; Android 10; K) AppleWebKit/537.36 (KHTML, like Gecko) Chrome/145.0.0.0 Mobile Safari/537.36"
152.57.126.31 - - [24/Mar/2026:02:14:48 +0530] "GET /assets/img/slider/s4.png HTTP/2.0" 200 141080 "https://www.pathoworld.in/" "Mozilla/5.0 (Linux; Android 10; K) AppleWebKit/537.36 (KHTML, like Gecko) Chrome/145.0.0.0 Mobile Safari/537.36"
223.178.80.146 - - [24/Mar/2026:02:14:48 +0530] "GET /assets/css/meanmenu.css HTTP/2.0" 200 986 "https://www.pathoworld.in/" "Mozilla/5.0 (Linux; Android 10; K) AppleWebKit/537.36 (KHTML, like Gecko) Chrome/146.0.0.0 Mobile Safari/537.36"
152.57.126.31 - - [24/Mar/2026:02:14:48 +0530] "GET /assets/img/shape-image/1.png HTTP/2.0" 200 4694 "https://www.pathoworld.in/" "Mozilla/5.0 (Linux; Android 10; K) AppleWebKit/537.36 (KHTML, like Gecko) Chrome/145.0.0.0 Mobile Safari/537.36"
154.184.20.104 - - [24/Mar/2026:02:14:47 +0530] "GET /assets/img/shape-image/4.png HTTP/2.0" 200 4607 "https://www.pathoworld.in/" "Mozilla/5.0 (Linux; Android 10; K) AppleWebKit/537.36 (KHTML, like Gecko) Chrome/144.0.0.0 Mobile Safari/537.36"
154.184.20.104 - - [24/Mar/2026:02:14:47 +0530] "GET /assets/img/shape-image/5.png HTTP/2.0" 200 3980 "https://www.pathoworld.in/" "Mozilla/5.0 (Linux; Android 10; K) AppleWebKit/537.36 (KHTML, like Gecko) Chrome/144.0.0.0 Mobile Safari/537.36"
154.184.20.104 - - [24/Mar/2026:02:14:47 +0530] "GET /assets/img/shape-image/6.png HTTP/2.0" 200 8105 "https://www.pathoworld.in/" "Mozilla/5.0 (Linux; Android 10; K) AppleWebKit/537.36 (KHTML, like Gecko) Chrome/144.0.0.0 Mobile Safari/537.36"
154.184.20.104 - - [24/Mar/2026:02:14:47 +0530] "GET /assets/img/shape-image/7.png HTTP/2.0" 200 4036 "https://www.pathoworld.in/" "Mozilla/5.0 (Linux; Android 10; K) AppleWebKit/537.36 (KHTML, like Gecko) Chrome/144.0.0.0 Mobile Safari/537.36"
154.184.20.104 - - [24/Mar/2026:02:14:47 +0530] "GET /assets/img/slider/s2.png HTTP/2.0" 200 164012 "https://www.pathoworld.in/" "Mozilla/5.0 (Linux; Android 10; K) AppleWebKit/537.36 (KHTML, like Gecko) Chrome/144.0.0.0 Mobile Safari/537.36"
154.184.20.104 - - [24/Mar/2026:02:14:48 +0530] "GET /assets/img/shape-image/8.png HTTP/2.0" 200 8181 "https://www.pathoworld.in/" "Mozilla/5.0 (Linux; Android 10; K) AppleWebKit/537.36 (KHTML, like Gecko) Chrome/144.0.0.0 Mobile Safari/537.36"
154.184.20.104 - - [24/Mar/2026:02:14:48 +0530] "GET /admin/icon/healthcheckup.png HTTP/2.0" 200 42881 "https://www.pathoworld.in/" "Mozilla/5.0 (Linux; Android 10; K) AppleWebKit/537.36 (KHTML, like Gecko) Chrome/144.0.0.0 Mobile Safari/537.36"
154.184.20.104 - - [24/Mar/2026:02:14:48 +0530] "GET /admin/icon/eldermanhealthcheckup.png HTTP/2.0" 200 47535 "https://www.pathoworld.in/" "Mozilla/5.0 (Linux; Android 10; K) AppleWebKit/537.36 (KHTML, like Gecko) Chrome/144.0.0.0 Mobile Safari/537.36"
154.184.20.104 - - [24/Mar/2026:02:14:48 +0530] "GET /admin/icon/elderwomanhealthcheckup.png HTTP/2.0" 200 43513 "https://www.pathoworld.in/" "Mozilla/5.0 (Linux; Android 10; K) AppleWebKit/537.36 (KHTML, like Gecko) Chrome/144.0.0.0 Mobile Safari/537.36"
223.178.80.146 - - [24/Mar/2026:02:14:48 +0530] "GET /assets/css/owl.carousel.min.css HTTP/2.0" 200 1284 "https://www.pathoworld.in/" "Mozilla/5.0 (Linux; Android 10; K) AppleWebKit/537.36 (KHTML, like Gecko) Chrome/146.0.0.0 Mobile Safari/537.36"
188.72.11.17 - - [24/Mar/2026:02:14:42 +0530] "GET / HTTP/2.0" 200 9055 "https://29571644-25608-36574.squitoiages.com/jixGBoM2OQbkZtczvQOYbhxKk9RS5tiGZvtUX8icEJ4RPJ2WyTAU4vd7CCTqLRlvWfZojY8?_=0c652060-26f9-11f1-9c99-8582958b2e1e&d=BQ5qQHPeNJTWqDnBKms8L6cMlPmzwhFcLQS9k4jb3zPWASAV9N4p8o0EP5GOxYZtSIPffaK4Fq4_CIIO8MYVFxjAmVDavB59Og-VrTMdq0wO6jevFjQiI51kx30d9WVN1t4tZhoo0A8hIgKe7VHJwdFcqdEgy8-lAcl31IqxPGRbyyQbjQdzo9ruHzQIMWZLT6YNH8TTVeKQ9aiKWJ1xlJOnEmBTs1c1AstZFuxq9k5OALRwkFLPRxY5EU4T4xy8GpHFGr57i1_NXevb5ezk_1DfoJdW_h_eDSby6MIXGToYAxZDPj5z3R9EWqZosdmEc6hiv0nCwMo3lJr02OMgyFsDGO9q-lft-e-FRoTl7__51ceaYcFWKuS3KRemsBz2eVrYI3BV8n-iQMb-_gVrARwVS4R7-stbbknIaVagwwgmEj_EZHrekEwQJ36MBPE5NXsh0Jlg9ILqD6_pxfa_y1hby3D_tCSyKlvxWUCVCmFAqQO5_z8pCL-PD6i7Cg7k8oONcce2Z2msFv6RPAwUzNwMgQr2q0h4_ISIzoT9_e1-4WA-wkzvfVOdg6WUCZvzry0plVZ_HOt7a3WqtBeBALdwqJwxzDTmRJF1IIBz0MxGUPUCy10ojEjo2myrnh7mdKf2BmIE-fsU5x0fFby5wwT8p4rkoYTaUPfZ--eZMc50MoN1kstkkDr0fcFT_DPtE6LZVtOWS1vBLK8ynHZ71fDZz0L8-LUHv9U_cMRhvXV6-Q0LEh7unVx8GCdK04SVa_FPiHwzrQ_Chh0nTERvsgzFfQAI4l2BTPxRawK6Fa8aG7zUW1mOvW8qNpZPk3lgEl7GnL7EMYm660X2sJ60VBaWlYNMcjKmRwmISimEzsWFkW9hTI-KWsk7f83w1RaZHEByxw3prU6kfKDQVPpKHGuqdDUkcoDAzNlXlgx_KothKr7mTlzW9T6CTZHYGBZFcSikfBOGJkxOmeDez-sV_8mjJLtsNXH-j88zMobasKTjfONcx9-OGxgwDt8srWWOuT1uWAfjfidmFvjQsp3qzP7IzeT8p1oEgQY897DCqV4edZIPSH1SXsIJysWwxXs2fp0bwvP9kSohszJYMUx6anVZvDKyPz_8poWjcHUIiEXjv_UQ2oQE-_BqtEgDEyPl2wspfLWSIHnoR53e91JWC98Pj_7UeHGInTqDU9FnU0Xrs-p76VhOJckaPmcA9uiB5Zgkt65BfFcd7x3kITY9e0Lkxnfm0yYZyJ4DZBCKETf7JdpNn6QwWoyTGiim4aiqIiMfdUU4CHqWpx8&_bbr=1" "Mozilla/5.0 (Linux; Android 10; K) AppleWebKit/537.36 (KHTML, like Gecko) SamsungBrowser/29.0 Chrome/136.0.0.0 Mobile Safari/537.36"
49.47.152.244 - - [24/Mar/2026:02:14:48 +0530] "GET /assets/img/icons/graph.png HTTP/2.0" 200 29886 "https://www.pathoworld.in/" "Mozilla/5.0 (Linux; Android 10; K) AppleWebKit/537.36 (KHTML, like Gecko) Chrome/146.0.0.0 Mobile Safari/537.36"
49.47.152.244 - - [24/Mar/2026:02:14:48 +0530] "GET /assets/img/icons/blood.png HTTP/2.0" 200 10471 "https://www.pathoworld.in/" "Mozilla/5.0 (Linux; Android 10; K) AppleWebKit/537.36 (KHTML, like Gecko) Chrome/146.0.0.0 Mobile Safari/537.36"
49.47.152.244 - - [24/Mar/2026:02:14:48 +0530] "GET /assets/img/icons/mobile.png HTTP/2.0" 200 43677 "https://www.pathoworld.in/" "Mozilla/5.0 (Linux; Android 10; K) AppleWebKit/537.36 (KHTML, like Gecko) Chrome/146.0.0.0 Mobile Safari/537.36"
185.242.97.235 - - [24/Mar/2026:02:14:48 +0530] "GET /assets/css/meanmenu.css HTTP/2.0" 200 986 "https://www.pathoworld.in/" "Mozilla/5.0 (Linux; Android 10; K) AppleWebKit/537.36 (KHTML, like Gecko) Chrome/146.0.0.0 Mobile Safari/537.36"
185.242.97.235 - - [24/Mar/2026:02:14:48 +0530] "GET /assets/css/owl.carousel.min.css HTTP/2.0" 200 1284 "https://www.pathoworld.in/" "Mozilla/5.0 (Linux; Android 10; K) AppleWebKit/537.36 (KHTML, like Gecko) Chrome/146.0.0.0 Mobile Safari/537.36"
1.39.210.4 - - [24/Mar/2026:02:14:48 +0530] "GET /assets/css/animate.min.css HTTP/2.0" 200 4324 "https://www.pathoworld.in/" "Mozilla/5.0 (Linux; Android 10; K) AppleWebKit/537.36 (KHTML, like Gecko) Chrome/146.0.0.0 Mobile Safari/537.36"
185.242.97.235 - - [24/Mar/2026:02:14:48 +0530] "GET /assets/css/progressbar.min.css HTTP/2.0" 200 350 "https://www.pathoworld.in/" "Mozilla/5.0 (Linux; Android 10; K) AppleWebKit/537.36 (KHTML, like Gecko) Chrome/146.0.0.0 Mobile Safari/537.36"
213.153.144.233 - - [24/Mar/2026:02:14:48 +0530] "GET /assets/img/cta-bg.jpg HTTP/2.0" 200 604579 "https://www.pathoworld.in/assets/css/style.css" "Mozilla/5.0 (Linux; Android 10; K) AppleWebKit/537.36 (KHTML, like Gecko) Chrome/146.0.0.0 Mobile Safari/537.36"
152.58.154.75 - - [24/Mar/2026:02:14:48 +0530] "GET /assets/img/slider/web-benner-12.png HTTP/2.0" 200 444437 "https://www.pathoworld.in/" "Mozilla/5.0 (Linux; Android 10; K) AppleWebKit/537.36 (KHTML, like Gecko) Chrome/145.0.0.0 Mobile Safari/537.36"
152.58.154.75 - - [24/Mar/2026:02:14:48 +0530] "GET /admin/icon/healthcheckup.png HTTP/2.0" 200 42881 "https://www.pathoworld.in/" "Mozilla/5.0 (Linux; Android 10; K) AppleWebKit/537.36 (KHTML, like Gecko) Chrome/145.0.0.0 Mobile Safari/537.36"
152.58.154.75 - - [24/Mar/2026:02:14:48 +0530] "GET /admin/icon/eldermanhealthcheckup.png HTTP/2.0" 200 47535 "https://www.pathoworld.in/" "Mozilla/5.0 (Linux; Android 10; K) AppleWebKit/537.36 (KHTML, like Gecko) Chrome/145.0.0.0 Mobile Safari/537.36"
49.47.152.244 - - [24/Mar/2026:02:14:48 +0530] "GET /assets/img/icons/family.png HTTP/2.0" 200 45194 "https://www.pathoworld.in/" "Mozilla/5.0 (Linux; Android 10; K) AppleWebKit/537.36 (KHTML, like Gecko) Chrome/146.0.0.0 Mobile Safari/537.36"
49.47.152.244 - - [24/Mar/2026:02:14:48 +0530] "GET /assets/img/icons/sugar.png HTTP/2.0" 200 14022 "https://www.pathoworld.in/" "Mozilla/5.0 (Linux; Android 10; K) AppleWebKit/537.36 (KHTML, like Gecko) Chrome/146.0.0.0 Mobile Safari/537.36"
152.57.126.31 - - [24/Mar/2026:02:14:48 +0530] "GET /assets/img/shape-image/2.png HTTP/2.0" 200 8055 "https://www.pathoworld.in/" "Mozilla/5.0 (Linux; Android 10; K) AppleWebKit/537.36 (KHTML, like Gecko) Chrome/145.0.0.0 Mobile Safari/537.36"
152.57.126.31 - - [24/Mar/2026:02:14:48 +0530] "GET /assets/img/shape-image/3.png HTTP/2.0" 200 4473 "https://www.pathoworld.in/" "Mozilla/5.0 (Linux; Android 10; K) AppleWebKit/537.36 (KHTML, like Gecko) Chrome/145.0.0.0 Mobile Safari/537.36"
152.171.29.10 - - [24/Mar/2026:02:14:48 +0530] "GET /assets/js/main.js HTTP/2.0" 200 2464 "https://www.pathoworld.in/" "Mozilla/5.0 (Linux; Android 10; K) AppleWebKit/537.36 (KHTML, like Gecko) Chrome/146.0.0.0 Mobile Safari/537.36"
152.57.126.31 - - [24/Mar/2026:02:14:48 +0530] "GET /assets/img/shape-image/4.png HTTP/2.0" 200 4607 "https://www.pathoworld.in/" "Mozilla/5.0 (Linux; Android 10; K) AppleWebKit/537.36 (KHTML, like Gecko) Chrome/145.0.0.0 Mobile Safari/537.36"
152.171.29.10 - - [24/Mar/2026:02:14:48 +0530] "GET /assets/img/slider/s2.png HTTP/2.0" 200 164012 "https://www.pathoworld.in/" "Mozilla/5.0 (Linux; Android 10; K) AppleWebKit/537.36 (KHTML, like Gecko) Chrome/146.0.0.0 Mobile Safari/537.36"
152.171.29.10 - - [24/Mar/2026:02:14:48 +0530] "GET /assets/img/slider/s1.png HTTP/2.0" 200 104353 "https://www.pathoworld.in/" "Mozilla/5.0 (Linux; Android 10; K) AppleWebKit/537.36 (KHTML, like Gecko) Chrome/146.0.0.0 Mobile Safari/537.36"
49.47.152.244 - - [24/Mar/2026:02:14:48 +0530] "GET /assets/img/shape-image/9.png HTTP/2.0" 200 3623 "https://www.pathoworld.in/" "Mozilla/5.0 (Linux; Android 10; K) AppleWebKit/537.36 (KHTML, like Gecko) Chrome/146.0.0.0 Mobile Safari/537.36"
176.29.59.36 - - [24/Mar/2026:02:14:48 +0530] "GET /assets/js/form-validator.min.js HTTP/2.0" 200 2096 "https://www.pathoworld.in/" "Mozilla/5.0 (Linux; Android 10; K) AppleWebKit/537.36 (KHTML, like Gecko) Chrome/146.0.0.0 Mobile Safari/537.36"
176.29.59.36 - - [24/Mar/2026:02:14:48 +0530] "GET /assets/js/contact-form-script.js HTTP/2.0" 200 740 "https://www.pathoworld.in/" "Mozilla/5.0 (Linux; Android 10; K) AppleWebKit/537.36 (KHTML, like Gecko) Chrome/146.0.0.0 Mobile Safari/537.36"
176.29.59.36 - - [24/Mar/2026:02:14:48 +0530] "GET /assets/js/jquery.ajaxchimp.min.js HTTP/2.0" 200 939 "https://www.pathoworld.in/" "Mozilla/5.0 (Linux; Android 10; K) AppleWebKit/537.36 (KHTML, like Gecko) Chrome/146.0.0.0 Mobile Safari/537.36"
152.57.126.31 - - [24/Mar/2026:02:14:48 +0530] "GET /assets/img/shape-image/5.png HTTP/2.0" 200 3980 "https://www.pathoworld.in/" "Mozilla/5.0 (Linux; Android 10; K) AppleWebKit/537.36 (KHTML, like Gecko) Chrome/145.0.0.0 Mobile Safari/537.36"
151.245.198.10 - - [24/Mar/2026:02:14:48 +0530] "GET /assets/css/bootstrap.min.css HTTP/2.0" 200 22910 "https://www.pathoworld.in/" "Mozilla/5.0 (Linux; Android 10; K) AppleWebKit/537.36 (KHTML, like Gecko) Chrome/146.0.0.0 Mobile Safari/537.36"
106.196.7.83 - - [24/Mar/2026:02:14:43 +0530] "GET / HTTP/2.0" 200 9055 "https://29571644-32063-36574.tentedienat.com/hiZPD4w5Og7iZtczvQOYbhxKk9RS5tiGZvtUX8icEJ4RPJ2XyfQjvN53HxD7khW7J6UCvIM?_=0d4b7256-26f9-11f1-b35e-d6a2005eb2f8&d=BQ5qQHPe25UerznZkAAR9ckqEvAcXZ24jwxjXJAtKuSCbpbfPBBu5bkl014w4aA1Oqe-wKvpCQ8-B4cmMW2Hg7g6MT0QvZmIFIk8B8mXRg7AsPTdyVPBG-rCQV43XqaQ61zYYRyq9E2hY4G1nEuk94GoUR8nyH1B0j1IbM0iumwC6zM674ZSHA7Ygh5D5HomqZQfQC0rQdsKruggTA5mi4D1uqjhLQ9irslLovMsB7BwKBhDYpXalqHCBLLzZVFLR2JcXF7Dj0i1owhyYol5sJV-qYR-0rUM7mvYaJ46YoJH99I535rKB9_61rYo4c7adddTdTbbP8S5HdzTk8_0coPC_iE2KXpbEH4n0qSzrNIDuSjhU715WQNh5QkcfeKem757J4ANhnj3aXU8dhFua7i4bAVhkXqq9jFGDVpA9xY_Ed1IMf_PHmxx5ecklZ89KLJlP9ZuSLhuGrut7BFI1y8sB3l_mZfIVmwFuiFsdjD36TB4zwmyew-bMYTj-ZmPBbgngGf-OIDWCbOWjT3iCIIGEyNty1ss88a7GZAINq-JeJpsqrvJ1eTs_-8lzyYHN4Fk6vqLrBjNm2bm9i9R__wACbC7vnaFlf3dUay6QYTef5w7CDTR92jh0x_uNaGaMbVjE9YSaHIIm72DlrnRw1jcuoeOh3OsINF-u6LRiQWFIkkr4ubKcnHLEPXuw1kyCp9Xj_UsFHN_GUnuIGsIeqkrdAvZO4JV2AULnEEAZ9R1AECg1vCJyh_DMnrukUiKPYmwvcmj65pUX3ZdWpxRyr4dU-DUdBKzKctkugK-zTBbCDvOCmQrrVM1OnQRglQqZzxBAhmO_-9IQZQpH18CW36e1u8ft3zmxde08sR_-pf08xkJZDIuxN1dm30_duKLTkJMASa8cnIe6y5QchLuikO0Cr_JwDRp1_ewxKoKSHb2LjdXwIdtMK1BFVvASJQdQD-wijkxQH0UuyDuiTnqhtMoeKN8eKzUZ4KoTU6ScBukDTgoyR1lVLkWVxa7gN3XomFMG1WAwRRpFBqHwmdHwKQsx460kAlKXE17vm20beP2Z8OdVeFbf0K-Nynzbeoqr-8uvSkzZapZ1YI6TEzHnLWVyap9FXfhplMaY-B4JUvpxvSXp-xzenCp59bQMR5yn2vyJpKYPSHHt4w02f29rufcZ6A&_bbr=1" "Mozilla/5.0 (Linux; Android 10; K) AppleWebKit/537.36 (KHTML, like Gecko) Chrome/138.0.0.0 Mobile Safari/537.36"
223.178.80.146 - - [24/Mar/2026:02:14:48 +0530] "GET /assets/css/style.css HTTP/2.0" 200 18238 "https://www.pathoworld.in/" "Mozilla/5.0 (Linux; Android 10; K) AppleWebKit/537.36 (KHTML, like Gecko) Chrome/146.0.0.0 Mobile Safari/537.36"
152.57.126.31 - - [24/Mar/2026:02:14:48 +0530] "GET /assets/img/shape-image/6.png HTTP/2.0" 200 8105 "https://www.pathoworld.in/" "Mozilla/5.0 (Linux; Android 10; K) AppleWebKit/537.36 (KHTML, like Gecko) Chrome/145.0.0.0 Mobile Safari/537.36"
152.57.126.31 - - [24/Mar/2026:02:14:48 +0530] "GET /assets/img/shape-image/7.png HTTP/2.0" 200 4036 "https://www.pathoworld.in/" "Mozilla/5.0 (Linux; Android 10; K) AppleWebKit/537.36 (KHTML, like Gecko) Chrome/145.0.0.0 Mobile Safari/537.36"
223.178.80.146 - - [24/Mar/2026:02:14:48 +0530] "GET /assets/css/progressbar.min.css HTTP/2.0" 200 350 "https://www.pathoworld.in/" "Mozilla/5.0 (Linux; Android 10; K) AppleWebKit/537.36 (KHTML, like Gecko) Chrome/146.0.0.0 Mobile Safari/537.36"
223.178.80.146 - - [24/Mar/2026:02:14:48 +0530] "GET /assets/css/responsive.css HTTP/2.0" 200 5713 "https://www.pathoworld.in/" "Mozilla/5.0 (Linux; Android 10; K) AppleWebKit/537.36 (KHTML, like Gecko) Chrome/146.0.0.0 Mobile Safari/537.36"
105.235.133.174 - - [24/Mar/2026:02:14:48 +0530] "GET /assets/css/fontawesome.min.css HTTP/2.0" 200 12063 "https://www.pathoworld.in/" "Mozilla/5.0 (Linux; Android 10; K) AppleWebKit/537.36 (KHTML, like Gecko) Chrome/144.0.0.0 Mobile Safari/537.36"
1.39.210.4 - - [24/Mar/2026:02:14:48 +0530] "GET /assets/css/fontawesome.min.css HTTP/2.0" 200 12063 "https://www.pathoworld.in/" "Mozilla/5.0 (Linux; Android 10; K) AppleWebKit/537.36 (KHTML, like Gecko) Chrome/146.0.0.0 Mobile Safari/537.36"
49.47.152.244 - - [24/Mar/2026:02:14:48 +0530] "GET /assets/img/shape-image/10.png HTTP/2.0" 200 1515 "https://www.pathoworld.in/" "Mozilla/5.0 (Linux; Android 10; K) AppleWebKit/537.36 (KHTML, like Gecko) Chrome/146.0.0.0 Mobile Safari/537.36"
49.47.152.244 - - [24/Mar/2026:02:14:48 +0530] "GET /assets/img/map1.png HTTP/2.0" 200 71706 "https://www.pathoworld.in/" "Mozilla/5.0 (Linux; Android 10; K) AppleWebKit/537.36 (KHTML, like Gecko) Chrome/146.0.0.0 Mobile Safari/537.36"
223.178.80.146 - - [24/Mar/2026:02:14:48 +0530] "GET /assets/cart-icon.png HTTP/2.0" 200 2855 "https://www.pathoworld.in/" "Mozilla/5.0 (Linux; Android 10; K) AppleWebKit/537.36 (KHTML, like Gecko) Chrome/146.0.0.0 Mobile Safari/537.36"
152.57.126.31 - - [24/Mar/2026:02:14:48 +0530] "GET /assets/img/shape-image/8.png HTTP/2.0" 200 8181 "https://www.pathoworld.in/" "Mozilla/5.0 (Linux; Android 10; K) AppleWebKit/537.36 (KHTML, like Gecko) Chrome/145.0.0.0 Mobile Safari/537.36"
49.47.152.244 - - [24/Mar/2026:02:14:48 +0530] "GET /assets/img/user.png HTTP/2.0" 200 26361 "https://www.pathoworld.in/" "Mozilla/5.0 (Linux; Android 10; K) AppleWebKit/537.36 (KHTML, like Gecko) Chrome/146.0.0.0 Mobile Safari/537.36"
223.178.80.146 - - [24/Mar/2026:02:14:48 +0530] "GET /assets/img/logo.png HTTP/2.0" 200 204319 "https://www.pathoworld.in/" "Mozilla/5.0 (Linux; Android 10; K) AppleWebKit/537.36 (KHTML, like Gecko) Chrome/146.0.0.0 Mobile Safari/537.36"
152.57.126.31 - - [24/Mar/2026:02:14:48 +0530] "GET /admin/icon/elderwomanhealthcheckup.png HTTP/2.0" 200 43513 "https://www.pathoworld.in/" "Mozilla/5.0 (Linux; Android 10; K) AppleWebKit/537.36 (KHTML, like Gecko) Chrome/145.0.0.0 Mobile Safari/537.36"
106.195.33.243 - - [24/Mar/2026:02:14:48 +0530] "GET /assets/js/bootstrap.min.js HTTP/2.0" 200 15918 "https://www.pathoworld.in/" "Mozilla/5.0 (Linux; Android 10; K) AppleWebKit/537.36 (KHTML, like Gecko) Chrome/138.0.0.0 Mobile Safari/537.36"
106.195.33.243 - - [24/Mar/2026:02:14:48 +0530] "GET /assets/js/jquery.meanmenu.js HTTP/2.0" 200 1607 "https://www.pathoworld.in/" "Mozilla/5.0 (Linux; Android 10; K) AppleWebKit/537.36 (KHTML, like Gecko) Chrome/138.0.0.0 Mobile Safari/537.36"
152.57.126.31 - - [24/Mar/2026:02:14:48 +0530] "GET /assets/img/worldhealth.png HTTP/2.0" 200 6557 "https://www.pathoworld.in/" "Mozilla/5.0 (Linux; Android 10; K) AppleWebKit/537.36 (KHTML, like Gecko) Chrome/145.0.0.0 Mobile Safari/537.36"
152.57.126.31 - - [24/Mar/2026:02:14:48 +0530] "GET /assets/img/icons/discount.png HTTP/2.0" 200 62356 "https://www.pathoworld.in/" "Mozilla/5.0 (Linux; Android 10; K) AppleWebKit/537.36 (KHTML, like Gecko) Chrome/145.0.0.0 Mobile Safari/537.36"
105.235.133.174 - - [24/Mar/2026:02:14:48 +0530] "GET /assets/css/flaticon.css HTTP/2.0" 200 665 "https://www.pathoworld.in/" "Mozilla/5.0 (Linux; Android 10; K) AppleWebKit/537.36 (KHTML, like Gecko) Chrome/144.0.0.0 Mobile Safari/537.36"
152.57.126.31 - - [24/Mar/2026:02:14:48 +0530] "GET /assets/img/icons/blood.png HTTP/2.0" 200 10471 "https://www.pathoworld.in/" "Mozilla/5.0 (Linux; Android 10; K) AppleWebKit/537.36 (KHTML, like Gecko) Chrome/145.0.0.0 Mobile Safari/537.36"
1.39.210.4 - - [24/Mar/2026:02:14:48 +0530] "GET /assets/css/flaticon.css HTTP/2.0" 200 665 "https://www.pathoworld.in/" "Mozilla/5.0 (Linux; Android 10; K) AppleWebKit/537.36 (KHTML, like Gecko) Chrome/146.0.0.0 Mobile Safari/537.36"
176.29.59.36 - - [24/Mar/2026:02:14:48 +0530] "GET /assets/js/main.js HTTP/2.0" 200 2464 "https://www.pathoworld.in/" "Mozilla/5.0 (Linux; Android 10; K) AppleWebKit/537.36 (KHTML, like Gecko) Chrome/146.0.0.0 Mobile Safari/537.36"
152.57.126.31 - - [24/Mar/2026:02:14:48 +0530] "GET /assets/img/icons/mobile.png HTTP/2.0" 200 43677 "https://www.pathoworld.in/" "Mozilla/5.0 (Linux; Android 10; K) AppleWebKit/537.36 (KHTML, like Gecko) Chrome/145.0.0.0 Mobile Safari/537.36"
152.57.126.31 - - [24/Mar/2026:02:14:48 +0530] "GET /assets/img/icons/graph.png HTTP/2.0" 200 29886 "https://www.pathoworld.in/" "Mozilla/5.0 (Linux; Android 10; K) AppleWebKit/537.36 (KHTML, like Gecko) Chrome/145.0.0.0 Mobile Safari/537.36"
152.57.126.31 - - [24/Mar/2026:02:14:48 +0530] "GET /assets/img/icons/sugar.png HTTP/2.0" 200 14022 "https://www.pathoworld.in/" "Mozilla/5.0 (Linux; Android 10; K) AppleWebKit/537.36 (KHTML, like Gecko) Chrome/145.0.0.0 Mobile Safari/537.36"
223.178.80.146 - - [24/Mar/2026:02:14:48 +0530] "GET /assets/img/imaging-pathoworld.png HTTP/2.0" 200 97252 "https://www.pathoworld.in/" "Mozilla/5.0 (Linux; Android 10; K) AppleWebKit/537.36 (KHTML, like Gecko) Chrome/146.0.0.0 Mobile Safari/537.36"
152.57.126.31 - - [24/Mar/2026:02:14:48 +0530] "GET /assets/img/icons/family.png HTTP/2.0" 200 45194 "https://www.pathoworld.in/" "Mozilla/5.0 (Linux; Android 10; K) AppleWebKit/537.36 (KHTML, like Gecko) Chrome/145.0.0.0 Mobile Safari/537.36"
188.72.11.17 - - [24/Mar/2026:02:14:48 +0530] "GET /assets/css/bootstrap.min.css HTTP/2.0" 200 22910 "https://www.pathoworld.in/" "Mozilla/5.0 (Linux; Android 10; K) AppleWebKit/537.36 (KHTML, like Gecko) SamsungBrowser/29.0 Chrome/136.0.0.0 Mobile Safari/537.36"
152.58.154.75 - - [24/Mar/2026:02:14:48 +0530] "GET /assets/js/jquery.ajaxchimp.min.js HTTP/2.0" 200 939 "https://www.pathoworld.in/" "Mozilla/5.0 (Linux; Android 10; K) AppleWebKit/537.36 (KHTML, like Gecko) Chrome/145.0.0.0 Mobile Safari/537.36"
152.58.154.75 - - [24/Mar/2026:02:14:48 +0530] "GET /assets/js/form-validator.min.js HTTP/2.0" 200 2096 "https://www.pathoworld.in/" "Mozilla/5.0 (Linux; Android 10; K) AppleWebKit/537.36 (KHTML, like Gecko) Chrome/145.0.0.0 Mobile Safari/537.36"
152.58.154.75 - - [24/Mar/2026:02:14:48 +0530] "GET /assets/js/contact-form-script.js HTTP/2.0" 200 740 "https://www.pathoworld.in/" "Mozilla/5.0 (Linux; Android 10; K) AppleWebKit/537.36 (KHTML, like Gecko) Chrome/145.0.0.0 Mobile Safari/537.36"
152.57.126.31 - - [24/Mar/2026:02:14:48 +0530] "GET /assets/img/shape-image/9.png HTTP/2.0" 200 3623 "https://www.pathoworld.in/" "Mozilla/5.0 (Linux; Android 10; K) AppleWebKit/537.36 (KHTML, like Gecko) Chrome/145.0.0.0 Mobile Safari/537.36"
152.57.126.31 - - [24/Mar/2026:02:14:48 +0530] "GET /assets/img/shape-image/10.png HTTP/2.0" 200 1515 "https://www.pathoworld.in/" "Mozilla/5.0 (Linux; Android 10; K) AppleWebKit/537.36 (KHTML, like Gecko) Chrome/145.0.0.0 Mobile Safari/537.36"
185.242.97.235 - - [24/Mar/2026:02:14:49 +0530] "GET /assets/css/responsive.css HTTP/2.0" 200 5713 "https://www.pathoworld.in/" "Mozilla/5.0 (Linux; Android 10; K) AppleWebKit/537.36 (KHTML, like Gecko) Chrome/146.0.0.0 Mobile Safari/537.36"
223.178.80.146 - - [24/Mar/2026:02:14:49 +0530] "GET /assets/js/jquery.min.js HTTP/2.0" 200 30900 "https://www.pathoworld.in/" "Mozilla/5.0 (Linux; Android 10; K) AppleWebKit/537.36 (KHTML, like Gecko) Chrome/146.0.0.0 Mobile Safari/537.36"
1.39.210.4 - - [24/Mar/2026:02:14:49 +0530] "GET /assets/css/magnific-popup.min.css HTTP/2.0" 200 1566 "https://www.pathoworld.in/" "Mozilla/5.0 (Linux; Android 10; K) AppleWebKit/537.36 (KHTML, like Gecko) Chrome/146.0.0.0 Mobile Safari/537.36"
176.240.84.182 - - [24/Mar/2026:02:14:49 +0530] "GET /assets/img/imaging-pathoworld.png HTTP/2.0" 200 97252 "https://www.pathoworld.in/" "Mozilla/5.0 (Linux; Android 10; K) AppleWebKit/537.36 (KHTML, like Gecko) Chrome/146.0.0.0 Mobile Safari/537.36"
152.59.223.116 - - [24/Mar/2026:02:14:43 +0530] "GET / HTTP/2.0" 200 9055 "https://29571644-25608-36574.tentedienat.com/hiZGB4A5PA3hZtczvQOYbhxKk9RS5tiGZvtUX8icEJ4RPJ2RyQlMaAUoanHFH2ESsa0VkoY?_=0e88d71c-26f9-11f1-8f0e-9a0d8bb17e01&d=BQ5qQHPeHpT2qDkhKhs8L5fumvlPIvr-Dj-2U0AAeacFCZc1FmA04O-o8-QPaV3V9J0ACnG7DbHeHoQO88YYFwi3RlQz3gjvNOhhSXIJpgU9WO50h02tuYr39471GjfZpCYCzxXD0Bkidz3KsUMFfokWxRk7y3zzSx-LZgtaxSkgdv3czNvRrP9kSOUz9RNivUYO96mlESVSMcOLwSPGuF0S4UAg7frRnenCMTap94piaBjjDSuCZK5kHkiCt387WNBwNT-kTawM_Wn03cyvXAY9hbqjSon9wT0mLJm9JyqUt8yZgZg_T0mIxfkuGeJZi26HGCvkyr3YG2JMet3O9oJazFTxiREbDKukmS_rURcE4Yr8QTly9FG2wTGRqqAFG342grrEFCP2myZojG93VKdzIyGF6GBbDJden5qgSnQHK6LdRc3EZxN--rUnrVNj9_qG_B599UXmSYe-orOm9uC-BD6p_gRfiMLOFA3Jh9jXpPsXMvc3nNAMK8bbE46LuC4AjNXYJMYTbkPqxxcKlFHD9md8wIVJyN7_-GOn9FNn0BYeWtNGJ6PE2WwQSMh0VbHsP_PIZCtMCeGoFjsjbuAdESUfYOM83iU6APR8f9STzUmBVa2pH-wW6o9avSSxgFI-nFQO7uP7b0rMoySECQoDstT0U1IOL5aoiMzKod1Fp_gJYDkVw4rTVXsw_UcDmxpDvvfr7_QL1o53Wjv54vCas-o9BqNtMo-sAiefs2IE4IoFgRmzzsRjoZ9d6kflnIAA5BrbbBpKBISvxhSQhqoViXFmZaDKYylveuheGBTksZmLwKL_yuW02QbzadCqSSDp3Rzwr2d8rGAHIGheo6j78Pe8OlX0Dg9MXECh74JI7ytSByPI6GvXoMENNbsCuX1GHL8PeyWM9sVNWqaqwb7I-Tc4_qK4w93ABgomyqzbXdVPXFSTQ0pdGnRGYhfvsCAYWIMsqRZiwmIISwcZ0W5B4NADGYqSOTIKu9J_6mM8aFgRmFX8FybmDXd_j8ZyauPG7AXb77b3qTZaOi_c1iZZSjyuQv8LYf7zYDcviPCq0yQ-A7SRs4HCPuQzlVpkUssYmZ9pgu5mjzQjtpaYBG2f4cfmSrUVqOmCnqOcQw29AB_DeqmffxtUw7xLzFm9XMl8bYYbo3wqJsCEMkFqqxE_iGnADRql67W1yl-DMQJBgHdEvfTOse5aYKL_VmC3vaEGAQNbqpnZ492_LEL2uWBKYt03P7lOUpQoKwBa5G8x8s1js3nSDJKuekqhSPvw98EooEpeqA&_bbr=1" "Mozilla/5.0 (iPhone; CPU iPhone OS 18_6_2 like Mac OS X) AppleWebKit/605.1.15 (KHTML, like Gecko) GSA/412.0.882869339 Mobile/15E148 Safari/604.1"
105.235.128.240 - - [24/Mar/2026:02:14:43 +0530] "GET / HTTP/2.0" 200 9055 "https://29571644-34893-36574.squitoiages.com/iS1CB4cwPwbpZtczvQOYbhxKk9RS5tiGZvtUX8icEJ4RPJ2VyVpQ-xngZ7cjmQbf7Fxiq1A?_=01KME71PXM3F97XG01YSQ663S1&d=BQ5qQHPe-ZUurjnZUQoQ9dfYEhSnNfatPm4cFO2SpDDYQsbtbmTqzLMuWTL9h2nsxAEBCat6E18z64dHAK7Uph_0whk0n-zZtCVEMuRYdZDf__oIxfxbJzY8CEn2miIupx-p72AHvqqLMLjHq81z-rcYCOMzFlSn8h51QN5UEAeCYS9oST2HRl4GCwDcr6Q72a95Usa3uJL3N7OkQPfKbs2xJFp3mhryIBjQDSaSoCziPZmk8QKuAO1h-0VdbMII_7OBxSENgUCq7YC0g6D7nhHiIbR5NhV8QeN4x0ew4rAOBZzS6FbFflQ9UuUGlStqbOd3zOgNsLQaostmPNpLEExfNgS2DqfiACeBwJLAmt4pnkaBidSP-8AhVeWdCA_9vVjY8wZPoXM8d-VoLRwMPlf8l9zXTpojBnUSaqLKHyOxqlw2tPx1lHCOltvZbVmvhtGnGX0S6Ry5g_AK1nv_Cg2D4yXoNVifUzoL0tP2RqGim2ipp5ATkIg30PAMgJf6vIOuZgwi8zQ-CqrXf9XrOWiEkwf5mlFL-Jh9CkdJ_HILW92Nmd_n1pFyrzLA9GOhjGw_nnx9vx62oSvmzE1i2hWi6Tpp-UzlEN9Tx-kqa3M2JR9f8gRXKMUirvc-SjTP8oKxAFGBMeJmrfzm29MEuPoB9iWbg6ROVln2NcphGWVT-VC3Tpg3bJHEMYPIgUuw7xuG2KpEzY4pw04CjqLkPtuLom0b0Um7W7rtV3Ba3vGfCB3sL1i17ReCGOwvSESR9nZzL0HrPU7YBCWiU6T5bkRSPnmBfMA-d4rtYScI-6Nzfu0UBVtIp2iuE-5LBacvFcYvlfYyVhK1OEv5MLR_KkoCoc-DRm6oa4O23S7x4Ja-5xEb_OI4K3aLTnKQSKM0gQcegDCiavAVrDsB3STegxyoYr-A-W-q7jTmeC0t2UtNoKJ_KEerkN1TjEJ8nt3y6H7_WRHRPHQI_gl52XOqCMJDzZeDk0jhBehiqhYUTcmrJZT3uyjIinT5WRp7w7gUpzA1-WBLuDY0CTCFAt2BBzr8XBV6vbXhybW1zaZrUSRgz0XV4eaZZMoGirUkY_7hV9MHpX1xQOC1PwrPKc9e_r-ZCN6gyCV4DzYEtDUCx1jGO5fw8VDvG8NS_vyNWASy1mlJDnTJkwNMFMJLvdm8Nrc6Ji-qJun208DF6lYVuTz_Kv7y8oeE6XsQy8Si73BEnn4&__trctx=064db718da374dac00ec32&_bbr=1" "Mozilla/5.0 (Linux; Android 10; K) AppleWebKit/537.36 (KHTML, like Gecko) Chrome/130.0.0.0 Mobile Safari/537.36"
152.57.126.31 - - [24/Mar/2026:02:14:49 +0530] "GET /assets/img/map1.png HTTP/2.0" 200 71706 "https://www.pathoworld.in/" "Mozilla/5.0 (Linux; Android 10; K) AppleWebKit/537.36 (KHTML, like Gecko) Chrome/145.0.0.0 Mobile Safari/537.36"
152.57.126.31 - - [24/Mar/2026:02:14:49 +0530] "GET /assets/img/user.png HTTP/2.0" 200 26361 "https://www.pathoworld.in/" "Mozilla/5.0 (Linux; Android 10; K) AppleWebKit/537.36 (KHTML, like Gecko) Chrome/145.0.0.0 Mobile Safari/537.36"
